{"id":1001,"date":"2021-03-05T09:28:19","date_gmt":"2021-03-05T08:28:19","guid":{"rendered":"http:\/\/monperejeanmamy.fr\/?page_id=1001"},"modified":"2021-03-07T18:53:01","modified_gmt":"2021-03-07T17:53:01","slug":"jean-mamy-monteur","status":"publish","type":"page","link":"https:\/\/monperejeanmamy.fr\/?page_id=1001","title":{"rendered":"Jean Mamy monteur"},"content":{"rendered":"<p>Jean Mamy fut, entre 1930 et 1937, le monteur d&rsquo;au moins une vingtaine de films, parmi lesquels :<\/p>\n<ul>\n<li>1930\u00a0: <a href=\"http:\/\/monperejeanmamy.fr\/?page_id=1028\"><em>Les Amours de minuit<\/em><\/a> d&rsquo;Augusto Genina et Marc All\u00e9gret, avec Pierre Batcheff<\/li>\n<li>1930\u00a0: Le Blanc et le Noir de Robert Florey, avec Raimu<\/li>\n<li>1931\u00a0: L&rsquo;Amour \u00e0 l&rsquo;am\u00e9ricaine de Claude Heymann, avec Andr\u00e9 Luguet<\/li>\n<li>1931\u00a0: Mam&rsquo;zelle Nitouche de Marc All\u00e9gret, avec Janie Mar\u00e8se<\/li>\n<li>1931\u00a0: On purge b\u00e9b\u00e9 de Jean Renoir, avec Michel Simon<\/li>\n<li>1931\u00a0: Le Collier court m\u00e9trage de Marc All\u00e9gret, avec Madeleine Guitty<\/li>\n<li>1931\u00a0: On op\u00e8re sans douleur court m\u00e9trage de Jean Tarride, avec Lucy de Matha<\/li>\n<li>1931\u00a0: Les Quatre Jambes moyen m\u00e9trage de Marc All\u00e9gret, avec Andr\u00e9 Pierrel<\/li>\n<li>1932\u00a0: La Petite Chocolati\u00e8re de Marc All\u00e9gret, avec Jacqueline Francell<\/li>\n<li>1932\u00a0: Fanny de Marc All\u00e9gret, avec Orane Demazis<\/li>\n<li>1932\u00a0: Seul moyen m\u00e9trage de Jean Tarride, avec Julien Carette<\/li>\n<li>1933\u00a0: L&rsquo;Agonie des aigles de Roger Richeb\u00e9, avec Pierre Renoir<\/li>\n<li>1934\u00a0: Minuit, place Pigalle de Roger Richeb\u00e9, avec Raimu<\/li>\n<li>1934\u00a0: Le Voyage de monsieur Perrichon de Jean Tarride, avec L\u00e9on Beli\u00e8res<\/li>\n<li>1935\u00a0: Mister Flow de Robert Siodmak, avec Mila Par\u00e9ly<\/li>\n<li>1937\u00a0: Un d\u00e9jeuner de soleil de Marcel Cohen\/Marcel Cravenne, avec Gaby Morlay<\/li>\n<li>1937\u00a0: L&rsquo;Habit vert de Roger Richeb\u00e9, avec L\u00e9once Corne<\/li>\n<\/ul>\n","protected":false},"excerpt":{"rendered":"<p>Jean Mamy fut, entre 1930 et 1937, le monteur d&rsquo;au moins une vingtaine de films, parmi lesquels : 1930\u00a0: Les Amours de minuit d&rsquo;Augusto Genina et Marc All\u00e9gret, avec Pierre Batcheff 1930\u00a0: Le Blanc et le Noir de Robert Florey, &hellip; <a href=\"https:\/\/monperejeanmamy.fr\/?page_id=1001\">Continuer la lecture <span class=\"meta-nav\">&rarr;<\/span><\/a><\/p>\n","protected":false},"author":2,"featured_media":1123,"parent":0,"menu_order":0,"comment_status":"closed","ping_status":"closed","template":"","meta":[],"folder":[],"_links":{"self":[{"href":"https:\/\/monperejeanmamy.fr\/index.php?rest_route=\/wp\/v2\/pages\/1001"}],"collection":[{"href":"https:\/\/monperejeanmamy.fr\/index.php?rest_route=\/wp\/v2\/pages"}],"about":[{"href":"https:\/\/monperejeanmamy.fr\/index.php?rest_route=\/wp\/v2\/types\/page"}],"author":[{"embeddable":true,"href":"https:\/\/monperejeanmamy.fr\/index.php?rest_route=\/wp\/v2\/users\/2"}],"replies":[{"embeddable":true,"href":"https:\/\/monperejeanmamy.fr\/index.php?rest_route=%2Fwp%2Fv2%2Fcomments&post=1001"}],"version-history":[{"count":2,"href":"https:\/\/monperejeanmamy.fr\/index.php?rest_route=\/wp\/v2\/pages\/1001\/revisions"}],"predecessor-version":[{"id":1031,"href":"https:\/\/monperejeanmamy.fr\/index.php?rest_route=\/wp\/v2\/pages\/1001\/revisions\/1031"}],"wp:featuredmedia":[{"embeddable":true,"href":"https:\/\/monperejeanmamy.fr\/index.php?rest_route=\/wp\/v2\/media\/1123"}],"wp:attachment":[{"href":"https:\/\/monperejeanmamy.fr\/index.php?rest_route=%2Fwp%2Fv2%2Fmedia&parent=1001"}],"wp:term":[{"taxonomy":"folder","embeddable":true,"href":"https:\/\/monperejeanmamy.fr\/index.php?rest_route=%2Fwp%2Fv2%2Ffolder&post=1001"}],"curies":[{"name":"wp","href":"https:\/\/api.w.org\/{rel}","templated":true}]}}