{"id":1022,"date":"2021-03-05T10:18:40","date_gmt":"2021-03-05T09:18:40","guid":{"rendered":"http:\/\/monperejeanmamy.fr\/?page_id=1022"},"modified":"2021-03-07T18:52:34","modified_gmt":"2021-03-07T17:52:34","slug":"jean-mamy-acteur","status":"publish","type":"page","link":"https:\/\/monperejeanmamy.fr\/?page_id=1022","title":{"rendered":"Jean Mamy acteur"},"content":{"rendered":"<p style=\"text-align: justify;\">En 1924, Francis Picabia qui vient d\u2019\u00e9crire le livret du ballet <em>Rel\u00e2che<\/em> qui doit \u00eatre mont\u00e9 au th\u00e9\u00e2tre des Champs-\u00c9lys\u00e9es, demande \u00e0 Ren\u00e9 Clair un film destin\u00e9 \u00e0 \u00eatre projet\u00e9 \u00e0 l\u2019entracte. Ren\u00e9 Clair r\u00e9alise alors <a href=\"http:\/\/monperejeanmamy.fr\/?page_id=219\"><em>Entr\u2019acte<\/em><\/a>, court m\u00e9trage d&rsquo;inspiration dada\u00efste, qui fera scandale mais assurera sa notori\u00e9t\u00e9 dans lequel Jean Mamy appara\u00eetra \u00e0 plusieurs reprises, notamment lors d&rsquo;un enterrement farfelu, dansant derri\u00e8re un corbillard tir\u00e9 par un chameau.<\/p>\n<p style=\"text-align: justify;\"><img loading=\"lazy\" class=\"alignright wp-image-359\" src=\"http:\/\/monperejeanmamy.fr\/wp-content\/uploads\/2021\/02\/Comedie-du-bonheur-affiche-Atelier-261x300.jpg\" alt=\"\" width=\"161\" height=\"184\" srcset=\"https:\/\/monperejeanmamy.fr\/wp-content\/uploads\/2021\/02\/Comedie-du-bonheur-affiche-Atelier-261x300.jpg 261w, https:\/\/monperejeanmamy.fr\/wp-content\/uploads\/2021\/02\/Comedie-du-bonheur-affiche-Atelier.jpg 765w\" sizes=\"(max-width: 161px) 100vw, 161px\" \/>C\u2019est pour Jean Mamy l\u2019occasion de se lier d\u2019amiti\u00e9 avec ses partenaires du film, dont nombre d\u2019entre eux sont ou deviendront c\u00e9l\u00e8bres, Picabia, Marcel Duchamp, Pierre Scize, Georges Charensol, Kiki de Montparnasse, et bien d\u2019autres, sans oublier Jacques Hebertot.<\/p>\n<p style=\"text-align: justify;\">L\u2019ann\u00e9e suivante, il joue dans <a href=\"http:\/\/monperejeanmamy.fr\/?page_id=355\"><em>Veille d\u2019armes<\/em><\/a> de Jacques de Baroncelli.<\/p>\n<p style=\"text-align: justify;\"><img loading=\"lazy\" class=\"wp-image-237 alignleft\" src=\"http:\/\/monperejeanmamy.fr\/wp-content\/uploads\/2021\/02\/maldone.jpg\" alt=\"\" width=\"163\" height=\"212\" \/>En 1926, il joue le r\u00f4le de P\u00e9trone sur la sc\u00e8ne du Th\u00e9\u00e2tre de l\u2019Atelier dans <a href=\"http:\/\/monperejeanmamy.fr\/?page_id=358\">La Com\u00e9die du Bonheur<\/a> de Nicolas Evreinoff<em>, <\/em>mise en sc\u00e8ne par Charles Dullin<em>.<\/em><\/p>\n<p><a href=\"#_ftnref1\" name=\"_ftn1\"><\/a>En 1927, il obtient un r\u00f4le dans le film <a href=\"http:\/\/monperejeanmamy.fr\/?page_id=1097\"><em>Maldone<\/em><\/a> de Jean Gr\u00e9millon avec Charles Dullin.<\/p>\n","protected":false},"excerpt":{"rendered":"<p>En 1924, Francis Picabia qui vient d\u2019\u00e9crire le livret du ballet Rel\u00e2che qui doit \u00eatre mont\u00e9 au th\u00e9\u00e2tre des Champs-\u00c9lys\u00e9es, demande \u00e0 Ren\u00e9 Clair un film destin\u00e9 \u00e0 \u00eatre projet\u00e9 \u00e0 l\u2019entracte. Ren\u00e9 Clair r\u00e9alise alors Entr\u2019acte, court m\u00e9trage d&rsquo;inspiration &hellip; <a href=\"https:\/\/monperejeanmamy.fr\/?page_id=1022\">Continuer la lecture <span class=\"meta-nav\">&rarr;<\/span><\/a><\/p>\n","protected":false},"author":2,"featured_media":1141,"parent":0,"menu_order":0,"comment_status":"closed","ping_status":"closed","template":"","meta":[],"folder":[],"_links":{"self":[{"href":"https:\/\/monperejeanmamy.fr\/index.php?rest_route=\/wp\/v2\/pages\/1022"}],"collection":[{"href":"https:\/\/monperejeanmamy.fr\/index.php?rest_route=\/wp\/v2\/pages"}],"about":[{"href":"https:\/\/monperejeanmamy.fr\/index.php?rest_route=\/wp\/v2\/types\/page"}],"author":[{"embeddable":true,"href":"https:\/\/monperejeanmamy.fr\/index.php?rest_route=\/wp\/v2\/users\/2"}],"replies":[{"embeddable":true,"href":"https:\/\/monperejeanmamy.fr\/index.php?rest_route=%2Fwp%2Fv2%2Fcomments&post=1022"}],"version-history":[{"count":4,"href":"https:\/\/monperejeanmamy.fr\/index.php?rest_route=\/wp\/v2\/pages\/1022\/revisions"}],"predecessor-version":[{"id":1099,"href":"https:\/\/monperejeanmamy.fr\/index.php?rest_route=\/wp\/v2\/pages\/1022\/revisions\/1099"}],"wp:featuredmedia":[{"embeddable":true,"href":"https:\/\/monperejeanmamy.fr\/index.php?rest_route=\/wp\/v2\/media\/1141"}],"wp:attachment":[{"href":"https:\/\/monperejeanmamy.fr\/index.php?rest_route=%2Fwp%2Fv2%2Fmedia&parent=1022"}],"wp:term":[{"taxonomy":"folder","embeddable":true,"href":"https:\/\/monperejeanmamy.fr\/index.php?rest_route=%2Fwp%2Fv2%2Ffolder&post=1022"}],"curies":[{"name":"wp","href":"https:\/\/api.w.org\/{rel}","templated":true}]}}