{"id":1103,"date":"2021-03-06T18:47:17","date_gmt":"2021-03-06T17:47:17","guid":{"rendered":"http:\/\/monperejeanmamy.fr\/?page_id=1103"},"modified":"2021-03-08T10:08:11","modified_gmt":"2021-03-08T09:08:11","slug":"le-mannequin-assassine","status":"publish","type":"page","link":"https:\/\/monperejeanmamy.fr\/?page_id=1103","title":{"rendered":"\u00ab Le Mannequin Assassin\u00e9 \u00bb, le story-board manuscrit"},"content":{"rendered":"<p style=\"text-align: justify;\">Le chargement du <em>story-board<\/em> manuscrit peut prendre un certain temps car, \u00e0 ce jour, il a \u00e9t\u00e9 saisi seulement sous forme d&rsquo;images et non de texte.<\/p>\n<a href=\"\/?pdfemb-serveurl=http%3A%2F%2Fmonperejeanmamy.fr%2Fwp-content%2Fuploads%2Fsecurepdfs%2F2021%2F03%2FLe-Mannequin-Assassine-decoupage-version-web.pdf\" class=\"pdfemb-viewer\" style=\"\" data-width=\"max\" data-height=\"max\" data-mobile-width=\"500\"  data-scrollbar=\"none\" data-download=\"off\" data-tracking=\"on\" data-newwindow=\"on\" data-pagetextbox=\"off\" data-scrolltotop=\"off\" data-startzoom=\"100\" data-startfpzoom=\"100\" data-download-nonce=\"2fc2cb6e2d\" data-disablerightclick=\"on\" data-toolbar=\"both\" data-toolbar-fixed=\"off\">Le Mannequin Assassin\u00e9 d\u00e9coupage version web<br\/><\/a>\n","protected":false},"excerpt":{"rendered":"<p>Le chargement du story-board manuscrit peut prendre un certain temps car, \u00e0 ce jour, il a \u00e9t\u00e9 saisi seulement sous forme d&rsquo;images et non de texte.<\/p>\n","protected":false},"author":2,"featured_media":1123,"parent":0,"menu_order":0,"comment_status":"closed","ping_status":"closed","template":"","meta":[],"folder":[],"_links":{"self":[{"href":"https:\/\/monperejeanmamy.fr\/index.php?rest_route=\/wp\/v2\/pages\/1103"}],"collection":[{"href":"https:\/\/monperejeanmamy.fr\/index.php?rest_route=\/wp\/v2\/pages"}],"about":[{"href":"https:\/\/monperejeanmamy.fr\/index.php?rest_route=\/wp\/v2\/types\/page"}],"author":[{"embeddable":true,"href":"https:\/\/monperejeanmamy.fr\/index.php?rest_route=\/wp\/v2\/users\/2"}],"replies":[{"embeddable":true,"href":"https:\/\/monperejeanmamy.fr\/index.php?rest_route=%2Fwp%2Fv2%2Fcomments&post=1103"}],"version-history":[{"count":6,"href":"https:\/\/monperejeanmamy.fr\/index.php?rest_route=\/wp\/v2\/pages\/1103\/revisions"}],"predecessor-version":[{"id":1176,"href":"https:\/\/monperejeanmamy.fr\/index.php?rest_route=\/wp\/v2\/pages\/1103\/revisions\/1176"}],"wp:featuredmedia":[{"embeddable":true,"href":"https:\/\/monperejeanmamy.fr\/index.php?rest_route=\/wp\/v2\/media\/1123"}],"wp:attachment":[{"href":"https:\/\/monperejeanmamy.fr\/index.php?rest_route=%2Fwp%2Fv2%2Fmedia&parent=1103"}],"wp:term":[{"taxonomy":"folder","embeddable":true,"href":"https:\/\/monperejeanmamy.fr\/index.php?rest_route=%2Fwp%2Fv2%2Ffolder&post=1103"}],"curies":[{"name":"wp","href":"https:\/\/api.w.org\/{rel}","templated":true}]}}