{"id":1263,"date":"2021-03-09T11:51:10","date_gmt":"2021-03-09T10:51:10","guid":{"rendered":"http:\/\/monperejeanmamy.fr\/?page_id=1263"},"modified":"2021-03-10T16:25:23","modified_gmt":"2021-03-10T15:25:23","slug":"si-jetais-dictateur-histoire-du-projet","status":"publish","type":"page","link":"https:\/\/monperejeanmamy.fr\/?page_id=1263","title":{"rendered":"\u00ab Si j&rsquo;\u00e9tais Dictateur \u00bb, histoire du projet"},"content":{"rendered":"<p style=\"text-align: justify;\">Entre 1936 et 1939, Jean Mamy et Jean-Pascal Bastia ont tent\u00e9 sans succ\u00e8s, de r\u00e9aliser \u00ab <em>Si j&rsquo;\u00e9tais Dictateur<\/em> \u00bb,<\/p>\n<p>Les documents qui suivent t\u00e9moignent de ce parcours du combattant.<\/p>\n<ul>\n<li><a href=\"http:\/\/monperejeanmamy.fr\/?page_id=1297\">\u00c9changes de courriers<\/a><\/li>\n<li><a href=\"http:\/\/monperejeanmamy.fr\/?page_id=1286\">Proposition pr\u00e9liminaire<\/a> : description du projet, devis, financement, titres, distribution&#8230;<\/li>\n<li><a href=\"http:\/\/monperejeanmamy.fr\/?page_id=1272\">Synopsis<\/a> (version 1 et version compl\u00e9mentaire)<\/li>\n<li>\u00ab <a href=\"http:\/\/monperejeanmamy.fr\/?page_id=1278\"><em>Tous, le poing lev\u00e9<\/em><\/a> \u00bb, chanson de Jean-Pascal Bastia<\/li>\n<li style=\"text-align: justify;\">Autres \u00e9l\u00e9ments d&rsquo;un sc\u00e9nario <a href=\"http:\/\/monperejeanmamy.fr\/?page_id=1267\">manuscrit incomplet<\/a><\/li>\n<\/ul>\n","protected":false},"excerpt":{"rendered":"<p>Entre 1936 et 1939, Jean Mamy et Jean-Pascal Bastia ont tent\u00e9 sans succ\u00e8s, de r\u00e9aliser \u00ab Si j&rsquo;\u00e9tais Dictateur \u00bb, Les documents qui suivent t\u00e9moignent de ce parcours du combattant. \u00c9changes de courriers Proposition pr\u00e9liminaire : description du projet, devis, &hellip; <a href=\"https:\/\/monperejeanmamy.fr\/?page_id=1263\">Continuer la lecture <span class=\"meta-nav\">&rarr;<\/span><\/a><\/p>\n","protected":false},"author":2,"featured_media":1123,"parent":0,"menu_order":0,"comment_status":"closed","ping_status":"closed","template":"","meta":[],"folder":[],"_links":{"self":[{"href":"https:\/\/monperejeanmamy.fr\/index.php?rest_route=\/wp\/v2\/pages\/1263"}],"collection":[{"href":"https:\/\/monperejeanmamy.fr\/index.php?rest_route=\/wp\/v2\/pages"}],"about":[{"href":"https:\/\/monperejeanmamy.fr\/index.php?rest_route=\/wp\/v2\/types\/page"}],"author":[{"embeddable":true,"href":"https:\/\/monperejeanmamy.fr\/index.php?rest_route=\/wp\/v2\/users\/2"}],"replies":[{"embeddable":true,"href":"https:\/\/monperejeanmamy.fr\/index.php?rest_route=%2Fwp%2Fv2%2Fcomments&post=1263"}],"version-history":[{"count":8,"href":"https:\/\/monperejeanmamy.fr\/index.php?rest_route=\/wp\/v2\/pages\/1263\/revisions"}],"predecessor-version":[{"id":1301,"href":"https:\/\/monperejeanmamy.fr\/index.php?rest_route=\/wp\/v2\/pages\/1263\/revisions\/1301"}],"wp:featuredmedia":[{"embeddable":true,"href":"https:\/\/monperejeanmamy.fr\/index.php?rest_route=\/wp\/v2\/media\/1123"}],"wp:attachment":[{"href":"https:\/\/monperejeanmamy.fr\/index.php?rest_route=%2Fwp%2Fv2%2Fmedia&parent=1263"}],"wp:term":[{"taxonomy":"folder","embeddable":true,"href":"https:\/\/monperejeanmamy.fr\/index.php?rest_route=%2Fwp%2Fv2%2Ffolder&post=1263"}],"curies":[{"name":"wp","href":"https:\/\/api.w.org\/{rel}","templated":true}]}}