{"id":1326,"date":"2021-03-11T14:07:40","date_gmt":"2021-03-11T13:07:40","guid":{"rendered":"http:\/\/monperejeanmamy.fr\/?page_id=1326"},"modified":"2021-04-26T18:57:15","modified_gmt":"2021-04-26T16:57:15","slug":"lettres-de-mon-pere-a-ma-mere-annee-1947","status":"publish","type":"page","link":"https:\/\/monperejeanmamy.fr\/?page_id=1326","title":{"rendered":"Lettres de mon p\u00e8re \u00e0 ma m\u00e8re, ann\u00e9e 1947"},"content":{"rendered":"<ul>\n<li style=\"text-align: justify;\"><a href=\"http:\/\/monperejeanmamy.fr\/?page_id=2240\">Dimanche 12 janvier<\/a> : \u00ab <em>Voil\u00e0 pr\u00e8s de trois semaines, et m\u00eame plus, que j&rsquo;attends ledit Liebermann. T\u00e9l\u00e9phone-lui et dis-lui qu\u2019il ne manque pas de m&rsquo;appeler. On ne me fera pas croire que la maison Floriot n&rsquo;est pas venue \u00e0 Fresnes cette semaine. J&rsquo;ai des tas de choses \u00e0 lui donner pour le dossier. Je s\u00e8che, moi. C&rsquo;est la moindre des choses qu&rsquo;il m&rsquo;avertisse de ce qui se passe. <\/em>\u00bb<\/li>\n<li style=\"text-align: justify;\"><a href=\"http:\/\/monperejeanmamy.fr\/?page_id=2254\">Lundi 20 janvier<\/a> : \u00ab <em>J&rsquo;ai vu D\u00e9mery il y a deux jours. Elle n&rsquo;avait plus ses airs bourrus et maussades qui, il y a deux ans, me faisait supposer chez elle une animosit\u00e9 juda\u00efque d\u00e9cha\u00een\u00e9e. Il est vrai que la pauvre est \u00e0 peine gu\u00e9rie de son \u00e9toile jaune. Quelle aventure ! <\/em>\u00bb<\/li>\n<li style=\"text-align: justify;\"><a href=\"http:\/\/monperejeanmamy.fr\/?page_id=2261\">Dimanche 26 janvier<\/a> : \u00ab <em>Il y a deux ans d\u00e9j\u00e0\u00a0! J&rsquo;\u00e9tais prisonnier dans une des salles vo\u00fbt\u00e9es du fort de Charenton, o\u00f9, avec 36 camarades, et en libert\u00e9 dans ce camp de 300 prisonniers, je faisais force bridge et parties de dames. Il neigeait dru.<\/em> <em>[&#8230;] Le Fr\u00e9d\u00e9ric est superbe [&#8230;] Je fais des projets pour lui [&#8230;] Il dirigera les nombreuses plantations que nous poss\u00e9derons en Am\u00e9rique du Sud. Il montera \u00e0 cheval, dirigera des mines, conduira son avion, son transatlantique. Ce sera un homme. [&#8230;]<br \/>\nJ&rsquo;\u00e9tais furieux contre mon avocat [&#8230;] je voulais \u00e0 tout prix \u00eatre jug\u00e9. Car toutes ces man\u0153uvres m&rsquo;agacent. On veut briser ma carri\u00e8re politique. Il faut que je sois condamn\u00e9 \u00e0 mort, pour \u00eatre plus tard le martyr d&rsquo;une cause. \u00bb<\/em><\/li>\n<li style=\"text-align: justify;\"><a href=\"http:\/\/monperejeanmamy.fr\/?page_id=2264\">Dimanche 2 f\u00e9vrier<\/a> : \u00ab <em>Je te renouvelle l\u2019assurance que tu es <u>la seule<\/u> \u00e0 t\u2019occuper de moi. Si quelque autre veut s\u2019amuser \u00e0 se renseigner pour son compte, libre \u00e0 elle. Cela ne nous g\u00e8ne point.<\/em> \u00bb<\/li>\n<li style=\"text-align: justify;\"><a href=\"http:\/\/monperejeanmamy.fr\/?page_id=2269\">Dimanche 9 f\u00e9vrier<\/a> : \u00ab <em>L\u2019instruction s\u2019est fort bien pass\u00e9e vendredi dernier [&#8230;] Si l\u2019on sait bien man\u0153uvrer pour l\u2019affaire nous gagnerons la session d\u2019apr\u00e8s les vacances.\u00a0<\/em>\u00bb<\/li>\n<li style=\"text-align: justify;\"><a href=\"http:\/\/monperejeanmamy.fr\/?page_id=2274\">Lundi 17 f\u00e9vrier<\/a> : \u00ab <em>\u00c0 l\u2019instruction on me disait qu\u2019il n\u2019y aurait pas d\u2019amnistie avant cinq ou six ans\u00a0!!! Si c\u2019est cela, il n\u2019y en aura pas du tout car les communistes auront pris le pouvoir ou bien il y aura eu la guerre. On ne sait pas.<\/em> \u00bb<\/li>\n<li style=\"text-align: justify;\"><a href=\"http:\/\/monperejeanmamy.fr\/?page_id=2279\">Dimanche 23 f\u00e9vrier<\/a> : \u00ab <em>Rassure-toi. Je ne suis pas dans le \u00ab\u00a0complot fasciste\u00a0\u00bb dont, parait-il, on parle \u00e0 la radio et qui permit ici une rafle de papiers sans valeur chez de pauvres bougres traqu\u00e9s.<\/em> \u00bb<\/li>\n<li style=\"text-align: justify;\"><a href=\"http:\/\/monperejeanmamy.fr\/?page_id=2288\">Dimanche 2 mars<\/a> : \u00ab <em>Mais oui, nous sommes pour quelque chose dans l\u2019arriv\u00e9e de Fr\u00e9d\u00e9ric en ce bas monde. Et nous le serons autant pour Catherine et la suite [&#8230;]\u00a0Quant \u00e0 ma vieille sorci\u00e8re, tu la verras, soit le 23 avril, soit plus tard. Et tu me diras si un homme de go\u00fbt pouvait s\u2019encombrer d\u2019un pareil tableau. Je n\u2019ai jamais connu pareil \u00e9pouvantail et pareil caract\u00e8re de chouette<\/em>\u00a0 \u00bb<\/li>\n<li style=\"text-align: justify;\"><a href=\"http:\/\/monperejeanmamy.fr\/?page_id=2292\">Dimanche 9 mars<\/a> : \u00ab <em>Ainsi ma m\u00e8re est arriv\u00e9e jeudi au parloir en m\u2019avouant\u00a0: \u00ab\u00a0<\/em>J\u2019ai pris la place de Jeannette\u00a0\u00a0<em>\u00bb\u00a0!!! Elle a pris <u>ta<\/u> place. C\u2019\u00e9tait <u>ta<\/u> place, et ma m\u00e8re est venue \u00e0 ta place. Je n\u2019\u00e9tais pas content du tout.<\/em> \u00bb<\/li>\n<li style=\"text-align: justify;\"><a href=\"http:\/\/monperejeanmamy.fr\/?page_id=2297\">Lundi 17 mars<\/a> : \u00ab <em>Il va bien falloir penser \u00e0 des tas de choses si je sors bient\u00f4t : un domicile discret (surtout pas \u00e0 mon nom), un passeport, un \u00e9diteur, un costume, une valise, une canne tr\u00e8s souple et tr\u00e8s solide, un chapeau haut de forme (pour ne pas se faire remarquer [&#8230;] Si je trouve un cargo pour les Canaries, on s\u2019embarque. On vivra de bananes et de citrons.<\/em> \u00bb<\/li>\n<li style=\"text-align: justify;\"><a href=\"http:\/\/monperejeanmamy.fr\/?page_id=2301\">Lundi 24 mars<\/a> : \u00ab <em>J\u2019ai lu cette semaine une \u00e9tude [&#8230;] sur le Second Empire. Jamais la France ne fut plus heureuse \u00e0 l\u2019int\u00e9rieur. L\u2019ordre \u00e9tait r\u00e9tabli, la canaille m\u00e2t\u00e9e, la paysannerie et l\u2019industrie prosp\u00e8res.<\/em> \u00bb<\/li>\n<li style=\"text-align: justify;\"><a href=\"http:\/\/monperejeanmamy.fr\/?page_id=2305\">Dimanche 30 mars<\/a> : \u00ab <em>Tu ne viens pas jeudi\u00a0? T\u00e2ches. J\u2019ai beaucoup de plaisir \u00e0 voir ma m\u00e8re, mais ce n\u2019est pas la m\u00eame chose<\/em>. \u00bb<\/li>\n<li><a href=\"http:\/\/monperejeanmamy.fr\/?page_id=2309\">Dimanche 6 avril<\/a> : \u00ab <em>P\u00e2ques\u00a0! Symbole des tombeaux comme des prisons qui s\u2019ouvrent<\/em> \u00bb<\/li>\n<li style=\"text-align: justify;\"><a href=\"http:\/\/monperejeanmamy.fr\/?page_id=2313\">Dimanche 13 avril<\/a> : \u00ab <em>J\u2019ai re\u00e7u convocation pour jeudi. Myst\u00e8re\u00a0? Le dossier serait-il revenu chez le juge\u00a0? Est-ce pour un t\u00e9moignage\u00a0? Suppl\u00e9ment d\u2019enqu\u00eate\u00a0? Comprends pas<\/em>. \u00bb<\/li>\n<li style=\"text-align: justify;\"><a href=\"http:\/\/monperejeanmamy.fr\/?page_id=2320\">Dimanche 20 av<\/a>ril : \u00ab <em>J\u2019ai \u00e9t\u00e9 jeudi \u00e0 l\u2019instruction. C\u2019\u00e9tait la derni\u00e8re. Le dossier a \u00e9t\u00e9 d\u00e9j\u00e0 examin\u00e9 par le commissaire du gouvernement. On m\u2019a dit que le r\u00e9quisitoire ne serait pas \u00ab m\u00e9chant <\/em>\u00bb [&#8230;] <em>Fais attention dor\u00e9navant dans tes lettres de ne plus inclure de passages susceptibles d\u2019\u00eatre censur\u00e9s. Il appara\u00eet que les consignes sont redoubl\u00e9es\u00a0<\/em>\u00bb<\/li>\n<li style=\"text-align: justify;\"><a href=\"http:\/\/monperejeanmamy.fr\/?page_id=2327\">Dimanche 27 avril<\/a> :\u00a0\u00ab <em>Est-ce que tu m\u2019aimerais toujours si j\u2019\u00e9tais condamn\u00e9\u00a0? Est-ce que tu voudrais de quelqu\u2019un qui soit d\u00e9clar\u00e9 \u00ab\u00a0indigne national\u00a0\u00bb, for\u00e7at, traite, bourreau, gestapiste, fasciste, sinistre individu, d\u00e9voy\u00e9, cynique, bon \u00e0 jeter aux cochons qui mangent les petits enfants et le collaborateurs\u00a0?\u00a0 <\/em>\u00bb<\/li>\n<li style=\"text-align: justify;\"><a href=\"http:\/\/monperejeanmamy.fr\/?page_id=2325\">Dimanche 4 mai<\/a> : \u00ab<em> Depuis mercredi je travaille sur les bouquins [&#8230;]\u00a0Fran\u00e7oise de Foix inint\u00e9ressante. Cette pouliche royale n\u2019est ni \u00e9mouvante, ni curieuse, ni attirante, ni autre chose qu\u2019un mannequin sexuel, une prostitu\u00e9e de choix. N\u2019\u00e9prouve aucun int\u00e9r\u00eat pour ce genre de fille qui ne sait que coucher\u2026<\/em> . \u00bb<\/li>\n<li style=\"text-align: justify;\"><a href=\"http:\/\/monperejeanmamy.fr\/?page_id=2335\">Dimanche 11 mai<\/a> : \u00ab <em>Nous voici rentr\u00e9s de promenade [&#8230;] J\u2019ai pass\u00e9 une heure de pr\u00e9au avec Cousteau, Rebatet et les ministres. On bavarde. On esp\u00e8re. On se r\u00e9conforte. On se souvient. On commente. C\u2019est un dr\u00f4le de radeau de la M\u00e9duse quelquefois que ces prisons o\u00f9 les uns mangent les autres. Ici, c\u2019est le contraire.<\/em> \u00bb<\/li>\n<li style=\"text-align: justify;\"><a href=\"http:\/\/monperejeanmamy.fr\/?page_id=2339\">Dimanche 18 mai<\/a> : \u00ab\u00a0<em>j\u2019ai rem\u00e2ch\u00e9 les souvenirs du parloir : le moment o\u00f9 je t\u2019ai dit, celui o\u00f9 tu m\u2019as r\u00e9pondu [&#8230;] \u00ab <\/em>oui<em> \u00bb sans conditions. Voil\u00e0 de quoi se r\u00e9jouir pendant tout le moment qui nous s\u00e9pare de la sortie ; de quoi vivre toute l\u2019attente, sans heurts, sans inqui\u00e9tude. [&#8230;] tu l&rsquo;as dit, et tu ne reviens jamais sur tes promesses. <\/em>\u00bb<\/li>\n<li style=\"text-align: justify;\"><a href=\"http:\/\/monperejeanmamy.fr\/?page_id=2344\">Samedi 24 mai<\/a> : \u00ab <em>Remercie aussi mon camarade quand il t\u2019apportera les bouquins. Dis-lui qu\u2019il a bien eu tort de nous quitter. Ici nous lui remontrions le moral <\/em>\u00bb<\/li>\n<li style=\"text-align: justify;\"><a href=\"http:\/\/monperejeanmamy.fr\/?page_id=2348\">Dimanche1<sup>er<\/sup> juin<\/a> : \u00ab <em>La gr\u00e8ve bat son plein ici. Plus de la moiti\u00e9 ne mange pas depuis deux jours.\u00a0 <\/em>\u00bb<\/li>\n<li style=\"text-align: justify;\"><a href=\"http:\/\/monperejeanmamy.fr\/?page_id=2354\">Dimanche 8 juin<\/a> : \u00ab <em>J\u2019ai d\u00e9j\u00e0 lu avec int\u00e9r\u00eat <\/em>Tropique du Capricorne<em>. L\u2019auteur est digne de l\u2019asile d\u2019ali\u00e9n\u00e9s. Voil\u00e0 o\u00f9 m\u00e8ne la litt\u00e9rature surr\u00e9aliste, la philosophie communiste ou marxiste, la libre pens\u00e9e, les \u00e9ditions Gallimard et autres salet\u00e9s.<\/em> <em>[&#8230;] La proportion de communistes dans les jurys est inimaginable : 1.400 sur 2.000. Les ministres en place disent qu\u2019ils ne peuvent rem\u00e9dier \u00e0 pareille situation. Quelle justice !<\/em> \u00bb<\/li>\n<li style=\"text-align: justify;\"><a href=\"http:\/\/monperejeanmamy.fr\/?page_id=2359\">Dimanche 15 juin<\/a> : \u00ab <em>Alors, tu veux qu\u2019on te dise qu\u2019il n\u2019y a qu\u2019\u00e0 toi qu\u2019on se confie. Quel exclusivisme\u00a0! Je ne puis emp\u00eacher certaines d\u00e9marches d\u2019\u00eatre faites contre mon gr\u00e9. Cela ne veut pas dire autre chose. Et je n\u2019ai rien demand\u00e9<\/em> \u00bb<\/li>\n<li style=\"text-align: justify;\"><a href=\"http:\/\/monperejeanmamy.fr\/?page_id=2365\">Dimanche 22 juin<\/a> : \u00ab <em>Voici d\u00e9j\u00e0 six jours que j\u2019ai chang\u00e9 de cellule et vis seul \u00e0 partir de 19 heures jusqu\u2019\u00e0 7 heures le lendemain. Depuis trois ans je n\u2019avais pas connu un seul moment de r\u00e9pit. Toujours \u00e0 deux, trois, cinq, dix ou vingt ensemble, sans aucune possibilit\u00e9 de s\u2019isoler, m\u00eame pour les plus menues choses.<\/em> \u00bb<\/li>\n<li style=\"text-align: justify;\"><a href=\"http:\/\/monperejeanmamy.fr\/?page_id=2370\">Samedi 28 juin<\/a> : \u00ab <em>On vient d\u2019appeler la promenade. Je n\u2019y vais pas pour terminer ma lettre. Et puis, pas tr\u00e8s int\u00e9ressante. Depuis mon changement je ne suis plus avec les camarades ministres, et le niveau n\u2019est pas le m\u00eame.<\/em> \u00bb<\/li>\n<li style=\"text-align: justify;\"><a href=\"http:\/\/monperejeanmamy.fr\/?page_id=2374\">Dimanche 6 juillet<\/a> : \u00ab <em>Patientons. Nous arrivons aux derniers sursauts de l\u2019\u00e9puration. Les derni\u00e8res ruades sont toujours dures [&#8230;]\u00a0On ne voit pas demain, quand les anti-communistes seront recherch\u00e9s sur le march\u00e9 politique ce dont on pourrait nous accuser sinon d\u2019avoir \u00e9t\u00e9 des pr\u00e9curseurs et des pr\u00e9voyants. \u00bb<\/em><\/li>\n<li style=\"text-align: justify;\"><a href=\"http:\/\/monperejeanmamy.fr\/?page_id=2378\">Dimanche 13 juillet<\/a> : \u00ab <em>Je t\u2019attendais jeudi avec plein de sourires [&#8230;] point de Jeannette ! [&#8230;]\u00a0Est-ce la visite inopin\u00e9e de mon fils mardi qui nous a priv\u00e9 d\u2019un parloir ? Pourtant, g\u00e9n\u00e9ralement, on m\u2019accordait le suppl\u00e9ment de visites\u00a0<\/em> \u00bb<\/li>\n<li style=\"text-align: justify;\"><a href=\"http:\/\/monperejeanmamy.fr\/?page_id=2387\">Dimanche 20 juillet<\/a> : \u00ab <em>Mon moineau, je t\u2019embrasse comme il n\u2019est pas possible, c&rsquo;est-\u00e0-dire non avec des l\u00e8vres, ou des mots, ou des yeux, ou des tendresses, mais avec tout moi, et tout l\u2019univers par dessus.<\/em> \u00bb<\/li>\n<li style=\"text-align: justify;\"><a href=\"http:\/\/monperejeanmamy.fr\/?page_id=2391\">Dimanche 27 juillet<\/a> : \u00ab <em>J\u2019ai d\u2019un c\u00f4t\u00e9 du riz qui cuit dans une gamelle, de l\u2019autre des morceaux de lard qui ach\u00e8vent de se grillotter parmi des tomates. Le lard a tenu tout juste. Il est la derni\u00e8re parcelle de toutes les viandes du colis. La semaine a \u00e9t\u00e9 si chaude qu\u2019il a fallut manger tout rapidement. <\/em> \u00bb<\/li>\n<li style=\"text-align: justify;\"><a href=\"http:\/\/monperejeanmamy.fr\/?page_id=2396\">Dimanche 3 ao\u00fbt<\/a> : \u00ab \u00a0<em>En face de moi, un de nos ex-condamn\u00e9s \u00e0 mort [&#8230;]\u00a0Ce brave type a v\u00e9cu pendant six mois dans l\u2019attente de la fusillade du lendemain. Aujourd\u2019hui il est graci\u00e9. D\u00e8s la nouvelle son esprit a d\u00e9raill\u00e9. L\u2019homme qui s\u2019attendait \u00e0 mourir ne sait plus vivre. Il ne reconna\u00eet plus personne. Il confond ses camarades, croit parler encore \u00e0 tel ou tel qui fut fusill\u00e9 il y a un mois. Il faut le conduire comme un enfant \u00e0 travers les couloirs et les galeries, de crainte d\u2019un geste insens\u00e9. Il regrette presque d\u2019\u00eatre rest\u00e9.<\/em> \u00bb<\/li>\n<li style=\"text-align: justify;\"><a href=\"http:\/\/monperejeanmamy.fr\/?page_id=2401\">Dimanche 10 ao\u00fbt<\/a> : \u00ab<em> Ici l\u2019atmosph\u00e8re est toujours tr\u00e8s dure. On fusille sans r\u00e9pit. Un de nos camarades que tous s\u2019attendaient \u00e0 voir graci\u00e9 a \u00e9t\u00e9 emmen\u00e9 \u00e0 Ch\u00e2tillon il y a trois jours. Est-ce que les chaleurs pr\u00e9disposent \u00e0 la vengeance\u00a0?<\/em> \u00bb<\/li>\n<li style=\"text-align: justify;\"><a href=\"http:\/\/monperejeanmamy.fr\/?page_id=2405\">Dimanche 17 ao\u00fbt<\/a> : \u00ab <em>Bien s\u00fbr, je t\u2019attends le jeudi 11. Encore 3 jeudis sans te voir. Bigre\u00a0! Surtout n\u2019\u00e9courte pas tes vacances. Reste bien tranquille avec Fr\u00e9d\u00e9ric. Et surtout buvez du grand air \u00e0 pouvoir s\u2019en rappeler toute la vie. Quoique, si nous allons en Argentine, il conna\u00eetra la Pampa et la Cordill\u00e8re des Andes.<\/em> \u00bb<\/li>\n<li style=\"text-align: justify;\"><a href=\"http:\/\/monperejeanmamy.fr\/?page_id=2409\">Dimanche 24 ao\u00fbt<\/a> : <em>\u00ab Aujourd\u2019hui 24 ao\u00fbt, mes camarades catholiques ont plaisamment c\u00e9l\u00e9br\u00e9 la Saint Barth\u00e9lemy contre les Huguenots. J\u2019ai naturellement \u00e9t\u00e9 le point de mire de toutes les attaques. Voici quatre si\u00e8cles qu\u2019on s\u2019\u00e9tripait pour telle diff\u00e9rence de dogme. Il y a cinquante ans, on se toisait encore grincheusement. Aujourd\u2019hui on en rit.\u00a0<\/em>\u00bb<\/li>\n<li style=\"text-align: justify;\"><a href=\"http:\/\/monperejeanmamy.fr\/?page_id=2415\">Lundi 25 ao\u00fbt<\/a> : une lettre de seulement deux lignes \u00ab <em>J\u2019ai eu fort \u00e0 faire aujourd\u2019hui avec une fi\u00e8vre qui ne me quitte pas. Impossible de se lever cinq minutes sans grelotter.<\/em> \u00bb<\/li>\n<li style=\"text-align: justify;\"><a href=\"http:\/\/monperejeanmamy.fr\/?page_id=2419\">Dimanche 31 ao\u00fbt :<\/a> \u00ab <em>J\u2019ai aussi beaucoup grossi. C\u2019est tr\u00e8s ennuyeux mais je crois que cela passera tr\u00e8s vite. Ce que c\u2019est que d\u2019avoir bon moral. \u00bb<\/em><\/li>\n<li style=\"text-align: justify;\"><a href=\"http:\/\/monperejeanmamy.fr\/?page_id=2423\">Dimanche 7 septembre<\/a> : \u00ab Depuis une heure je n\u2019arrive point \u00e0 finir ma lettre au milieu des conversations. Il est entr\u00e9 ici plusieurs ministres qui sont venus cogiter et annoncer l\u2019avenir, d\u00e9plorer, rem\u00e2cher le pass\u00e9, supputer le lendemain. \u00bb<\/li>\n<li style=\"text-align: justify;\"><a href=\"http:\/\/monperejeanmamy.fr\/?page_id=2428\">Dimanche 14 septembre<\/a> : \u00ab <em>Sais-tu que j\u2019entreprends un travail immense. Au moins pour 25 ans de plein labeur. J\u2019ai devant moi de quoi occuper mes jours et nuits avant le repos que je prendrai le jour o\u00f9 les travaux humains seront trop petits pour m<\/em>oi \u00bb<\/li>\n<li style=\"text-align: justify;\"><a href=\"http:\/\/monperejeanmamy.fr\/?page_id=2432\">Samedi 20 septembre<\/a> : \u00ab <em>Ce soir nous avons su qu\u2019Auriol lan\u00e7ait un appel d\u00e9sesp\u00e9r\u00e9 aux nations qui vont s\u2019affronter. Demain nous serons peut-\u00eatre encore jet\u00e9s dans la temp\u00eate g\u00e9ante<\/em>. \u00bb<\/li>\n<li style=\"text-align: justify;\"><a href=\"http:\/\/monperejeanmamy.fr\/?page_id=2436\">Dimanche 28 septembre <\/a>: \u00ab <em>Le gardien vient de boucler ma porte, apr\u00e8s une journ\u00e9e bien remplie pass\u00e9e \u00e0 l\u2019h\u00f4pital central o\u00f9 j\u2019avais une radio [&#8230;] Me voici donc seul avec ma plume [&#8230;] c\u2019est seul avec ton c\u0153ur tout nu,\u00a0\u00bb<\/em><\/li>\n<li style=\"text-align: justify;\"><a href=\"http:\/\/monperejeanmamy.fr\/?page_id=2445\">Dimanche 5 octobre<\/a> : \u00ab <em>nous sauverons ce pays de l\u2019anarchie, et de la domination \u00e9trang\u00e8re, car les soviets, une fois battus, nous serons oblig\u00e9s d\u2019\u00e9tablir ici un r\u00e9gime d\u2019autorit\u00e9 qui emp\u00eachera le retour de pareilles choses. Voici que, sans avoir \u00e9t\u00e9 dans la m\u00eal\u00e9e du dehors, nous sommes encore les promoteurs du combat. \u00bb<\/em><\/li>\n<li style=\"text-align: justify;\"><a href=\"http:\/\/monperejeanmamy.fr\/?page_id=2455\">Samedi 11 octobre<\/a> : \u00ab <em>J\u2019ai beaucoup parl\u00e9 de toi \u00e0 Mlle Meyer {&#8230;] il est absolument indispensable que tu la voies [&#8230;] Elle est tr\u00e8s au courant de mes pens\u00e9es profondes (une praticienne scientiste est beaucoup plus qu\u2019un pr\u00eatre)\u00a0<\/em>\u00bb<\/li>\n<li style=\"text-align: justify;\"><a href=\"http:\/\/monperejeanmamy.fr\/?page_id=2462\">Dimanche 19 octobre<\/a> : \u00ab <em>J\u2019ai bien re\u00e7u ta petite lettre o\u00f9 tu refuses encore de faire ce que je t\u2019ai demand\u00e9. Il faudra donc attendre la sortie pour que nous mettions au point toutes sortes de choses [&#8230;]\u00a0il faut bien que tu saches que l\u2019\u00e9tude de la <\/em>Christian Science <em>est devenue pour moi beaucoup plus qu\u2019une petite marotte, ou qu\u2019un divertissement intellectuel.\u00a0<\/em>\u00bb<\/li>\n<li style=\"text-align: justify;\"><a href=\"http:\/\/monperejeanmamy.fr\/?page_id=2468\">Lundi 27 octobre<\/a> : \u00ab\u00a0<em>quand je t\u2019ai dit d\u00e9j\u00e0 il y a quelques mois de commencer \u00e0 \u00e9tudier toi-m\u00eame ce qui me paraissait indispensable pour ton progr\u00e8s, j\u2019avais raison. Ne t\u2019ent\u00eate pas. Il faut briser cette petite volont\u00e9, mettre l\u2019humilit\u00e9 l\u00e0 o\u00f9 il y a de l\u2019orgueil, l\u2019ob\u00e9issance \u00e0 la place de la r\u00e9volte<\/em>. \u00bb<\/li>\n<li style=\"text-align: justify;\"><a href=\"http:\/\/monperejeanmamy.fr\/?page_id=2472\">Lundi 3 novembre<\/a> : \u00ab <em>Voici l\u2019avant-derni\u00e8re lettre avant le proc\u00e8s. Et avant la d\u00e9cision, car le lundi 17 je n\u2019aurai pas le temps de t\u2019\u00e9crire [&#8230;] Pense aussi \u00e0 me ravitailler un peu \u00e0 chaque audience. J\u2019aurai soif si je parle beaucoup. Eau min\u00e9rale naturellement. Et un sandwich pour tenir l\u2019homme\u00a0<\/em>\u00bb<\/li>\n<li style=\"text-align: justify;\"><a href=\"http:\/\/monperejeanmamy.fr\/?page_id=2476\">Dimanche 9 novembre<\/a> : \u00ab <em>Mon jeune avocat [&#8230;] m\u2019a conseill\u00e9 d\u2019\u00eatre gentil avec les jur\u00e9s. Je vais r\u00e9fl\u00e9chir \u00e0 cela. Il faut \u00eatre tr\u00e8s mod\u00e9r\u00e9 mais ne faire aucune concession sur le fond de la doctrine<\/em>. \u00bb<\/li>\n<li style=\"text-align: justify;\"><a href=\"http:\/\/monperejeanmamy.fr\/?page_id=2480\">Dimanche 23 novembre<\/a> : \u00ab <em>Je t\u2019ai bien n\u00e9glig\u00e9e la semaine derni\u00e8re [&#8230;] tant dame la fi\u00e8vre \u00e9tait m\u00e9chante [&#8230;] une mauvaise jaunisse compliqu\u00e9e d\u2019un froid. Heureusement que je me suis surpass\u00e9. J\u2019aurais \u00e9t\u00e9 sans doute intransportable [&#8230;] trois ans de prison fatiguent un peu son homme. [&#8230;] Je t\u2019attends jeudi, malgr\u00e9 tout ce qu\u2019on pourra te dire. C\u2019est ton tour sans r\u00e9mission<\/em>\u00a0 \u00bb<\/li>\n<li style=\"text-align: justify;\"><a href=\"http:\/\/monperejeanmamy.fr\/?page_id=2484\">Jeudi 4 d\u00e9cembre<\/a> : \u00ab <em>Je ne t\u2019ai pas \u00e9crit lundi. Trop de gr\u00e8ves. Me suit dit\u00a0: arrivera pas. Ai eu du remord. Vois que Poste fonctionne. Peu, mais un peu. R\u00e9pare. Grande lettre aujourd\u2019hui..<\/em> \u00bb<\/li>\n<li style=\"text-align: justify;\"><a href=\"http:\/\/monperejeanmamy.fr\/?page_id=2489\">Lundi 8 d\u00e9cembre<\/a> : \u00ab <em>Pour la semaine de No\u00ebl et celle du Jour de l\u2019An, suppl\u00e9ment. Le colis est port\u00e9 \u00e0 5 kgs [&#8230;] Je t\u2019esp\u00e8re jeudi. On me dit par ailleurs que c\u2019est boucl\u00e9 pour ce jour l\u00e0. J\u2019ai l\u2019impression qu\u2019on se remue beaucoup contre ta jeune personne. Preuve que tu existes dangereusement.<\/em>. \u00bb<\/li>\n<li style=\"text-align: justify;\"><a href=\"http:\/\/monperejeanmamy.fr\/?page_id=2493\">Jeudi 11 d\u00e9cembre<\/a> : \u00ab <em>J\u2019esp\u00e8re enfin te voir jeudi prochain. [&#8230;] On fait queue \u00e0 ce parloir. Ou plut\u00f4t syst\u00e9matiquement on s\u2019impose [&#8230;] Il me semble que moi aussi j\u2019ai voix au chapitre et que je peux esquisser le d\u00e9sir de voir qui il me plait [&#8230;]\u00a0me permettra-t-on d\u2019oser souhaiter pr\u00e9f\u00e9rer telle personne \u00e0 telle autre, et demander respectueusement qu\u2019on daigne me lib\u00e9rer un jeudi pour m\u2019offrir un plaisir de prisonnier qui me semble quelque peu l\u00e9gitime. Je ne veux pas faire d\u2019esclandre, mais on a un peu abus\u00e9 de la situation ces derniers temps, et je pense qu\u2019on aura lieu de s\u2019en repentir.<\/em> \u00bb<\/li>\n<li style=\"text-align: justify;\"><a href=\"http:\/\/monperejeanmamy.fr\/?page_id=2497\">Lundi 15 d\u00e9cembre<\/a> : \u00ab <em>Je t\u2019\u00e9cris rapidement ce soir, trop \u00e0 mon gr\u00e9. Un grand nombre de mes meilleurs camarades partent \u00e0 l\u2019instant pour des camps ou prisons en province et j\u2019ai du embrasser des tas de braves gens honn\u00eates [&#8230;] Un ministre de mes amis me disait tout \u00e0 l\u2019heure que la p\u00e9riode du Directoire avait \u00e9t\u00e9 entach\u00e9e de la m\u00eame corruption, de la m\u00eame ill\u00e9galit\u00e9.\u00a0<\/em>\u00bb<\/li>\n<li style=\"text-align: justify;\"><a href=\"http:\/\/monperejeanmamy.fr\/?page_id=2501\">Lundi 22 d\u00e9cembre <\/a>: \u00ab <em>Le num\u00e9ro de No\u00ebl de <\/em>Cin\u00e9monde<em> est immonde. Gueules de cabots, textes insipides, petit monde surfait, sous-intellectuels pr\u00e9tentieux.<\/em> \u00bb<\/li>\n<li style=\"text-align: justify;\"><a href=\"http:\/\/monperejeanmamy.fr\/?page_id=2505\">Dimanche 28 d\u00e9cembre <\/a>: \u00ab <em>Je suis extrait demain. Pourquoi\u00a0? Myst\u00e8re. Je te le dirai demain soir. Encore une ballade dans des locaux grillag\u00e9s, bourr\u00e9s de verrous, couverts d\u2019inscriptions inf\u00e2mes. Quel procureur, quel inquisiteur, vais-je aborder\u00a0? <\/em> \u00bb<\/li>\n<\/ul>\n","protected":false},"excerpt":{"rendered":"<p>Dimanche 12 janvier : \u00ab Voil\u00e0 pr\u00e8s de trois semaines, et m\u00eame plus, que j&rsquo;attends ledit Liebermann. T\u00e9l\u00e9phone-lui et dis-lui qu\u2019il ne manque pas de m&rsquo;appeler. On ne me fera pas croire que la maison Floriot n&rsquo;est pas venue \u00e0 &hellip; <a href=\"https:\/\/monperejeanmamy.fr\/?page_id=1326\">Continuer la lecture <span class=\"meta-nav\">&rarr;<\/span><\/a><\/p>\n","protected":false},"author":2,"featured_media":11,"parent":0,"menu_order":0,"comment_status":"closed","ping_status":"closed","template":"","meta":[],"folder":[],"_links":{"self":[{"href":"https:\/\/monperejeanmamy.fr\/index.php?rest_route=\/wp\/v2\/pages\/1326"}],"collection":[{"href":"https:\/\/monperejeanmamy.fr\/index.php?rest_route=\/wp\/v2\/pages"}],"about":[{"href":"https:\/\/monperejeanmamy.fr\/index.php?rest_route=\/wp\/v2\/types\/page"}],"author":[{"embeddable":true,"href":"https:\/\/monperejeanmamy.fr\/index.php?rest_route=\/wp\/v2\/users\/2"}],"replies":[{"embeddable":true,"href":"https:\/\/monperejeanmamy.fr\/index.php?rest_route=%2Fwp%2Fv2%2Fcomments&post=1326"}],"version-history":[{"count":29,"href":"https:\/\/monperejeanmamy.fr\/index.php?rest_route=\/wp\/v2\/pages\/1326\/revisions"}],"predecessor-version":[{"id":2513,"href":"https:\/\/monperejeanmamy.fr\/index.php?rest_route=\/wp\/v2\/pages\/1326\/revisions\/2513"}],"wp:featuredmedia":[{"embeddable":true,"href":"https:\/\/monperejeanmamy.fr\/index.php?rest_route=\/wp\/v2\/media\/11"}],"wp:attachment":[{"href":"https:\/\/monperejeanmamy.fr\/index.php?rest_route=%2Fwp%2Fv2%2Fmedia&parent=1326"}],"wp:term":[{"taxonomy":"folder","embeddable":true,"href":"https:\/\/monperejeanmamy.fr\/index.php?rest_route=%2Fwp%2Fv2%2Ffolder&post=1326"}],"curies":[{"name":"wp","href":"https:\/\/api.w.org\/{rel}","templated":true}]}}