{"id":1328,"date":"2021-03-11T14:08:11","date_gmt":"2021-03-11T13:08:11","guid":{"rendered":"http:\/\/monperejeanmamy.fr\/?page_id=1328"},"modified":"2021-05-18T11:05:51","modified_gmt":"2021-05-18T09:05:51","slug":"lettres-de-mon-pere-a-ma-mere-annee-1948","status":"publish","type":"page","link":"https:\/\/monperejeanmamy.fr\/?page_id=1328","title":{"rendered":"Lettres de mon p\u00e8re \u00e0 ma m\u00e8re, ann\u00e9e 1948"},"content":{"rendered":"<ul>\n<li style=\"text-align: justify;\"><a href=\"http:\/\/monperejeanmamy.fr\/?page_id=2509\">Jeudi 1<sup>er <\/sup>janvier<\/a> : \u00ab <em>Bonne ann\u00e9e ! Cette fois-ci, c\u2019est la bonne [&#8230;] Et ce ciel bleu ne sera point la prison de nos r\u00eaves, mais la route de l\u2019infini.<\/em>\u00bb<\/li>\n<li style=\"text-align: justify;\"><a href=\"http:\/\/monperejeanmamy.fr\/?page_id=2517\">Dimanche 4 janvier n\u00b01<\/a> : \u00ab <em>Sois gentille d\u2019apporter comme d\u2019habitude mardi rue de l\u2019Oratoire ce que tu sais<\/em> \u00bb<\/li>\n<li style=\"text-align: justify;\"><a href=\"http:\/\/monperejeanmamy.fr\/?page_id=2522\">Dimanche 4 janvier n\u00b02<\/a> : \u00ab\u00a0<em>Qui m\u2019aurait dit en 44 que rien ne se serait encore pass\u00e9 encore trois ans plus tard, et qu\u2019on se trouverait bien vivant, de meilleure joie, d\u2019humeur plus l\u00e9g\u00e8re dans les m\u00eames murs<\/em>. \u00bb<\/li>\n<li style=\"text-align: justify;\"><a href=\"http:\/\/monperejeanmamy.fr\/?page_id=2526\">Samedi 10 janvier<\/a> : \u00ab <em>Les condamnations qui avaient faibli depuis quelque temps redeviennent f\u00e9roces. En trois jours, une condamnation \u00e0 mort, pour un de nos camarades qui esp\u00e9rait valablement cinq ans, et 15 ans pour un autre, qui aurait du s\u2019en tirer \u00e0 deux ans. Un troisi\u00e8me est condamn\u00e9 \u00e0 perp\u00e9tuit\u00e9, qui aurait pu \u00eatre class\u00e9. Les f\u00eates ont mal dispos\u00e9 les juges. On s\u2019attendrit un peu vers No\u00ebl <\/em> \u00bb<\/li>\n<li><a href=\"http:\/\/monperejeanmamy.fr\/?page_id=2530\">Dimanche 18 janvier<\/a> : \u00ab <em>Toi, tu n\u2019\u00e9cris pas. Comme \u00e7a tu es s\u00fbre de ne pas dire des choses b\u00eates<\/em>. \u00bb<\/li>\n<li style=\"text-align: justify;\"><a href=\"http:\/\/monperejeanmamy.fr\/?page_id=2534\">Lundi 26 janvier<\/a> : \u00ab <em>De m\u00eame qu\u2019en 93 on tuait au nom de la libert\u00e9, de m\u00eame aujourd\u2019hui on pi\u00e9tine des milliers, voire des millions, de gens au nom des m\u00eames grands principes par quoi on pr\u00e9tend sauver l\u2019humanit\u00e9. Il n\u2019y a rien de pire que l\u2019id\u00e9alisme. N\u2019oublions jamais que la R\u00e9volution Fran\u00e7aise a \u00e9t\u00e9 faite par des gens qui ont commenc\u00e9 par voter l\u2019abolition de la peine de mort.<\/em> \u00bb<\/li>\n<li style=\"text-align: justify;\"><a href=\"http:\/\/monperejeanmamy.fr\/?page_id=2539\">Dimanche 1<sup>er<\/sup> f\u00e9vrier<\/a> : \u00ab <em>J\u2019aurai besoin d\u2019un coup de pouce dans peu de temps, car nous sommes avertis qu\u2019on pr\u00e9pare le transfert de presque toutes les affaires aux Tribunaux militaires. Il sera \u00e9videmment bien plus facile de s\u2019expliquer devant des hommes dont les pr\u00e9occupations ne sont pas dirig\u00e9es par Moscou.<\/em> \u00bb<\/li>\n<li style=\"text-align: justify;\"><a href=\"http:\/\/monperejeanmamy.fr\/?page_id=2543\">Lundi 9 f\u00e9vrier<\/a> : \u00ab <em>C\u2019est volontairement que je n\u2019ai pas commenc\u00e9 ma lettre hier, parce que tu ne m\u2019as pas \u00e9crit de toute la semaine, et je vais \u00e9crire tr\u00e8s gros pour en mettre\u2026 j\u2019allais dire des m\u00e9chancet\u00e9s<\/em>. \u00bb<\/li>\n<li style=\"text-align: justify;\"><a href=\"http:\/\/monperejeanmamy.fr\/?page_id=2549\">Dimanche 15 f\u00e9vrier<\/a> : \u00ab <em>Je t\u2019esp\u00e9rais jeudi. Et je reconnais qu\u2019il valait mieux que ce jour-l\u00e0 je m\u2019occupe de ma m\u00e8re, bien d\u00e9sorient\u00e9e, et qu\u2019il fallait remettre dans la bonne voie de la s\u00e9r\u00e9nit\u00e9 [&#8230;] Elle s\u2019est enferm\u00e9e dans un d\u00e9pit cons\u00e9cutif \u00e0 un mauvais mariage et n\u2019a pas retrouv\u00e9 le compagnon qu\u2019il lui aurait fallu.<\/em>\u00a0\u00bb<\/li>\n<li style=\"text-align: justify;\"><a href=\"http:\/\/monperejeanmamy.fr\/?page_id=2554\">Samedi 21 f\u00e9vrier<\/a> : \u00ab <em>Il apparait que les campagnes d\u2019amnistie continuent. Paul Reynaud \u00e0 son tour se met sur les rangs. S\u2019il en est un qui devrait dispara\u00eetre, c\u2019est bien l\u2019auteur de la d\u00e9faite, l\u2019homme qui poussa \u00e0 la guerre des milliers de Fran\u00e7ais sachant qu\u2019il devait les faire tuer pendant deux ans pour permettre aux Am\u00e9ricains d\u2019arriver. Mais ce genre de bandit a tous les culots. Et ce peuple est si amorphe qu\u2019il accepte<\/em>. \u00bb<\/li>\n<li style=\"text-align: justify;\"><a href=\"http:\/\/monperejeanmamy.fr\/?page_id=2559\">lundi 1<sup>er<\/sup> mars<\/a> : \u00ab <em>Il y a trois jours, j\u2019ai affirm\u00e9 par \u00e9crit \u00e0 une certaine personne une d\u00e9cision qui doit te rassurer. La situation se trouve clarifi\u00e9e. Tu vois qu\u2019on t\u2019ob\u00e9it\u2026\u00a0\u00bb<\/em><\/li>\n<li style=\"text-align: justify;\"><a href=\"http:\/\/monperejeanmamy.fr\/?page_id=2563\">Dimanche 7 mars<\/a> : \u00ab <em>Nous discutions tout \u00e0 l\u2019heure sur les possibilit\u00e9s de travail en Argentine. Je crois que ces pays neufs sont ouverts aux pionniers. On peut y b\u00e2tir l\u00e0-bas avec plus de s\u00e9curit\u00e9 que dans les remous de foules europ\u00e9ens [&#8230;]\u00a0250 millions d\u2019Europ\u00e9ens sont battus parce qu\u2019ils n\u2019ont pas assez de place et de mati\u00e8res premi\u00e8res par d\u2019autres gens mieux munis<\/em>. \u00bb<\/li>\n<li style=\"text-align: justify;\"><a href=\"http:\/\/monperejeanmamy.fr\/?page_id=2568\">Dimanche 14 mars<\/a> : \u00ab <em>Les \u00e9v\u00e8nements tournent vite. J\u2019ai de tr\u00e8s bonnes nouvelles. Tout ce cauchemar va cesser. Nous allons vers des solutions rapides.<\/em> \u00bb<\/li>\n<li style=\"text-align: justify;\"><a href=\"http:\/\/monperejeanmamy.fr\/?page_id=2572\">Dimanche 21 mars<\/a> : \u00ab <em>Je crois qu\u2019on s\u2019entendra tr\u00e8s bien ensemble. Le rodage est commenc\u00e9. Il produit des r\u00e9sultats fort appr\u00e9ciables. Pour ma part je me sens tout poli, beaucoup plus doux, tout pr\u00eat \u00e0 m\u2019apaiser jusqu\u2019\u00e0 la docilit\u00e9 illimit\u00e9e [&#8230;] Pourquoi dis-tu que la vie va \u00eatre compliqu\u00e9e en sortant\u00a0? Tr\u00e8s simple. Absolument limpide. Prends le m\u00e9tro au sortir de Fresnes et j\u2019arrive boulevard Diderot. Et puis c\u2019est tout<\/em>\u00a0\u00bb<\/li>\n<li style=\"text-align: justify;\"><a href=\"http:\/\/monperejeanmamy.fr\/?page_id=2581\">Dimanche 28 mars<\/a> : \u00ab <em>J\u2019ai mang\u00e9 les poissons en chocolat en pensant \u00e0 toutes les cloches qui sonnaient partout pour annoncer la libert\u00e9 de tous les prisonniers car cette P\u00e2ques marque le commencement d\u2019une d\u00e9livrance<\/em> \u00bb<\/li>\n<li style=\"text-align: justify;\"><a href=\"http:\/\/monperejeanmamy.fr\/?page_id=2595\">Dimanche 4 avril<\/a> : \u00ab <em>Alors, tu ne crois pas que je vais d\u00e9barquer un jour sans crier gare dans ton home situ\u00e9 sur le boulevard encyclop\u00e9diste\u00a0? A-t-on id\u00e9e de se nicher ainsi chez le pire des ath\u00e9es, franc-ma\u00e7on, grand illumin\u00e9 du XVIII<sup><span style=\"font-size: small;\">\u00e8me<\/span><\/sup> si\u00e8cle, p\u00e8re de toutes les erreurs modernes\u00a0!<\/em> \u00bb<\/li>\n<li style=\"text-align: justify;\"><a href=\"http:\/\/monperejeanmamy.fr\/?page_id=2600\">Dimanche 11 avril<\/a> : \u00ab <em>A propos, j\u2019ai \u00e9crit <u>partout <\/u>que <u>j\u2019exigeais<\/u> que tu viennes jeudi prochain 15 avril. Je t\u2019attends donc au parloir de bonne heure avec tous tes yeux violets et toutes tes timidit\u00e9s, et toutes tes assurances audacieuses. <\/em> \u00bb<\/li>\n<li style=\"text-align: justify;\"><a href=\"http:\/\/monperejeanmamy.fr\/?page_id=2604\">Dimanche 18 avril<\/a> : \u00ab <em>Ainsi nous avons eu notre premi\u00e8re sc\u00e8ne de m\u00e9nage dans la cage aux moineaux ! [&#8230;] Je te classais jusqu\u2019\u00e0 pr\u00e9sent parmi mes anges. L\u2019image d\u2019hier est \u00e0 moiti\u00e9 d\u00e9mon. Heureusement [&#8230;] tu redevins sucr\u00e9e. [&#8230;]\u00a0Tu as de la chance que je sois \u00e0 jamais blind\u00e9 contre ce genre de nervosit\u00e9 toute f\u00e9minine. Les jeux jaloux me laissent froid et tout plein de compassion tendre.<\/em> \u00bb<\/li>\n<li style=\"text-align: justify;\"><a href=\"http:\/\/monperejeanmamy.fr\/?page_id=2609\">Dimanche 25 avril<\/a> : \u00ab\u00a0<em>Il faut d\u00e8s \u00e0 pr\u00e9sent r\u00e9soudre les questions Floriot. Plaide-t-il ou non\u00a0? Veux-tu le voir pour cela. Leroy me plait beaucoup. Mais je n\u2019ai pas d\u2019argent \u00e0 lui donner.<\/em>\u00a0\u00bb<\/li>\n<li style=\"text-align: justify;\"><a href=\"http:\/\/monperejeanmamy.fr\/?page_id=2614\">Dimanche 2 mai<\/a> : \u00ab <em>Entre une ou deux lettres par semaine et pas du tout, il y a une \u00e9norme diff\u00e9rence. Moi, je ne me contente pas de fleurs et de colis. Il me faut de la nourriture essentielle qui est celle du c\u0153ur<\/em>.J \u00bb<\/li>\n<li style=\"text-align: justify;\"><a href=\"http:\/\/monperejeanmamy.fr\/?page_id=2623\">Lundi 10 mai<\/a> : \u00ab\u00a0<em>Fr\u00e9d\u00e9ric est le meilleur des gar\u00e7ons, le chef d\u2019\u0153uvre de la cr\u00e9ation, la joie de vivre manifest\u00e9e \u00e0 l\u2019infini<\/em>. \u00bb<\/li>\n<li style=\"text-align: justify;\"><a href=\"http:\/\/monperejeanmamy.fr\/?page_id=2628\">Dimanche 23 mai<\/a> : \u00ab <em>Je viens de relire <\/em>Fid\u00e8le<em>. Cela me semble bien pu\u00e9ril [&#8230;] Ce qui est navrant, c\u2019est qu\u2019\u00e0 quelques ann\u00e9es de distance, on n\u2019appr\u00e9cie plus du tout ce qu\u2019on a \u00e9crit. On est toujours oblig\u00e9 de se d\u00e9passer,<\/em> \u00bb<\/li>\n<li style=\"text-align: justify;\"><a href=\"http:\/\/monperejeanmamy.fr\/?page_id=2634\">Dimanche 30 mai<\/a> : \u00ab <em>Enfin un bon grand parloir pour nous deux [&#8230;] Ce matin, petite sc\u00e8ne risible [&#8230;] J\u2019ai \u00e9t\u00e9 frapp\u00e9 par un fou, qu\u2019on laisse se promener en libert\u00e9 depuis des mois [&#8230;] Et ce soir je suis oblig\u00e9 de me tamponner un peu l\u2019\u0153il enfl\u00e9 [&#8230;]\u00a0J\u2019esp\u00e8re que l\u2019administration va le ramener \u00e0 Villejuif, d\u2019o\u00f9 il \u00e9tait sorti.<\/em> \u00bb<\/li>\n<li style=\"text-align: justify;\"><a href=\"http:\/\/monperejeanmamy.fr\/?page_id=2638\">Samedi 5 juin<\/a> : \u00ab <em>on vient chercher dans les prisons parmi les condamn\u00e9s des gars pour l\u2019Indochine. Ceux qu\u2019on ne juge pas dignes de faire des citoyens sont bons pour faire des soldats<\/em> \u00bb<\/li>\n<li style=\"text-align: justify;\"><a href=\"http:\/\/monperejeanmamy.fr\/?page_id=2643\">Dimanche 13 juin<\/a> : \u00ab\u00a0<em>la position s\u00e9dentaire ne me vaut rien. J\u2019ai beau m\u2019obstiner \u00e0 ne pas manger de f\u00e9culents, je ne cesse d\u2019engraisser<\/em>. \u00bb<\/li>\n<li style=\"text-align: justify;\"><a href=\"http:\/\/monperejeanmamy.fr\/?page_id=2647\">Dimanche 20 juin<\/a> : \u00ab <em>Dis-moi aussi si tu consentiras \u00e0 \u00e9tudier la S. Chr\u00e9t. [&#8230;] devenir une Marie-Madeleine ? [&#8230;]\u00a0sans rien forcer, pas \u00e0 pas, sans perdre son sourire, sans vouloir devenir moines<\/em> \u00bb<\/li>\n<li style=\"text-align: justify;\"><a href=\"http:\/\/monperejeanmamy.fr\/?page_id=2653\">Dimanche 27 juin<\/a> : \u00ab <em>J\u2019ai quarante-six ans de tendresse en retard \u00e0 te donner. Je ne savais pas \u00eatre aussi riche. [&#8230;]\u00a0Tu es l\u2019ange de mon attente.<\/em> \u00bb<\/li>\n<li style=\"text-align: justify;\"><a href=\"http:\/\/monperejeanmamy.fr\/?page_id=2657\">Dimanche 4 juillet<\/a> : \u00ab <em>La r\u00e9union de vendredi a \u00e9t\u00e9 excellente mais incompl\u00e8te. J\u2019y reviens le 19.<\/em> \u00bb<\/li>\n<li style=\"text-align: justify;\"><a href=\"http:\/\/monperejeanmamy.fr\/?page_id=2669\">Dimanche 11 juillet<\/a> : \u00ab <em>C\u2019est bient\u00f4t l\u2019anniversaire du grand, du superbe, du magnifique Fr\u00e9d\u00e9ric. Embrasse-le trois fois. Quatre ans ! Il va falloir rattraper le temps perdu. On fera des quadrupl\u00e9es.<\/em> \u00bb<\/li>\n<li style=\"text-align: justify;\"><a href=\"http:\/\/monperejeanmamy.fr\/?page_id=2672\">Samedi 17 juillet<\/a> : \u00ab <em>Apr\u00e8s une journ\u00e9e \u00e9touffante, serr\u00e9 dans une cellulaire chaude, encha\u00een\u00e9, cadenass\u00e9, trimball\u00e9 de cachot \u00e0 graffiti jusqu\u2019\u00e0 un bureau couvert de paperasses, et redescendu, cabriolet au poignet, jusqu\u2019au r\u00e9duit crasseux et grillag\u00e9, puis remis en bo\u00eete roulante pour retraverser Paris et sa banlieue entraper\u00e7us \u00e0 travers une fente de plaque de t\u00f4le, me voici dans cette excellente cellule fresnoise o\u00f9 j\u2019ai la joie d\u2019avoir sous mes yeux la photo souriante de la fille que j\u2019aime dans son cadre tout neuf qu\u2019un\u00a0 copain gracieux m\u2019a fabriqu\u00e9.<\/em> \u00bb<\/li>\n<li style=\"text-align: justify;\"><a href=\"http:\/\/monperejeanmamy.fr\/?page_id=2677\">Dimanche 25 juillet<\/a> : \u00ab .<em>quand tu veux bien comprendre (mais il faut longtemps) que ta place n\u2019est nullement menac\u00e9e, que tu ne la partages avec personne (alors qu\u2019il y a quelques ann\u00e9es tu avais toi-m\u00eame accept\u00e9 une situation de coulisse) [&#8230;] qu\u2019il n\u2019y a donc point \u00e0 revendiquer ce qui est d\u00e9j\u00e0 acquis <\/em>\u00bb<\/li>\n<li style=\"text-align: justify;\"><a href=\"http:\/\/monperejeanmamy.fr\/?page_id=2682\">Lundi 26 juillet<\/a> :\u00a0lettre, probablement \u00e9crite le lundi 26 juillet 1948, ni identifi\u00e9e par son matricule, ni tamponn\u00e9e par le visa de la censure.<\/li>\n<li style=\"text-align: justify;\"><a href=\"http:\/\/monperejeanmamy.fr\/?page_id=2689\">Lundi 2 ao\u00fbt<\/a> : \u00ab <em>On arrive \u00e0 vivre de fort peu de chose, et on se sent moins lourd. Bien que pour mon cas, une tasse d\u2019eau, un morceau de pain, me fassent encore engraisser. C\u2019est d\u00e9solant<\/em>. \u00bb<\/li>\n<li style=\"text-align: justify;\"><a href=\"http:\/\/monperejeanmamy.fr\/?page_id=2694\">Dimanche 8 ao\u00fbt<\/a> : \u00ab <em>je persiste \u00e0 dire que nos id\u00e9es \u00e9taient les meilleures et que tout prouve qu\u2019il faut r\u00e9soudre les probl\u00e8mes politiques par l\u2019autorit\u00e9.<\/em> \u00bb<\/li>\n<li style=\"text-align: justify;\"><a href=\"http:\/\/monperejeanmamy.fr\/?page_id=2700\">Dimanche 15 ao\u00fbt<\/a> : \u00ab <em>Voici que je t\u2019aime avec des mots neufs, tout brillants comme aluminium \u00e0 huit reflets, comme pi\u00e8ce d\u2019art savamment polie, comme m\u00e9canisme parfait pour tourner vite et d\u00e9biter sa passion au rythme voulu.<\/em> \u00bb<\/li>\n<li style=\"text-align: justify;\"><a href=\"http:\/\/monperejeanmamy.fr\/?page_id=2715\">Jeudi 19 ao\u00fbt <\/a>: \u00ab <em>Puisqu\u2019on t\u2019a pris ta place samedi, viens sans faute samedi prochain.<\/em> \u00bb<\/li>\n<li style=\"text-align: justify;\"><a href=\"http:\/\/monperejeanmamy.fr\/?page_id=2707\">Dimanche 22 ao\u00fbt<\/a> : \u00ab <em>\u00a0Et je crois aussi que nous serons sortis par la force des choses et non point pour des travaux de paix. Cette fois-ci le p\u00e8re No\u00ebl tiendra ses promesses [&#8230;] No\u00ebl. No\u00ebl\u2026 Tant crie-t-on No\u00ebl qu\u2019il vient..<\/em> \u00bb<\/li>\n<li style=\"text-align: justify;\"><a href=\"http:\/\/monperejeanmamy.fr\/?page_id=2711\">Dimanche 29 ao\u00fbt<\/a> : <em>\u00ab Je crois que pour nous l\u2019existence sera plus difficile encore dehors car ici nous ne nous heurtons qu\u2019\u00e0 des murs<\/em> \u00bb<\/li>\n<li style=\"text-align: justify;\"><a href=\"http:\/\/monperejeanmamy.fr\/?page_id=2722\">Dimanche 5 septembre<\/a> : \u00ab\u00a0<em>Fr\u00e9d\u00e9ric doit \u00eatre plus heureux \u00e0 Paris qu\u2019\u00e0 tourner en rond dans une maison de province. Les parloirs sont si courts que j\u2019h\u00e9site \u00e0 te dire de l\u2019amener quoique je br\u00fble de le voir, si grand, si blond, tout p\u00e9tillant de vie.<\/em> \u00bb<\/li>\n<li style=\"text-align: justify;\"><a href=\"http:\/\/monperejeanmamy.fr\/?page_id=2727\">Dimanche 12 septembre<\/a> : \u00ab <em>Le m\u00e9tier d\u2019auteur est aussi de peindre des visages, et le go\u00fbt de l\u2019amant est aussi de dessiner sur le papier vierge de l\u2019espoir le visage de celle qu\u2019il pr\u00e9f\u00e8re, parce que tous les mat\u00e9riaux contenus dans le c\u0153ur en d\u00e9sordre sont destin\u00e9s \u00e0 \u00eatre assembl\u00e9s avec patience.<\/em> \u00bb<\/li>\n<li style=\"text-align: justify;\"><a href=\"http:\/\/monperejeanmamy.fr\/?page_id=2731\">Mardi 14 septembre<\/a> : \u00ab <em>Nous autres encha\u00een\u00e9s, qui sommes les plus libres du monde, nous avons la chance d\u2019\u00eatre dans la meilleure position mentale possible pour attaquer toutes les erreurs de la terre<\/em> \u00bb<\/li>\n<li style=\"text-align: justify;\"><a href=\"http:\/\/monperejeanmamy.fr\/?page_id=2749\">Dimanche 26 septembre<\/a> : \u00ab <em>Ma cellule pue le p\u00e9trole car j\u2019ai fait d\u00e9sinfecter ce matin ma nouvelle paillasse o\u00f9 les punaises avaient \u00e9lu un domicile somptueux<\/em> \u00bb<\/li>\n<li style=\"text-align: justify;\"><a href=\"http:\/\/monperejeanmamy.fr\/?page_id=2753\">Dimanche 3 octobre<\/a> : \u00ab <em>Bien re\u00e7u ta lettre et ton mandat. Je voudrais te gronder avec une voix \u00e9norme. Je ne veux pas que tu m\u2019envoies d\u2019argent\u00a0! Tant pis pour ma corpulence qui se r\u00e9duira \u00e0 de justes proportions. La graisse est une inconvenance noto<\/em>ire<em> en ces temps restrictifs. Et je n\u2019y peux rien. Un verre d\u2019eau me gonfle [&#8230;] Je suis tout \u00e0 fait persuad\u00e9 que le P\u00e8re No\u00ebl sera tr\u00e8s gentil cette ann\u00e9e.<\/em>. \u00bb<\/li>\n<li style=\"text-align: justify;\"><a href=\"http:\/\/monperejeanmamy.fr\/?page_id=2759\">Dimanche 10 octobre<\/a> : \u00ab <em>Il faut vraiment que j\u2019ai bon caract\u00e8re, et je te prie d\u2019en convenir, pour supporter avec calme toutes les gosses temp\u00eates [&#8230;] Je sais bien que je suis afflig\u00e9 depuis toujours d\u2019une excellente m\u00e8re qui s\u2019est empress\u00e9e tous les jours de brouiller ma vie [&#8230;]\u00a0\u00a0mais je ne me doutais pas que tu avais autant de nerfs et que tu aurais r\u00e9agi avec tant de vivacit\u00e9 contre la derni\u00e8re maladresse. <\/em>\u00bb<\/li>\n<li style=\"text-align: justify;\"><a href=\"http:\/\/monperejeanmamy.fr\/?page_id=2763\">Lundi 18 octobre<\/a> : \u00ab <em>Donc, tu viens samedi. Satisfaite, hein\u00a0? Je ne crois pas qu\u2019il y ait maintenant un quelconque obstacle. Si ma m\u00e8re t\u2019oppose quoi que ce soit, rousp\u00e8te et maintient ton droit. C\u2019est ta place, et non celle de quiconque.\u00a0<\/em>\u00bb<\/li>\n<li style=\"text-align: justify;\"><a href=\"http:\/\/monperejeanmamy.fr\/?page_id=2768\">Dimanche 24 octobre<\/a> : \u00ab <em>Primo\u00a0: je n\u2019ai pas du tout l\u2019intention de mener une vie v\u00e9g\u00e9tative dans une \u00eele d\u00e9serte, sous la hutte, v\u00eatu d\u2019un pagne et partageant la pauvret\u00e9 end\u00e9mique des Polyn\u00e9siens. Tu auras ton content de fourrures, de voitures, de luxe et de maisons de pierre<\/em>. \u00bb<\/li>\n<li style=\"text-align: justify;\"><a href=\"http:\/\/monperejeanmamy.fr\/?page_id=2773\">Lundi 1<sup>er<\/sup> novembre<\/a> : \u00ab \u00a0<em>j\u2019ai des milliers d\u2019histoires \u00e0 raconter [&#8230;]\u00a0je les raconterai \u00e0 Fr\u00e9d\u00e9ric, qui m\u2019\u00e9coutera, lui. Du reste, je compte bien passer tout mon temps avec lui. Nous avons des secrets \u00e0 nous confier tous les deux, d\u2019homme \u00e0 homme, des choses qui ne regardent pas les femmes<\/em>. \u00bb<\/li>\n<li style=\"text-align: justify;\"><a href=\"http:\/\/monperejeanmamy.fr\/?page_id=2778\">Lundi 8 novembre<\/a> : \u00ab <em>Le go\u00fbt de la foule est toujours mauvais. Elle pr\u00e9f\u00e8re Sardou \u00e0 Corneille, Scribe \u00e0 Musset, Zola \u00e0 Baudelaire, Bernstein \u00e0 Claudel. La foule ne lit pas. Elle d\u00e9vore les bas morceaux. Elle va toujours au moins cher, non pas qu\u2019elle n\u2019a pas d\u2019argent (elle d\u00e9pense des fortune pour le tabac, l\u2019ap\u00e9ritif et la boustife) mais parce qu\u2019elle n\u2019a pas de go\u00fbt.<\/em> \u00bb<\/li>\n<li style=\"text-align: justify;\"><a href=\"http:\/\/monperejeanmamy.fr\/?page_id=2782\">Dimanche 14 novembre<\/a> : \u00ab <em>Enfin, j\u2019ai re\u00e7u de toi un bout de lettre cette semaine, un gentil bout de lettre, plein d\u2019affectueuses choses. O\u00f9 est le temps de mes trois lettres hebdomadaires ! Il y a deux ans on \u00e9tait plus bavarde.<\/em> \u00bb<\/li>\n<li style=\"text-align: justify;\"><a href=\"http:\/\/monperejeanmamy.fr\/?page_id=2787\">Dimanche 21 novembre<\/a> : \u00ab <em>J\u2019esp\u00e8re avoir un hiver tranquille (en tous cas, je serai moi-m\u00eame au sommet de la s\u00e9r\u00e9nit\u00e9), mais qui sait ? [&#8230;] J\u2019ai re\u00e7u tout \u00e0 l\u2019heure ma feuille avec citation de 40 t\u00e9moins. J\u2019envoie pneu \u00e0 Flo. Pour mettre tout en branle [&#8230;]\u00a0Je vais d\u00e9pouiller des notes que j\u2019ai ici, les mettre en ordre, au cas o\u00f9\u2026 <\/em>\u00bb<\/li>\n<li style=\"text-align: justify;\"><a href=\"http:\/\/monperejeanmamy.fr\/?page_id=2791\">Dimanche 28 novembre<\/a> : \u00ab <em>Je [&#8230;]\u00a0pense voir Leroy bient\u00f4t. Veux-tu lui t\u00e9l\u00e9phoner et lui demander de m\u2019apporter l\u2019acte d\u2019accusation (que je n\u2019ai jamais lu). Il faut aussi que je d\u00e9pouille avec lui tout le dossier que Flo. doit lui passer<\/em>. [&#8230;] <em>Je veux que Flo. continue \u00e0 mener l\u2019affaire jusqu\u2019au bout [&#8230;] Je pense que le verdict sera rendu le jour de No\u00ebl et que nous avions bien pr\u00e9vu pour ce jour l\u00e0 que le P\u00e8re No\u00ebl serait bon papa. Tu vois qu\u2019il vient un jour quand on le demande. Il faut toujours mettre ses souliers.<\/em>\u00a0\u00bb<\/li>\n<li style=\"text-align: justify;\"><a href=\"http:\/\/monperejeanmamy.fr\/?page_id=2796\">Lundi 6 d\u00e9cembre<\/a> : \u00ab <em>Si je te re\u00adcopiais ma lettre d\u2019il y a un an\u00a0? Tu l\u2019as d\u00e9j\u00e0 oubli\u00e9e. Tu auras l\u2019im\u00adpression de quelque chose de tout neuf. Celle d\u2019aujourd\u2019hui ne contient pas plus. Elle ne pouvait pas \u00eatre plus compl\u00e8te que l\u2019autre qui conte\u00adnait d\u00e9j\u00e0 tout.<br \/>\n<\/em><em><em>Est-ce que tu les gardes pour les relire\u00a0? Pas la peine. Je t\u2019en ferai d\u2019autres, \u00e0 l\u2019infini.<\/em><\/em> \u00bb<\/li>\n<li style=\"text-align: justify;\"><a href=\"http:\/\/monperejeanmamy.fr\/?page_id=2801\">Lundi 13 d\u00e9cembre<\/a> : \u00ab <em>tu as pris dans mon esprit une place totale, l\u00e9gitime [&#8230;]\u00a0tu t\u2019es impos\u00e9e comme le soutien absolu que j\u2019attendais depuis des ann\u00e9es<\/em> \u00bb<\/li>\n<li><a href=\"http:\/\/monperejeanmamy.fr\/?page_id=2806\">Mercredi 15 d\u00e9cembre<\/a> : \u00ab <em>Merci pour 25.000 \u2013 gros merci..<\/em> \u00bb<\/li>\n<li style=\"text-align: justify;\"><a href=\"http:\/\/monperejeanmamy.fr\/?page_id=2810\">Dimanche 26 d\u00e9cembre<\/a> : \u00ab <em>Quelle rage\u00a0! Quelle haine dans cette salle\u00a0! D\u00e8s qu\u2019on parle d\u2019Allemands, les gens deviennent furieux. Pauvre humanit\u00e9\u00a0! Seuls les deux communistes (Pierre Herv\u00e9 et la femme de No\u00ebl) se sont montr\u00e9s dignes et habiles. J\u2019estime ces adversaires. \u00bb<\/em><\/li>\n<li style=\"text-align: justify;\"><a href=\"http:\/\/monperejeanmamy.fr\/?page_id=2815\">Lundi 27 d\u00e9cembre<\/a> : \u00ab <em>La minute, o\u00f9, pendant cette suspension d\u2019audience, il m\u2019a \u00e9t\u00e9 permis de presser contre ma tempe ton front plein de tendresse, est une des plus pures de ma vie [&#8230;] J\u2019ai vu Leroy hier qui m\u2019a dit ton magnifique courage. \u00bb<\/em><\/li>\n<li style=\"text-align: justify;\"><a href=\"http:\/\/monperejeanmamy.fr\/?page_id=2819\">Mercredi 29 d\u00e9cembre<\/a> : \u00ab <em>Je te renouvelle le v\u0153u formel de mettre \u00e0 l\u2019abri tous mes manuscrits hors de chez toi, et, au cas o\u00f9 on te les demanderait, tu n\u2019ob\u00e9iras pas et tu les conserveras malgr\u00e9 toutes les menaces [&#8230;] R\u00e9cup\u00e8re tous les exemplaires. C\u2019est toi qui as tout. Et gardes les pr\u00e9cieusement. \u00bb<\/em><\/li>\n<li style=\"text-align: justify;\"><a href=\"http:\/\/monperejeanmamy.fr\/?page_id=2823\">Jeudi 30 d\u00e9cembre<\/a> : \u00ab <em>En redescendant, apr\u00e8s le verdict, j\u2019ai eu une grande heure de lucidit\u00e9 parfaite. Tout semblait si clair. Je n\u2019ai pas de place dans ce monde-l\u00e0. Il faut monter beaucoup plus haut. Vivre \u00e0 une altitude o\u00f9 la haine ne vous atteint plus.<\/em> \u00bb<\/li>\n<\/ul>\n<p>&nbsp;<\/p>\n<p>&nbsp;<\/p>\n","protected":false},"excerpt":{"rendered":"<p>Jeudi 1er janvier : \u00ab Bonne ann\u00e9e ! Cette fois-ci, c\u2019est la bonne [&#8230;] Et ce ciel bleu ne sera point la prison de nos r\u00eaves, mais la route de l\u2019infini.\u00bb Dimanche 4 janvier n\u00b01 : \u00ab Sois gentille d\u2019apporter &hellip; <a href=\"https:\/\/monperejeanmamy.fr\/?page_id=1328\">Continuer la lecture <span class=\"meta-nav\">&rarr;<\/span><\/a><\/p>\n","protected":false},"author":2,"featured_media":11,"parent":0,"menu_order":0,"comment_status":"closed","ping_status":"closed","template":"","meta":[],"folder":[],"_links":{"self":[{"href":"https:\/\/monperejeanmamy.fr\/index.php?rest_route=\/wp\/v2\/pages\/1328"}],"collection":[{"href":"https:\/\/monperejeanmamy.fr\/index.php?rest_route=\/wp\/v2\/pages"}],"about":[{"href":"https:\/\/monperejeanmamy.fr\/index.php?rest_route=\/wp\/v2\/types\/page"}],"author":[{"embeddable":true,"href":"https:\/\/monperejeanmamy.fr\/index.php?rest_route=\/wp\/v2\/users\/2"}],"replies":[{"embeddable":true,"href":"https:\/\/monperejeanmamy.fr\/index.php?rest_route=%2Fwp%2Fv2%2Fcomments&post=1328"}],"version-history":[{"count":29,"href":"https:\/\/monperejeanmamy.fr\/index.php?rest_route=\/wp\/v2\/pages\/1328\/revisions"}],"predecessor-version":[{"id":2832,"href":"https:\/\/monperejeanmamy.fr\/index.php?rest_route=\/wp\/v2\/pages\/1328\/revisions\/2832"}],"wp:featuredmedia":[{"embeddable":true,"href":"https:\/\/monperejeanmamy.fr\/index.php?rest_route=\/wp\/v2\/media\/11"}],"wp:attachment":[{"href":"https:\/\/monperejeanmamy.fr\/index.php?rest_route=%2Fwp%2Fv2%2Fmedia&parent=1328"}],"wp:term":[{"taxonomy":"folder","embeddable":true,"href":"https:\/\/monperejeanmamy.fr\/index.php?rest_route=%2Fwp%2Fv2%2Ffolder&post=1328"}],"curies":[{"name":"wp","href":"https:\/\/api.w.org\/{rel}","templated":true}]}}