{"id":1362,"date":"2021-03-12T16:46:31","date_gmt":"2021-03-12T15:46:31","guid":{"rendered":"http:\/\/monperejeanmamy.fr\/?page_id=1362"},"modified":"2021-04-09T12:00:20","modified_gmt":"2021-04-09T10:00:20","slug":"jm-a-jr-fresnes-45-12-23","status":"publish","type":"page","link":"https:\/\/monperejeanmamy.fr\/?page_id=1362","title":{"rendered":"JM \u00e0 JR (Fresnes 45\/12\/23)"},"content":{"rendered":"<p><strong>\u00a0<\/strong><a href=\"http:\/\/monperejeanmamy.fr\/?page_id=1364\"><img loading=\"lazy\" class=\"wp-image-1352 alignleft\" src=\"http:\/\/monperejeanmamy.fr\/wp-content\/uploads\/2021\/03\/Lettre-precedente.jpg\" alt=\"\" width=\"143\" height=\"78\" \/><\/a><a href=\"http:\/\/monperejeanmamy.fr\/?page_id=1956\"><img loading=\"lazy\" class=\"alignright wp-image-1353\" src=\"http:\/\/monperejeanmamy.fr\/wp-content\/uploads\/2021\/03\/Lettre-suivante.jpg\" alt=\"\" width=\"139\" height=\"76\" \/><\/a><\/p>\n<p style=\"text-align: center;\"><strong>Dimanche 23 d\u00e9cembre 1945<\/strong><\/p>\n<p style=\"text-align: center;\"><u>Ma<\/u> Ch\u00e8re petite Jeannette,<\/p>\n<p style=\"text-align: justify;\">(J&rsquo;ai rajout\u00e9 le <u>ma<\/u> apr\u00e8s r\u00e9flexion) et je rajouterai encore quoi ? Eh bien, ma ch\u00e9rie, tout simplement. Que veut-elle de plus cette enfant puisqu&rsquo;on l&rsquo;aime, c&rsquo;est qu&rsquo;on le lui dise. En avant donc, et qu&rsquo;elle soit r\u00e9compens\u00e9e de son attente.<\/p>\n<p style=\"text-align: justify;\">J&rsquo;ai re\u00e7u deux bien m\u00e9chantes lettres cette semaine, des lettres o\u00f9 l&rsquo;on se plaignait de moi \u2014et vraiment je n&rsquo;en vois pas la raison\u2014, des lettres o\u00f9 il y avait beaucoup plus de crainte et de d\u00e9couragement que d&rsquo;espoir et de certitude, des lettres o\u00f9 on croyait lire entre les lignes des choses m\u00e9chantes \u2014comme si on pouvait penser des choses m\u00e9chantes contre Jeannette\u2014, des lettres o\u00f9 l&rsquo;on jouait les d\u00e9sesp\u00e9r\u00e9es, les malheureuses, les abandonn\u00e9es. Bref, tout le romantisme curieux de la part de quelqu&rsquo;un si positif, si raisonnable, si peu exalt\u00e9 par la passion (eh, qui sait ? il faut se m\u00e9fier des petites filles muettes).<\/p>\n<p style=\"text-align: justify;\">Ceci appelle quelques explications et il faut mettre quelques petites choses au point pour que Jeannette n&rsquo;ait plus d&rsquo;incertitude. Tout d&rsquo;abord, je comprends ton tr\u00e8s grand d\u00e9sir de me voir rester \u00e0 Paris, apr\u00e8s ces \u00e9v\u00e9nements et de retrouver ici la situation cin\u00e9mateuse assez florissante que j&rsquo;avais. Moi, je ne demande pas mieux. Mais on ne fait pas toujours ce qu&rsquo;on veut dans la vie. Au contraire, il semble qu&rsquo;on fasse de plus en plus ce qu&rsquo;on peut, qui est subordonn\u00e9 \u00e0 ce qu&rsquo;on doit (oh, je ne me cr\u00e9e pas des devoirs sp\u00e9ciaux pour la circonstance). Les situations qu&rsquo;on a sont cr\u00e9\u00e9es beaucoup plus par la n\u00e9cessit\u00e9 que par la volont\u00e9. Chaque homme cherche \u00e0 acqu\u00e9rir le plus de possibilit\u00e9s en rencontrant le moins d&rsquo;obstacles possible. Or, <u>pour l&rsquo;instant<\/u>, il me semble totalement impossible d&rsquo;\u00e9voluer \u00e0 nouveau dans les sph\u00e8res o\u00f9 je vivais, \u00e0 moins que&#8230; Attendons. Il faut tout pr\u00e9voir, m\u00eame la fixation \u00e0 Paris&#8230; ou en France.<\/p>\n<p style=\"text-align: justify;\">En tous cas, que ce soit l\u00e0 ou l\u00e0, il n&rsquo;a jamais \u00e9t\u00e9 dans mes intentions de faire de la peine \u00e0 Jeannette, ni de l&rsquo;abandonner, puisqu&rsquo;il lui \u00e9tait promis la meilleure poche int\u00e9rieure du veston, celle o\u00f9 l&rsquo;on met les objets indispensables \u00e0 la vie. Donc, qu&rsquo;on ne lise pas \u2014bien au contraire\u2014 entre les lignes d&rsquo;une \u00ab\u00a0<em>glaciale indiff\u00e9rence<\/em>\u00a0\u00bb des phrases subtilement redoutables. Non ! Il ne m&rsquo;est pas permis de m&rsquo;\u00e9pancher \u00e0 souhait dans des lettres ouvertes \u00e0 tous les vents, et ce n&rsquo;est ni le lieu, ni l&rsquo;heure, de faire des d\u00e9clarations sentimentales inopportunes, mais j&rsquo;envisageais l&rsquo;avenir d&rsquo;une fa\u00e7on qui te plaira ou non, mais o\u00f9 tu n&rsquo;avais pas la mauvaise part. Il est certain que ma situation matrimoniale l\u00e9gale, avec le temps, ne peut s&rsquo;am\u00e9liorer que dans le sens de la libert\u00e9, et je ne crois pas qu&rsquo;il faille attendre tr\u00e8s longtemps pour que, d\u00e8s mon <u>premier<\/u> fils \u00e9mancip\u00e9, je ne sois d\u00e9livr\u00e9 en grande partie du souci de m&rsquo;astreindre \u00e0 des obligations qui durent encore, du fait de la n\u00e9cessit\u00e9 de pourvoir \u00e0 son \u00e9ducation. Pendant ce temps de patience, je ne crois pas que Jeannette sera n\u00e9glig\u00e9e, bien au contraire. Apr\u00e8s, si Jeannette a montr\u00e9 encore ce merveilleux caract\u00e8re qui est toujours de parfaite humeur et d&rsquo;inalt\u00e9rable gentillesse, nous tacherons de la contenter mieux encore. On ne r\u00e9colte dans la vie que ce qu&rsquo;on s\u00e8me, et je ne crois pas avoir jusqu&rsquo;\u00e0 pr\u00e9sent martyris\u00e9 un c\u0153ur sinc\u00e8re. Au contraire. Je l&rsquo;ai dirig\u00e9 dans le sens le meilleur pour qu&rsquo;il ne souffre pas, quelles que soient les circonstances, car nous n&rsquo;avons pas besoin, nous autres, hommes durs (en apparence), \u00e0 l&rsquo;\u00e2me froide ou br\u00fblante (selon les cas), de compagnes molles ou trop sensibles, mais au contraire de filles d&rsquo;une intelligence souple qui \u00e9pousent tous les ressauts et les luttes, et les attentes, et les pers\u00e9v\u00e9rances de la vie. Les filles modernes sont pourries par le cin\u00e9ma et le r\u00eave des fortunes gagn\u00e9es facilement. D&rsquo;autres sont abruties par les travaux domestiques. D&rsquo;autres sont futiles, coquettes, menteuses, faciles, fi\u00e8res \u2014idiotes dans tous les cas. D&rsquo;autres bassement sensuelles. D&rsquo;autres encore sans culture aucune. D&rsquo;autres zazous, jusqu&rsquo;\u00e0 l&rsquo;\u00e9c\u0153urement. Il y a des hommes qui, ayant fait beaucoup d&rsquo;exp\u00e9riences d\u00e9cevantes veulent construire sur une base infiniment plus simple et saine. Et g\u00e9n\u00e9ralement, tous les probl\u00e8mes se r\u00e9solvent vite par l&rsquo;affection mutuelle, une affection o\u00f9 n&rsquo;entre aucun motif \u00e9go\u00efste. \u00c9videmment l&rsquo;homme est souvent maladroit, brutal. Il se conduit comme un mammouth, comme le mufle qui s&rsquo;imagine que l&rsquo;amour est un sport, et la guerre un autre jeu. Il y en a d&rsquo;autres qui font de la misanthropie une vertu et qui, par misogynie, pr\u00e9f\u00e9reraient la p\u00eache \u00e0 la truite \u00e0 la noble vocation d&rsquo;\u00e9lever une famille. Mais, famille et amis d\u00e9pendent de la m\u00eame mentalit\u00e9 acharn\u00e9e \u00e0 construire. Il faut forger sa vie au feu terrible de l&rsquo;amour d\u00e9sint\u00e9ress\u00e9 et l\u00e0, peu \u00e0 peu, on \u00e9limine les scories et on arrive \u00e0 d\u00e9couvrir le pur m\u00e9tal de la solide affection. Voil\u00e0 ce que Jeannette doit savoir, pourquoi elle ne doit pas craindre, et surtout pourquoi elle peut regarder l&rsquo;avenir avec confiance. Mais que la vie est longue. On n&rsquo;ouvre pas les fleurs avec les doigts.<\/p>\n<p style=\"text-align: justify;\">Il y a du reste longtemps que nous nous connaissons petite fille. Pourquoi si longtemps ? Les vieux meubles comme les vieux amours sont les meilleurs. Nous l&rsquo;avons recuit au feu doux et jusqu&rsquo;\u00e0 pr\u00e9sent il n&rsquo;y a pas eu beaucoup de luttes terribles entre nous \u2014malgr\u00e9 mon tr\u00e8s mauvais caract\u00e8re, mon effroyable \u00e9go\u00efsme et ma glaciale indiff\u00e9rence. Et si tu veux qu&rsquo;on t&#8217;embrasse pour en finir avec ces explications, embrassons-nous et voil\u00e0 une grosse peine termin\u00e9e.<\/p>\n<p style=\"text-align: justify;\">D&rsquo;accord pour ce que tu me dis du c\u00f4t\u00e9 F. J&rsquo;esp\u00e8re et je suis s\u00fbr m\u00eame que c&rsquo;est la bonne voie. N\u00e9anmoins, j&rsquo;aurais pr\u00e9f\u00e9r\u00e9 le voir pour m&rsquo;entendre avec lui sur deux ou trois points. Je vais lui \u00e9crire tr\u00e8s bient\u00f4t. Quant \u00e0 tes amis, dis leur que j&rsquo;ai tout mon temps. S&rsquo;ils veulent m\u00eame que nous attendions le printemps. D&rsquo;accord. De l\u00e0 nous pourrons voir plus clair pour l&rsquo;\u00e9t\u00e9. Il y en a bien d&rsquo;autres dans ce cas. D&rsquo;ici o\u00f9 nous sommes, c&rsquo;est un merveilleux observatoire pour observer la vie politique. Et si nous concevons notre importance d&rsquo;apr\u00e8s les conseils qu&rsquo;on nous donne, nous ne sommes pas peu fiers.<\/p>\n<p style=\"text-align: justify;\">Je voudrais bien te voir. J&rsquo;avais du reste arrang\u00e9 cela avec ma m\u00e8re au d\u00e9but, mais \u00e9videmment comme tu le penses, on s&rsquo;est interpos\u00e9. Donc, je vais frapper du poing sur la table et exiger que tu viennes au parloir \u00e0 intervalles r\u00e9guliers. Veux-tu donc t\u00e9l\u00e9phoner \u00e0 ma m\u00e8re pour qu&rsquo;elle t&rsquo;indique le jour. Je pense que ce sera jeudi en huit. T\u00e2che ce jour-l\u00e0 de m&rsquo;apporter des nouvelles pr\u00e9cises sur ce que tu sais qui \u00e9tait contenu dans quelques phrases sibyllines d&rsquo;une de tes derni\u00e8res lettres, \u00e0 savoir que cela irait mieux pour nous dans trois ou quatre mois. Je te donnerai \u00e9galement quelques indications sur certaines d\u00e9marches possibles \u00e0 faire.<\/p>\n<p style=\"text-align: justify;\">Voil\u00e0 tout pour aujourd&rsquo;hui dimanche. Il fait un temps splendide et je vois d&rsquo;ici Fr\u00e9d\u00e9ric dans sa voiture, s&rsquo;amusant \u00e0 compter les arbres du Jardin des Plantes. On t&rsquo;en a donn\u00e9 un beau jouet, hein ? Qu&rsquo;est-ce que je peux t&rsquo;adresser pour No\u00ebl ? Des souhaits, des compliments, des po\u00e8mes. Tu n&rsquo;aimes pas mes vers, beaucoup trop compliqu\u00e9s. Fichtre. Je n&rsquo;ai malheureusement qu&rsquo;un public de psychiatres et de magistrats. Qu&rsquo;y faire ? La voil\u00e0 bien la tuile ! Mes vers ne sont pas f\u00e9minins ! Qui ne plait pas aux femmes est fichu en ce bas monde o\u00f9, quoiqu&rsquo;on le dise, le v\u00e9ritable gouvernement est le matriarcat.<\/p>\n<p style=\"text-align: justify;\">A demain lundi. J&rsquo;y rajouterai les trois lignes du jour. Tu verras qu&rsquo;elles sont toutes pareilles \u00e0 celles d&rsquo;aujourd&rsquo;hui, remplies de la m\u00eame tendresse, mais comme nous comprenons un peu plus le lendemain que la veille la beaut\u00e9 de la vie, tu auras encore davantage le sentiment que je t&rsquo;ai embrass\u00e9e l\u00e0 sur le bout de l&rsquo;oreille, et sur le coin du front, et dans le cou. Voil\u00e0, et que le maximum de l&rsquo;affection qu&rsquo;on te porte aujourd&rsquo;hui est le minimum de demain. Gare ! Nous allons tomber dans les progressions g\u00e9om\u00e9triques.<\/p>\n<h1 style=\"text-align: justify;\"><u>Jeudi matin<\/u>.<\/h1>\n<p style=\"text-align: justify;\">Patatras ! Voil\u00e0 que le courrier a \u00e9t\u00e9 supprim\u00e9 lundi parce que, probablement, c&rsquo;\u00e9tait vacances pour la censure. De sorte que mes pattes de mouches ne sont pas parties \u00e0 temps, mais les pens\u00e9es heureuses ont certainement rejoint leur destination et ce n&rsquo;est pas parce que l&rsquo;encre a s\u00e9ch\u00e9 pendant trois jours que le sentiment qui anime les mots est moins frais. J&rsquo;ai <u>enfin<\/u> re\u00e7u de ta part une lettre heureuse hier soir. Mais quelle sensitive que Jeannette. Il lui faut le soleil et le beau temps pour se r\u00e9jouir. N&rsquo;est-elle pas capable d&rsquo;affronter les probl\u00e8mes de la vie avec une profonde vie int\u00e9rieure qui l&rsquo;autorise \u00e0 surmonter tous les petits ou gros ennuis, en particulier la quotidienne agression mentale qui veut nous persuader \u00e0 toute force que nous sommes priv\u00e9s de notre ration d&rsquo;amour habituelle ? Je ne dis pas qu&rsquo;on doit \u00eatre heureux dans l&rsquo;absence de celui ou celle qu&rsquo;on aime, mais il faut \u00eatre heureux <u>malgr\u00e9<\/u> l&rsquo;absence physique, c&rsquo;est \u00e0 dire r\u00e9aliser les conditions de la pr\u00e9sence perp\u00e9tuelle qui finit toujours par se manifester et surmonter les pr\u00e9tentions de l&rsquo;absence. Voici bien des conseils moraux de grand matin. Cessons ces froidures et accordons \u00e0 Jeannette la chaleur totale de l&rsquo;affection qu&rsquo;elle veut et \u00e0 quoi elle a droit. Donc, on t&#8217;embrasse, puis on recommence jusqu&rsquo;\u00e0 ce que l&rsquo;envie t&rsquo;en soit pass\u00e9e. C&rsquo;est \u00e0 dire la faim d&rsquo;un moment. A bient\u00f4t te lire. A bient\u00f4t te voir au parloir, mais pas ailleurs, sauf dans la pleine et superbe et irr\u00e9m\u00e9diable libert\u00e9 qui ne saurait tarder, \u00e9tant donn\u00e9s les \u00e9v\u00e9nements que nous vivons. Le dernier colis \u00e9tait parfait. J&#8217;embrasse Fr\u00e9d\u00e9ric dans le cou et sa m\u00e8re sur les cheveux. Patience et calme.<\/p>\n<p>J<\/p>\n<p>&nbsp;<\/p>\n<p>&nbsp;<\/p>\n","protected":false},"excerpt":{"rendered":"<p>\u00a0 Dimanche 23 d\u00e9cembre 1945 Ma Ch\u00e8re petite Jeannette, (J&rsquo;ai rajout\u00e9 le ma apr\u00e8s r\u00e9flexion) et je rajouterai encore quoi ? Eh bien, ma ch\u00e9rie, tout simplement. Que veut-elle de plus cette enfant puisqu&rsquo;on l&rsquo;aime, c&rsquo;est qu&rsquo;on le lui dise. &hellip; <a href=\"https:\/\/monperejeanmamy.fr\/?page_id=1362\">Continuer la lecture <span class=\"meta-nav\">&rarr;<\/span><\/a><\/p>\n","protected":false},"author":2,"featured_media":11,"parent":0,"menu_order":0,"comment_status":"closed","ping_status":"closed","template":"","meta":[],"folder":[14],"_links":{"self":[{"href":"https:\/\/monperejeanmamy.fr\/index.php?rest_route=\/wp\/v2\/pages\/1362"}],"collection":[{"href":"https:\/\/monperejeanmamy.fr\/index.php?rest_route=\/wp\/v2\/pages"}],"about":[{"href":"https:\/\/monperejeanmamy.fr\/index.php?rest_route=\/wp\/v2\/types\/page"}],"author":[{"embeddable":true,"href":"https:\/\/monperejeanmamy.fr\/index.php?rest_route=\/wp\/v2\/users\/2"}],"replies":[{"embeddable":true,"href":"https:\/\/monperejeanmamy.fr\/index.php?rest_route=%2Fwp%2Fv2%2Fcomments&post=1362"}],"version-history":[{"count":3,"href":"https:\/\/monperejeanmamy.fr\/index.php?rest_route=\/wp\/v2\/pages\/1362\/revisions"}],"predecessor-version":[{"id":1964,"href":"https:\/\/monperejeanmamy.fr\/index.php?rest_route=\/wp\/v2\/pages\/1362\/revisions\/1964"}],"wp:featuredmedia":[{"embeddable":true,"href":"https:\/\/monperejeanmamy.fr\/index.php?rest_route=\/wp\/v2\/media\/11"}],"wp:attachment":[{"href":"https:\/\/monperejeanmamy.fr\/index.php?rest_route=%2Fwp%2Fv2%2Fmedia&parent=1362"}],"wp:term":[{"taxonomy":"folder","embeddable":true,"href":"https:\/\/monperejeanmamy.fr\/index.php?rest_route=%2Fwp%2Fv2%2Ffolder&post=1362"}],"curies":[{"name":"wp","href":"https:\/\/api.w.org\/{rel}","templated":true}]}}