{"id":1372,"date":"2021-03-12T16:51:14","date_gmt":"2021-03-12T15:51:14","guid":{"rendered":"http:\/\/monperejeanmamy.fr\/?page_id=1372"},"modified":"2021-04-07T16:28:28","modified_gmt":"2021-04-07T14:28:28","slug":"jm-a-jr-fresnes-45-11-05","status":"publish","type":"page","link":"https:\/\/monperejeanmamy.fr\/?page_id=1372","title":{"rendered":"JM \u00e0 JR (Fresnes 45\/11\/05)"},"content":{"rendered":"<p><strong>\u00a0<\/strong><a href=\"http:\/\/monperejeanmamy.fr\/?page_id=1374\"><img loading=\"lazy\" class=\"wp-image-1352 alignleft\" src=\"http:\/\/monperejeanmamy.fr\/wp-content\/uploads\/2021\/03\/Lettre-precedente.jpg\" alt=\"\" width=\"143\" height=\"78\" \/><\/a><a href=\"http:\/\/monperejeanmamy.fr\/?page_id=1370\"><img loading=\"lazy\" class=\"alignright wp-image-1353\" src=\"http:\/\/monperejeanmamy.fr\/wp-content\/uploads\/2021\/03\/Lettre-suivante.jpg\" alt=\"\" width=\"139\" height=\"76\" \/><\/a><\/p>\n<p style=\"text-align: center;\"><strong>Lundi 5 novembre 1945<\/strong><\/p>\n<p style=\"text-align: center;\">Ch\u00e8re petite Jeannette,<\/p>\n<p style=\"text-align: justify;\">D\u00e8s potron-minet (il est d\u00e9j\u00e0 huit heures, mais nous autres, nous sommes lev\u00e9s depuis six heures, nous avons d\u00e9j\u00e0 travaill\u00e9, lu, mang\u00e9, m\u00e9dit\u00e9, repass\u00e9, \u00e9crit, et patati et patata). D\u00e8s potron-minet dis-je, nous pensons \u00e0 la plus charmante des blondes, m\u00e8re de famille, sinon nombreuse (pas encore) du moins en possession du plus superbe m\u00e2le de la cr\u00e9ation. Nous pensons \u00e0 elle parce qu&rsquo;elle est gentille, parce qu&rsquo;elle nous t\u00e9moigne une affection constante (et encore, ce point de vue est \u00e9go\u00efste, ce n&rsquo;est pas pour cela), parce que <u>nous<\/u> lui t\u00e9moignons une affection aussi constante (voil\u00e0 qui est meilleur) et parce que <u>cela nous fait plaisir<\/u>. Eh Oui ! Quel pauvre point de vue humain que d&rsquo;avoir du plaisir que de penser \u00e0 certaines gens ? Pourquoi est-elle aussi blonde ? Pourquoi a-t-elle ces yeux l\u00e0 ? Quant au c\u0153ur, n&rsquo;en parlons pas. Nous en \u00e9prouverions de l&rsquo;\u00e9motion, et ce n&rsquo;est pas digne du guerrier r\u00e9barbatif que nous sommes, de l&rsquo;asc\u00e8te vers quoi nous tendons. Je sens que Jeannette est une grande tentation\u00a0 dans une vie qui doit \u00eatre consacr\u00e9e \u00e0 de saintes t\u00e2ches et il faudra que je consid\u00e8re le moyen de lui mettre une cornette et d&rsquo;en faire une religieuse, ou un&#8230; (passez moi l&rsquo;expression m\u00e9chante)&#8230; un dessus de chemin\u00e9e profane&#8230; ou bien&#8230; (comment pourrai-je me d\u00e9barrasser de ce tourment d&rsquo;avoir \u00e0 c\u00f4t\u00e9 de moi un d\u00e9mon charmant ?)&#8230; si je la mettais dans ma poche (celle du veston, \u00e0 gauche, \u00e0 l&rsquo;int\u00e9rieur). Voil\u00e0, n&rsquo;en parlons plus, la solution est trouv\u00e9e.<\/p>\n<p style=\"text-align: justify;\">Je me suis d\u00e9battu toute la nuit contre des cauchemars (et cela ne m&rsquo;arrive pas souvent). Il faut dire que cela a commenc\u00e9 par un rat. Nous avons un trou dans un coin de la cellule et ledit rat (ils sont peut-\u00eatre deux) vient faire toutes les nuits l&rsquo;office de ramasse-miettes. Je dois te dire que jusqu&rsquo;\u00e0 pr\u00e9sent je m&rsquo;en suis foutu \u00e9perdument et que cela ne m&rsquo;a pas emp\u00each\u00e9 de dormir du sommeil du juste, et du pur, et de l&rsquo;innocent tout \u00e0 la fois. Mais hier au soir, apr\u00e8s avoir mang\u00e9 des sardines \u00e0 l&rsquo;huile (d\u00e9licieuses, fournies par l&rsquo;administration), l&rsquo;estomac \u00e9tait l\u00e9g\u00e8rement lourd. Le rat a-t-il senti l&rsquo;huile dans ma moustache ? A peine \u00e9tais-je endormi qu&rsquo;il est venu me tirer la couverture pr\u00e8s de la t\u00eate. J&rsquo;ai grogn\u00e9 (sentiment peu chr\u00e9tien). J&rsquo;ai allum\u00e9 trois allumettes pour aller bourrer le trou de quelques chiffons, sans succ\u00e8s, et je me suis recouch\u00e9, m\u00e9content de cette visite que je n&rsquo;avais pas command\u00e9e. Les rats et les juges d&rsquo;instruction sont bien d\u00e9sagr\u00e9ables. Et je pr\u00e9f\u00e8re encore les derniers, quand ils sont objectifs.<\/p>\n<p style=\"text-align: justify;\">Je dois dire que cette \u00e9preuve m&rsquo;a m\u00fbri \u2014encore si possible\u2014 et que j&rsquo;en ai acquis depuis plusieurs heures une patience suppl\u00e9mentaire. Arrivera-t-il un moment o\u00f9 nous pourrons <u>tout<\/u> supporter ? Je crois que d&rsquo;autres sont pass\u00e9s par des \u00e9preuves encore plus difficiles. Ce n&rsquo;est pas souhaitable, mais je commence \u00e0 comprendre qu&rsquo;\u00e0 partir d&rsquo;une certaine dose d&rsquo;ennuis, un homme soit blind\u00e9. Nous nous forgeons des nerfs d&rsquo;acier. Ce minime incident du rat, ridicule en soi, a sa petite importance.<\/p>\n<p style=\"text-align: justify;\">De ce fait, d\u00e8s cinq heures du matin, je rem\u00e2chais des arguments politiques, et je t&rsquo;avoue que dans le duel que je vivais, mes adversaires en prenaient pour leur compte, et leur grade, et leur hypocrisie et leurs crimes. Je ne sais pas \u00e0 quoi ce genre de pr\u00e9paration mentale peut servir. Elle me conduira peut-\u00eatre \u00e0 Ste Anne ou aux assises (quoique maintenant tout se tasse). En tous cas, pour me d\u00e9brouiller l&rsquo;esprit, j&rsquo;ai \u00e9prouv\u00e9 ce matin la n\u00e9cessit\u00e9 de me r\u00e9conforter avec des images charmantes et c&rsquo;est pourquoi je t&rsquo;\u00e9cris. Veuille bien ne pas \u00e9prouver trop d&rsquo;orgueil de ces amabilit\u00e9s et les recevoir avec respect, attention et affection impersonnelle. Il ne faut pas contrarier les po\u00e8tes prisonniers.<\/p>\n<p style=\"text-align: justify;\">Je dois te dire \u00e9galement qu&rsquo;avant de commencer cette missive qui est aussi bien un journal, qu&rsquo;un roman, qu&rsquo;une \u00e9l\u00e9gie <a href=\"#_ftn1\" name=\"_ftnref1\">[1]<\/a> qu&rsquo;un souvenir, qu&rsquo;un espoir d&rsquo;avenir, que tout ce qu&rsquo;on voudra sauf une banalit\u00e9, car ce matin nous vivons pr\u00e9cis\u00e9ment sur les pointes d&rsquo;\u00e9pingle de notre super-sensibilit\u00e9, je me suis copieusement plong\u00e9 dans une bible r\u00e9confortante qui par del\u00e0 la vie et la mort, au-dessus de toutes contingences, m\u00e9prisante des mirages et des avanies humaines, vous r\u00e9tablit sur le seul plan o\u00f9 l&rsquo;homme puisse encore regarder clairement devant soi sans risquer de trouver des rats ou des salauds. Et ce n&rsquo;est pas le moindre r\u00e9confort que de savoir que tout est vanit\u00e9 dans ce monde de n\u00e9ant et que tel qui croit emmenotter son voisin avec des cha\u00eenes ou des lois s&#8217;emprisonne lui-m\u00eame dans son orgueil ou sa col\u00e8re. On y apprend que la vie y d\u00e9passe la mort autant que la lumi\u00e8re d\u00e9truit les t\u00e9n\u00e8bres et qu&rsquo;il est pu\u00e9ril de souhaiter la vengeance et la destruction, de s&rsquo;appesantir sur des ennemis ou des victimes, car la norme est r\u00e9tablie impeccablement par l&rsquo;\u00e9ternelle justice qui, elle, ne conna\u00eet pas de consid\u00e9rations particuli\u00e8res et juge les hommes sur leur capacit\u00e9 spirituelle, sur leur <u>poids d&rsquo;\u00e2me<\/u>, et non sur la fa\u00e7on dont ils sont momentan\u00e9ment bien en cour aupr\u00e8s des puissants du jour, qui sont les morts de demain. Les royaumes s&rsquo;\u00e9croulent et l&rsquo;\u00c9ternel reste, et fichtre, il vaut mieux avoir Dieu avec soi que le pape (ceci dit sans offusquer personne).<\/p>\n<p style=\"text-align: justify;\">Voici qui ne contentera peut-\u00eatre pas notre Jeannette, plus d\u00e9sireuse de compliments personnels que d&rsquo;arguments m\u00e9taphysiques. Et pourtant, n&rsquo;est-ce pas le moyen de trouver \u00e0 travers l&rsquo;\u00e9corce brillante de gentillesse et de charme, la v\u00e9ritable personne pleine de qualit\u00e9s rares, que de saluer en elle sa v\u00e9rit\u00e9 plut\u00f4t que ses dehors ? Je m&rsquo;en voudrais de froisser brutalement avec mes doigts \u00e9pais d&rsquo;apprenti cur\u00e9, ou sorcier, ou cardinal, ou litt\u00e9rateur, un esprit aussi d\u00e9licat qui ne demande qu&rsquo;\u00e0 se poser sur les jardins de la vie comme l&rsquo;oiseau joue avec la nature. C&rsquo;est pourquoi il vaut mieux ne point plaisanter avec des sujets aussi graves et nourrir le bel amour de Jeannette avec de grosses becqu\u00e9es sentimentales et plus encore. Il ne faut point encore l&rsquo;habituer au vinaigre, n\u00e9cessaire pourtant. Plus tard. Nous verrons. Pour l&rsquo;instant les enfants, les tout-petits r\u00e9clament du lait et des soins. C&rsquo;est pourquoi je t&rsquo;ai mis dans la poche gauche de mon veston. Y auras-tu assez chaud ? Prends garde. Il te faudra peut-\u00eatre une plaque d&rsquo;amiante. Il y a des jours o\u00f9 tout prend feu.<\/p>\n<p style=\"text-align: justify;\">Pour revenir sur terre, je crois que des d\u00e9cisions sont prises ces jours-ci qui vont am\u00e9liorer la situation. Ces d\u00e9cisions iront-elles jusqu&rsquo;\u00e0 l&rsquo;absoute totale ? Myst\u00e8re encore. Toutefois, \u00e0 travers les bobards qui ont circul\u00e9 ces temps derniers (et ici c&rsquo;est la maison), il se d\u00e9gage quelques v\u00e9rit\u00e9s. Il appara\u00eet qu&rsquo;on tente \u00e0 revenir \u00e0 une justice objective. Je ne dis pas tant mieux pour <u>eux<\/u>, car le mince cr\u00e9dit (tr\u00e8s mince) dont la France dispose encore dans le monde d\u00e9pend de la fa\u00e7on dont elle r\u00e9glera ses probl\u00e8mes et elle doit remonter une pente assez raide.<\/p>\n<p style=\"text-align: justify;\">Pour moi, j&rsquo;attends toujours, dans la lumi\u00e8re de la certitude et la foi de la confiance, le jour o\u00f9, \u00e9clatant de v\u00e9rit\u00e9, on s&rsquo;apercevra que toute la haine qu&rsquo;on s&rsquo;est jet\u00e9e \u00e0 la figure de tous les c\u00f4t\u00e9s \u00e9tait n\u00e9ant, et s&rsquo;il faut pour cela patienter, nous patienterons. S&rsquo;il faut hurler, nous hurlerons. S&rsquo;il faut se taire, nous ne dirons mot et s&rsquo;il faut dire que nous avons eu tort d&rsquo;\u00eatre violent, nous le dirons, et s&rsquo;il faut affirmer, contre vents et mar\u00e9es, que nous avons eu raison d&rsquo;\u00eatre pr\u00e9voyant, nous l&rsquo;affirmerons quelles que soient les cons\u00e9quences. A Dieu va ! Je me fous de toutes les cons\u00e9quences possibles de mes actes, si je suis dans la v\u00e9rit\u00e9, et si j&rsquo;agis consciemment avec la loi que je crois \u00eatre la plus haute et qui se v\u00e9rifie. Pour le reste, que les hommes fassent ce qu&rsquo;ils veulent. Ils ne peuvent rien.<\/p>\n<p style=\"text-align: justify;\">Je ne te demande pas des nouvelles de tes amis. J&rsquo;esp\u00e8re qu&rsquo;ils m&rsquo;oublient, \u00e0 moins que ce ne soit pour me dire d&rsquo;aller leur dire bonjour&#8230; \u00e0 pied, et librement.<\/p>\n<p style=\"text-align: justify;\">Mes bons b\u00e9cots fillette, et travaille bien. Le principal dans la vie est que la m\u00e8che de Fr\u00e9d\u00e9ric soit ou boucl\u00e9e ou peign\u00e9e. Hors cela, tout est vanit\u00e9, pu\u00e9rilit\u00e9, inutilit\u00e9. Veux-tu bien me faire parvenir une cinquantaine de feuilles de papier de ce format. Pour les feuilles de cahier, j&rsquo;en ai encore, mais il faudra y pourvoir dans quelques jours. Donc, en pr\u00e9vision&#8230;<\/p>\n<p style=\"text-align: justify;\">Pour les colis, \u00e0 partir du 15, si la d\u00e9cision est maintenue, ne plus mettre que des aliments<\/p>\n<ol>\n<li style=\"text-align: justify;\"><u>qui durent<\/u><\/li>\n<li style=\"text-align: justify;\"><u>qui s&rsquo;\u00e9talent sur le pain<\/u><\/li>\n<li style=\"text-align: justify;\">qui ne soient pas lourds<\/li>\n<\/ol>\n<p style=\"padding-left: 40px;\">et de deux sortes<\/p>\n<ol>\n<li style=\"list-style-type: none;\">\n<ol>\n<li>mati\u00e8res grasses<\/li>\n<li>sucreries.<\/li>\n<\/ol>\n<\/li>\n<\/ol>\n<p style=\"text-align: justify;\">Donc plus de cr\u00e8mosucre, plus de biscottes, plus d\u2019\u0153ufs, mais: poudre d\u2019\u0153ufs, cr\u00e8me, sucre, miel, <u>lard<\/u>, <u>beurre<\/u>, <u>hareng saur<\/u>, <u>sardines fra\u00eeches sal\u00e9es<\/u>. C&rsquo;est surtout la mati\u00e8re grasse qui convient et j&rsquo;esp\u00e8re que la d\u00e9cision sera rapport\u00e9e car fichtre, le suppl\u00e9ment de pain ne compense pas la diminution des colis. Gros, bons, longs baisers.<\/p>\n<p style=\"text-align: justify;\">J<\/p>\n<p style=\"text-align: justify;\"><u>Des allumettes SVP<\/u> !!!<\/p>\n<p style=\"text-align: justify;\">Je viens de recevoir le colis. Bravo. Merci. Dis \u00e0 ma m\u00e8re que mon veston va tr\u00e8s bien.<\/p>\n<p style=\"text-align: justify;\"><a href=\"#_ftnref1\" name=\"_ftn1\">[1]<\/a> \u00c9l\u00e9gie: po\u00e8me lyrique dont le ton est le plus souvent tendre et\u00a0 triste (Note de FGR)<\/p>\n<p>&nbsp;<\/p>\n<p>&nbsp;<\/p>\n","protected":false},"excerpt":{"rendered":"<p>\u00a0 Lundi 5 novembre 1945 Ch\u00e8re petite Jeannette, D\u00e8s potron-minet (il est d\u00e9j\u00e0 huit heures, mais nous autres, nous sommes lev\u00e9s depuis six heures, nous avons d\u00e9j\u00e0 travaill\u00e9, lu, mang\u00e9, m\u00e9dit\u00e9, repass\u00e9, \u00e9crit, et patati et patata). D\u00e8s potron-minet dis-je, &hellip; <a href=\"https:\/\/monperejeanmamy.fr\/?page_id=1372\">Continuer la lecture <span class=\"meta-nav\">&rarr;<\/span><\/a><\/p>\n","protected":false},"author":2,"featured_media":11,"parent":0,"menu_order":0,"comment_status":"closed","ping_status":"closed","template":"","meta":[],"folder":[],"_links":{"self":[{"href":"https:\/\/monperejeanmamy.fr\/index.php?rest_route=\/wp\/v2\/pages\/1372"}],"collection":[{"href":"https:\/\/monperejeanmamy.fr\/index.php?rest_route=\/wp\/v2\/pages"}],"about":[{"href":"https:\/\/monperejeanmamy.fr\/index.php?rest_route=\/wp\/v2\/types\/page"}],"author":[{"embeddable":true,"href":"https:\/\/monperejeanmamy.fr\/index.php?rest_route=\/wp\/v2\/users\/2"}],"replies":[{"embeddable":true,"href":"https:\/\/monperejeanmamy.fr\/index.php?rest_route=%2Fwp%2Fv2%2Fcomments&post=1372"}],"version-history":[{"count":4,"href":"https:\/\/monperejeanmamy.fr\/index.php?rest_route=\/wp\/v2\/pages\/1372\/revisions"}],"predecessor-version":[{"id":1932,"href":"https:\/\/monperejeanmamy.fr\/index.php?rest_route=\/wp\/v2\/pages\/1372\/revisions\/1932"}],"wp:featuredmedia":[{"embeddable":true,"href":"https:\/\/monperejeanmamy.fr\/index.php?rest_route=\/wp\/v2\/media\/11"}],"wp:attachment":[{"href":"https:\/\/monperejeanmamy.fr\/index.php?rest_route=%2Fwp%2Fv2%2Fmedia&parent=1372"}],"wp:term":[{"taxonomy":"folder","embeddable":true,"href":"https:\/\/monperejeanmamy.fr\/index.php?rest_route=%2Fwp%2Fv2%2Ffolder&post=1372"}],"curies":[{"name":"wp","href":"https:\/\/api.w.org\/{rel}","templated":true}]}}