{"id":1386,"date":"2021-03-12T16:58:27","date_gmt":"2021-03-12T15:58:27","guid":{"rendered":"http:\/\/monperejeanmamy.fr\/?page_id=1386"},"modified":"2024-01-20T11:25:57","modified_gmt":"2024-01-20T10:25:57","slug":"jm-a-jr-fresnes-45-09-10","status":"publish","type":"page","link":"https:\/\/monperejeanmamy.fr\/?page_id=1386","title":{"rendered":"JM \u00e0 JR (Fresnes 45\/09\/10)"},"content":{"rendered":"<p><strong>\u00a0<\/strong><a href=\"http:\/\/monperejeanmamy.fr\/?page_id=1388\"><img loading=\"lazy\" class=\"wp-image-1352 alignleft\" src=\"http:\/\/monperejeanmamy.fr\/wp-content\/uploads\/2021\/03\/Lettre-precedente.jpg\" alt=\"\" width=\"143\" height=\"78\" \/><\/a><a href=\"http:\/\/monperejeanmamy.fr\/?page_id=1384\"><img loading=\"lazy\" class=\"alignright wp-image-1353\" src=\"http:\/\/monperejeanmamy.fr\/wp-content\/uploads\/2021\/03\/Lettre-suivante.jpg\" alt=\"\" width=\"139\" height=\"76\" \/><\/a><\/p>\n<p style=\"text-align: center;\"><strong>Lundi\u00a0 10 septembre 1945<\/strong><\/p>\n<p style=\"text-align: center;\">Petite Jeannette ch\u00e9rie,<\/p>\n<p style=\"text-align: justify;\">Je viens de recevoir le colis pour lequel je dois encore te remercier beaucoup et affectueusement. Vous \u00eates gentilles tout plein, ma m\u00e8re et toi, de me combler ainsi, d&rsquo;autant plus qu&rsquo;il ne doit pas \u00eatre commode de trouver beaucoup de choses dehors et que les prix paraissent exorbitants. Veux-tu bien dire \u00e0 ma m\u00e8re d&rsquo;arr\u00eater maintenant les envois d&rsquo;ail. J&rsquo;en ai pour deux semaines. Il me faut aussi un peu de papier format comme celui-ci. Si tu as cela dans tes tiroirs,n&rsquo;y manques pas.<\/p>\n<p style=\"text-align: justify;\">Je crois que Jeannette a piqu\u00e9 une petite crise d&rsquo;inqui\u00e9tude se demandant ce que l&rsquo;avenir lui r\u00e9serve : un m\u00e9tier de P\u00e9n\u00e9lope ou les satisfactions d&rsquo;une pr\u00e9sence m\u00e2le assidue. Il faut r\u00e9pondre \u00e0 cela que nous n&rsquo;en savons rien ni l&rsquo;un ni l&rsquo;autre, mais qu&rsquo;il convient de ne pas se tourmenter. Premi\u00e8re \u00e9tape : sortir d&rsquo;ici. Apr\u00e8s nous ferons le point. J&rsquo;imagine beaucoup de choses, mais on se trompe quand on n&rsquo;est pas sur les lieux et la r\u00e9alit\u00e9 vous apporte souvent des surprises agr\u00e9ables ou d\u00e9sagr\u00e9ables.<\/p>\n<p style=\"text-align: justify;\">Aussi, le vendredi 7 septembre m&rsquo;a-t-il apport\u00e9 l&rsquo;annonce que j&rsquo;\u00e9tais inculp\u00e9 par le parquet de Chamb\u00e9ry pour des faits qui sont d\u00e9j\u00e0 \u00e0 l&rsquo;instruction ici. J&rsquo;ai transmis la feuille du mandat d&rsquo;arr\u00eat \u00e0 Mme Demercy en la priant de faire le n\u00e9cessaire. Je ne pense pas qu&rsquo;on me transf\u00e8re car le gros dossier est ici, et je crois que l\u00e0-bas, on a affaire \u00e0 des brouillons qui s&rsquo;imaginent avoir d\u00e9couvert la lune. Donc, cette annonce ne constituait pas un ennui suppl\u00e9mentaire. Simple incident.<\/p>\n<p style=\"text-align: justify;\">Pour le reste, la vie s&rsquo;\u00e9coule tranquille. Je voudrais bien avoir des pr\u00e9cisions en ce qui concerne le docteur, mais pour cela, je crois qu&rsquo;il faut attendre ce que va dire ou faire F. qui est certainement le seul et meilleur guide.<\/p>\n<p style=\"text-align: justify;\">Il me semble que dans ta derni\u00e8re lettre, les renseignements que tu me communiquais sont inexacts. Ils ne correspondent pas \u00e0 ce que disent la plupart des avocats. Il y a non seulement projet en cours, mais projet d\u00e9j\u00e0 sign\u00e9 concernant de nombreux cas. Nous allons vers la grosse d\u00e9tente. Mais cela ne me pr\u00e9occupe pas puisque nous cherchons une autre solution.<\/p>\n<p style=\"text-align: justify;\">Je reviens sur ta lettre du 31 ao\u00fbt. Bravo pour le Chili. Toujours utile. Pour les renseignements, continue \u00e0 rester en contact, mais tu m&rsquo;avais dit conna\u00eetre quelqu&rsquo;un de bien plac\u00e9 \u00e0 la J. Que dit-il celui-l\u00e0 ? Cherche <em>Questions Actuelles<\/em>. Merci pour les papiers concernant le proc\u00e8s P\u00e9tain. Non seulement utile, mais indispensable. Dis \u00e0 ma m\u00e8re qu&rsquo;elle m&rsquo;apporte des nouvelles du jeune homme qui est venu la voir. Pour tes amis, je souhaite ne pas les voir de si t\u00f4t. Nous avons le temps de bavarder de tout cela. Demande leur de ne pas \u00eatre press\u00e9s. Je ne comprends pas ce que tu me dis \u00e0 propos de <u>la Place<\/u> (!?!) car je n&rsquo;ai pas souvenir d&rsquo;une courte lettre envoy\u00e9e le samedi 18. Pas re\u00e7ue. de quoi s&rsquo;agit-il ?<\/p>\n<p style=\"text-align: justify;\">Ne mets plus de poudres de fruits. La r\u00e9serve me suffit pour trois semaines. Pas de lithin\u00e9s. La poudre d\u2019\u0153ufs est \u00e9patante: tr\u00e8s pratique et d\u00e9licieuse. Mais saches que le lard est le principal \u00e9l\u00e9ment du combat contre la p\u00e9nurie d&rsquo;aliments. De cela je ne remercierai jamais assez.<\/p>\n<p style=\"text-align: justify;\">Je n&rsquo;ose plus t&rsquo;interroger sur tes affaires et sur la question d&rsquo;argent. Tu me l&rsquo;as d\u00e9fendu. Donc j&rsquo;imagine que tout va bien. Pour le moral aussi. Quant au Fr\u00e9d\u00e9ric, il n&rsquo;est m\u00eame pas question de demander s&rsquo;il est beau gar\u00e7on et sage. C&rsquo;est le dieu des dieux.<\/p>\n<p style=\"text-align: justify;\">La p\u00e9riode actuelle commence \u00e0 \u00eatre la plus difficile. Un an de d\u00e9tention dans huit jours. Cette ann\u00e9e, si longue soit-elle, a pass\u00e9 tr\u00e8s vite car nous meublons le temps avec des repos et des poses bizarres : dans deux mois, dans un mois, etc&#8230; Nos rep\u00e8res, \u00e0 nous prisonniers, sont distants et s&rsquo;espacent de quinzaine en quinzaine. Et si l&rsquo;on me disait que tout serait fini dans trois mois, je dirai avec effarement que c&rsquo;est demain et que j&rsquo;ai tout juste le temps d&rsquo;accomplir quelques travaux urgents et rapides avant de partir car, s&rsquo;il le faut, j&rsquo;ai bien encore pour six \u00e0 neuf mois de travail sur le coin de ma table, \u00e0 condition d&rsquo;avoir l&rsquo;esprit tranquille. Faut-il l&rsquo;avoir ? Tout est l\u00e0. Nous avons pass\u00e9 le plus dur. Il s&rsquo;agit maintenant de d\u00e9brouiller d\u00e9finitivement la situation. Pour cela je compte sur Floriot. Mais je voudrais bien que ses promesses, ou ses esp\u00e9rances, se r\u00e9alisent. Sinon, nous irons \u00e0 la bataille courageusement. A moins qu&rsquo;on d\u00e9cide que nous ne battrons pas sur ce terrain et que notre cas ne m\u00e9rite pas de publicit\u00e9. De toutes fa\u00e7ons, je compte bien rester ma\u00eetre du terrain. Moins que jamais j&rsquo;ai l&rsquo;intention de c\u00e9der un pouce de ce qui m&rsquo;appartient : ma conviction absolue que nous avons agi pour le mieux dans l&rsquo;int\u00e9r\u00eat g\u00e9n\u00e9ral et que c&rsquo;est nous, et nous seulement, qui avions cent mille millions de fois raison. Et tout le prouve. Surtout le fait que nous soyons ici et nos adversaires en libert\u00e9. Il est plus honorable pour certains d&rsquo;avoir pass\u00e9 l&rsquo;ann\u00e9e en prison que dehors.<\/p>\n<p style=\"text-align: justify;\">Voila bien des paroles dures ou extravagantes, mais quoi ! La sinc\u00e9rit\u00e9 ne souffre pas de dissimulation et je ne veux pas ruser. Maintenant, je suis assez curieux de voir les nouvelles \u00e9preuves qui m&rsquo;attendent. Car, dans toutes choses il convient de consid\u00e9rer la fin, et pour des raisons personnelles, j&rsquo;aimerais autant que ceux que j&rsquo;aime ne souffrent pas de mes avaries politiques. C&rsquo;est la seule chose qui m&rsquo;a emp\u00each\u00e9 jusqu&rsquo;ici de me pr\u00e9cipiter au devant d&rsquo;un jugement tout fait, car bon Dieu ! le monde actuel ne vaut pas la peine qu&rsquo;on lui survive, et s&rsquo;il n&rsquo;y avait pas tant d&rsquo;amis et d&rsquo;int\u00e9r\u00eats \u00e0 sauver malgr\u00e9 tout, j&rsquo;avoue que je m&rsquo;offrirai de bon c\u0153ur aux coups d&rsquo;ennemis si m\u00e9chants et sectaires pour passer sur un autre plan plus agr\u00e9able, car la mort n&rsquo;est qu&rsquo;une transition. Toutefois, l&rsquo;id\u00e9e de vaincre de si m\u00e9chants arguments, tant de b\u00eatise et de bassesse, me tient \u00e0 c\u0153ur. Il faut vivre avec le grand id\u00e9al de savoir que la v\u00e9rit\u00e9 surnage et ne peut \u00eatre atteinte par tant de forces mat\u00e9rielles, m\u00e9caniciennes, atomiques. Les hommes d&rsquo;aujourd&rsquo;hui vont de plus en plus vers un socialisme animal, une coalition gr\u00e9gaire, qui satisfait leurs plus bas instincts dont le principal est l&rsquo;envie. O\u00f9 que soit la richesse (celle du c\u0153ur et de l&rsquo;esprit, la seule vraie), elle est vilipend\u00e9e et d\u00e9chir\u00e9e par des chiens qui s&rsquo;intitulent meneurs de foules. Cette coupe d&rsquo;amertume, nous l&rsquo;avons bue jusqu&rsquo;\u00e0 la lie. Il arrive bient\u00f4t le moment o\u00f9 les voyous se d\u00e9chireront entre eux et o\u00f9 l&rsquo;anarchie sera telle que le peuple lui-m\u00eame r\u00e9clamera un caporal et une trique. Pour l&rsquo;instant, nous apprenons la patience en regardant le sang couler.<\/p>\n<p style=\"text-align: justify;\">O petite fille na\u00efve, bonne m\u00e8re, mystique, aimante et toute simple, voici bien des choses dures pour une enfant si d\u00e9tach\u00e9e de la politique. O\u00f9 as tu \u00e9t\u00e9 fourrer ton nez et ton affection que t&rsquo;\u00e9prendre d&rsquo;un po\u00e8te qui s&rsquo;amouracha si facilement de la chose publique et qui est un passionn\u00e9 de la justice, un affam\u00e9 de l&rsquo;ordre, un maniaque de la hi\u00e9rarchie, un acharn\u00e9 d\u00e9tracteur de la m\u00e9diocrit\u00e9, un po\u00e8te qui vit dans sa tour d&rsquo;ivoire et plus encore d&rsquo;ivoire m\u00e9taphysique, dans le super-naturel, la nature transcendante, pour qui les soucis des amoureux de la poussi\u00e8re terrestre ne comptent plus. Voil\u00e0 ce qu&rsquo;un an de cellule a fait : un mystique qui s&rsquo;\u00e9prend de la solitude, de la claustration, du recueillement de la m\u00e9ditation. Bient\u00f4t le couvent. O\u00f9 que ce soit, la vie sera d\u00e9sormais monacale, familiale, peut-\u00eatre tumultueuse. Tels certains j\u00e9suites, ou certains r\u00e9volutionnaires, il faudra toujours \u00eatre pr\u00eat \u00e0 boucler sa valise. Nous vivrons donc avec une malle, quelques livres, du papier de r\u00e9serve et une encyclop\u00e9die portative : le <em>Tout en Un<\/em>.<\/p>\n<p style=\"text-align: justify;\">Ch\u00e9rie, je voudrais te faire rire, et il me semble que j&rsquo;y arriverai si je pouvais te prendre le bout de ton nez dans mes doigts d&rsquo;Aristarque <a href=\"#_ftn1\" name=\"_ftnref1\">[1]<\/a> et te faire suivre le chemin rim\u00e9 qui conduit \u00e0 la lune, la vraie, et non au cabanon. Il y a dans l&rsquo;air d&rsquo;innombrables voix qu&rsquo;on n&rsquo;entend gu\u00e8re quand le c\u0153ur ne bat que pour une passion. Je saurais te faire vivre sur d&rsquo;autres cordes raides que celles de la lessive qui, si sympathiques soient-elles servent \u00e0 faire s\u00e9cher les langes. Si quelquefois la France n&rsquo;est pas hospitalis\u00e9e aux rimailleurs qui veulent le bien des hommes malgr\u00e9 eux, nous irons dans quelque plan\u00e8te o\u00f9 Uranus, p\u00e8re de Saturne qui engendra tous les dieux dont Jupiter, nous fera une place de choix. A propos, Je vais probablement commencer quelque chose sur Astr\u00e9e. Ce sujet me tente. C&rsquo;est la d\u00e9esse de la Justice qui regagna les cieux quand elle fut \u00e9c\u0153ur\u00e9e des hommes. Seulement j&rsquo;attends que la patience ait fait m\u00fbrir mon jugement, de crainte qu&rsquo;on trouve dans cet \u00e9crit fumant des traces de passion personnelle.<\/p>\n<p style=\"text-align: justify;\">Apr\u00e8s tant de digressions litt\u00e9raires et pataphysiques, me sera-t-il permis de t&#8217;embrasser la main puis le front de Fr\u00e9d\u00e9ric, puis sa joue, puis la tienne, puis si tu y tiens et si j&rsquo;y trouve plaisir, tout ce qui peut consoler, \u00e9gayer, r\u00e9jouir ton esprit et ton c\u0153ur avide d&rsquo;affection. Mes baisers tendres.<\/p>\n<p style=\"text-align: justify;\">J<\/p>\n<p style=\"text-align: justify;\"><a href=\"#_ftnref1\" name=\"_ftn1\">[1]<\/a> Aristarque : critique \u00e9clair\u00e9 mais s\u00e9v\u00e8re (vieilli); du nom d&rsquo;Aristarque de Samos (310-320 av. J.-C.), pr\u00e9curseur de Copernic, qui eut le premier l&rsquo;id\u00e9e de la rotation de la Terre sur elle-m\u00eame et en m\u00eame temps autour du Soleil. Cette doctrine le fit accuser d&rsquo;impi\u00e9t\u00e9. Il avait aussi invent\u00e9 une m\u00e9thode permettant de calculer les distances relatives de la Terre au Soleil et \u00e0 la Lune (note de FGR)<\/p>\n<p>&nbsp;<\/p>\n","protected":false},"excerpt":{"rendered":"<p>\u00a0 Lundi\u00a0 10 septembre 1945 Petite Jeannette ch\u00e9rie, Je viens de recevoir le colis pour lequel je dois encore te remercier beaucoup et affectueusement. Vous \u00eates gentilles tout plein, ma m\u00e8re et toi, de me combler ainsi, d&rsquo;autant plus qu&rsquo;il &hellip; <a href=\"https:\/\/monperejeanmamy.fr\/?page_id=1386\">Continuer la lecture <span class=\"meta-nav\">&rarr;<\/span><\/a><\/p>\n","protected":false},"author":2,"featured_media":11,"parent":0,"menu_order":0,"comment_status":"closed","ping_status":"closed","template":"","meta":[],"folder":[],"_links":{"self":[{"href":"https:\/\/monperejeanmamy.fr\/index.php?rest_route=\/wp\/v2\/pages\/1386"}],"collection":[{"href":"https:\/\/monperejeanmamy.fr\/index.php?rest_route=\/wp\/v2\/pages"}],"about":[{"href":"https:\/\/monperejeanmamy.fr\/index.php?rest_route=\/wp\/v2\/types\/page"}],"author":[{"embeddable":true,"href":"https:\/\/monperejeanmamy.fr\/index.php?rest_route=\/wp\/v2\/users\/2"}],"replies":[{"embeddable":true,"href":"https:\/\/monperejeanmamy.fr\/index.php?rest_route=%2Fwp%2Fv2%2Fcomments&post=1386"}],"version-history":[{"count":4,"href":"https:\/\/monperejeanmamy.fr\/index.php?rest_route=\/wp\/v2\/pages\/1386\/revisions"}],"predecessor-version":[{"id":3211,"href":"https:\/\/monperejeanmamy.fr\/index.php?rest_route=\/wp\/v2\/pages\/1386\/revisions\/3211"}],"wp:featuredmedia":[{"embeddable":true,"href":"https:\/\/monperejeanmamy.fr\/index.php?rest_route=\/wp\/v2\/media\/11"}],"wp:attachment":[{"href":"https:\/\/monperejeanmamy.fr\/index.php?rest_route=%2Fwp%2Fv2%2Fmedia&parent=1386"}],"wp:term":[{"taxonomy":"folder","embeddable":true,"href":"https:\/\/monperejeanmamy.fr\/index.php?rest_route=%2Fwp%2Fv2%2Ffolder&post=1386"}],"curies":[{"name":"wp","href":"https:\/\/api.w.org\/{rel}","templated":true}]}}