{"id":1388,"date":"2021-03-12T16:59:16","date_gmt":"2021-03-12T15:59:16","guid":{"rendered":"http:\/\/monperejeanmamy.fr\/?page_id=1388"},"modified":"2021-04-06T08:50:08","modified_gmt":"2021-04-06T06:50:08","slug":"jm-a-jr-fresnes-45-09-02","status":"publish","type":"page","link":"https:\/\/monperejeanmamy.fr\/?page_id=1388","title":{"rendered":"JM \u00e0 JR (Fresnes 45\/09\/02)"},"content":{"rendered":"<p><strong>\u00a0<\/strong><a href=\"http:\/\/monperejeanmamy.fr\/?page_id=1390\"><img loading=\"lazy\" class=\"wp-image-1352 alignleft\" src=\"http:\/\/monperejeanmamy.fr\/wp-content\/uploads\/2021\/03\/Lettre-precedente.jpg\" alt=\"\" width=\"143\" height=\"78\" \/><\/a><a href=\"http:\/\/monperejeanmamy.fr\/?page_id=1386\"><img loading=\"lazy\" class=\"alignright wp-image-1353\" src=\"http:\/\/monperejeanmamy.fr\/wp-content\/uploads\/2021\/03\/Lettre-suivante.jpg\" alt=\"\" width=\"139\" height=\"76\" \/><\/a><\/p>\n<p style=\"text-align: center;\"><strong>Dimanche 2 septembre 1945<\/strong><\/p>\n<p style=\"text-align: center;\">Petite fille ch\u00e9rie,<\/p>\n<p style=\"text-align: justify;\">Voici encore des jours qui passent. Nouveau mois. Nous rapproche-t-il d&rsquo;\u00e9v\u00e9nements heureux ou d&rsquo;\u00e9ch\u00e9ances difficiles ? Je pense que de toutes fa\u00e7ons, m\u00eame s&rsquo;il nous faut encore subir quelques d\u00e9sagr\u00e9ments, nous nous acheminons vers la lumi\u00e8re et non point ces t\u00e9n\u00e8bres \u00e9paisses \u00e0 travers quoi l&rsquo;espoir ne devine rien que la haine sordide, que le mufle des fauves. Jusqu&rsquo;\u00e0 pr\u00e9sent, je n&rsquo;ai point \u00e0 me plaindre d&rsquo;avoir \u00e9t\u00e9 maltrait\u00e9. Faut-il croire instamment qu&rsquo;une providence toute puissante ait interdit qu&rsquo;on touche \u00e0 ceux qui sont de bonne foi dans leur action et leurs d\u00e9sirs ? Remercions la donc et sachons qu&rsquo;elle continuera son \u0153uvre. Nous n&rsquo;avons pas le droit de douter.<\/p>\n<p style=\"text-align: justify;\">Voil\u00e0 bien de la confiance. Mais qui n&rsquo;en n&rsquo;aurait pas quand on voit un si beau gros gar\u00e7on comme Fr\u00e9d\u00e9ric avec des yeux d&rsquo;une telle splendeur ? N&rsquo;y a-t-il pas chez les enfants de cet \u00e2ge d\u00e9j\u00e0 tout l&rsquo;infini qui est pass\u00e9 et qui ne peut p\u00e9rir puisqu&rsquo;ils sont l&rsquo;image \u00e9ternelle d&rsquo;une vertu supra-humaine, cette innocence sup\u00e9rieure qui les b\u00e9nit \u00e0 tout jamais et fait qu&rsquo;\u00e0 travers leur vie d&rsquo;homme (leur vie brutale, si elle est caut\u00e9ris\u00e9e par les proc\u00e9d\u00e9s nationalistes occidentaux) ils sauront se souvenir de leur fra\u00eecheur premi\u00e8re. A voir au d\u00e9but de sa vie tant de douceur et de f\u00e9minit\u00e9 autour de soi, tant de bonheur et de douce qui\u00e9tude oblige l&rsquo;individu \u00e0 partir dans la vie d&rsquo;un id\u00e9al qu&rsquo;il conservera durant toute son existence, et il est heureux, l&rsquo;enfant qui a trouv\u00e9 dans son berceau tant de f\u00e9es d\u00e9vou\u00e9es \u00e0 sa s\u00e9r\u00e9nit\u00e9.<\/p>\n<p style=\"text-align: justify;\">Voil\u00e0 bien des compliments pour une aussi petite personne, mais il les m\u00e9rite. Il est superbe ton gars. Et il s&rsquo;accroche tr\u00e8s bien aux barreaux de la cage \u00e0 poules. Il a le cheveu blond clair comme je ne le croyais pas, car sur les photos il me paraissait plut\u00f4t ch\u00e2tain. Quant \u00e0 ses yeux, ce sont des merveilles. L\u00e0, je ne me reconnais pas responsable. Finissons de louer ta prog\u00e9niture. Tu en concevrais de l&rsquo;orgueil. Il convient que tu saches qu&rsquo;une m\u00e8re n&rsquo;est que l&rsquo;instrument de la nature, comme le p\u00e8re du reste, et que les remerciements qu&rsquo;on peut lui adresser doivent de ce fait \u00eatre limit\u00e9s, \u00e0 sa virtuosit\u00e9 d&rsquo;ex\u00e9cutante. Tu as \u00e9t\u00e9 patiente et ob\u00e9issante. Voil\u00e0. Bravo !<\/p>\n<p style=\"text-align: justify;\">Foin des taquineries. J&rsquo;attendais des nouvelles de toi apr\u00e8s la visite que tu as d\u00fb faire vendredi. J&rsquo;esp\u00e8re que ce soir ou demain m&rsquo;apportera la lettre attendue. Pour l&rsquo;instant nous sommes calmes et tranquilles. Ce mois de septembre va montrer le v\u00e9ritable virage de la d\u00e9tente ou de la pr\u00e9-d\u00e9tente. Peut-\u00eatre faudra-t-il se bagarrer un peu dans quelque temps pour liquider la situation, mais je ne crois pas maintenant que nous soyons d\u00e9sormais plac\u00e9s dans les m\u00eames conditions o\u00f9 se sont d\u00e9battus depuis onze mois ceux qui nous ont pr\u00e9c\u00e9d\u00e9. Attendons avec confiance.<\/p>\n<p style=\"text-align: justify;\">J&rsquo;ai commenc\u00e9 cette lettre tout \u00e0 l&rsquo;heure et plusieurs interruptions m&rsquo;ont oblig\u00e9 \u00e0 la reprendre bout par bout. D&rsquo;abord la rentr\u00e9e de la promenade (o\u00f9 je ne suis pas all\u00e9, car il ne me disait rien d&rsquo;aller tourner dans une cage pendant une demi-heure, avec un certain empoisonneur qui m&rsquo;accroche \u00e0 chaque fois pour me demander mon avis sur tout, y compris la politique et les soins \u00e0 accorder aux escargots, et surtout pour me donner son avis sur tout. Comme il est l&rsquo;incomp\u00e9tence, la futilit\u00e9 et l&rsquo;ignorance elle-m\u00eame, nous ne manquons pas d&rsquo;\u00eatre bourr\u00e9 de bobards). Je restai donc dans ma cellule, o\u00f9 je pus proc\u00e9der \u00e0 un lessivage complet de ma digne personne, qui engraisse, faute d&rsquo;exercice. (n&rsquo;en d\u00e9duis pas que je mange trop, le morceau de lard est l&rsquo;essentiel du colis hebdomadaire, rien ne saurait remplacer ce bout de gras. Du reste, un peu de v\u00e9lo et de marche \u00e0 pied en sortant d&rsquo;ici feront rapidement tomber ce mauvais petit embonpoint qui s&rsquo;\u00e9vanouira aussi sous les massages du pr\u00e9pos\u00e9 aux bains turcs du boulevard Haussmann, o\u00f9 je compte bien me rincer et me gratter immod\u00e9r\u00e9ment pendant 8 jours de suite.<\/p>\n<p style=\"text-align: justify;\">Apr\u00e8s la promenade, culte protestant. Excellent sermon d&rsquo;un pasteur dans la chapelle de Fresnes o\u00f9 nous sommes parqu\u00e9s, embo\u00eet\u00e9s, enferm\u00e9s violemment dans une cellule individuelle d&rsquo;o\u00f9 ne d\u00e9passe que le museau. Au mur des copies de V\u00e9ron\u00e8se. C&rsquo;est toujours \u00e7a. Une bonne \u00ab\u00a0<em>C\u00e8ne<\/em> \u00bb et une bonne \u00ab\u00a0<em>mise au tombeau<\/em>\u00a0\u00bb avec des couleurs pas trop voyantes. Il semble m\u00eame qu&rsquo;il y ait un authentique Fran\u00e7ois de Sale. On se demande qui sont les g\u00e9n\u00e9reux donateurs. Peut-\u00eatre d&rsquo;anciens banquiers d\u00e9tenus. Les cabines sont couvertes d&rsquo;inscriptions politiques, personnelles, obscures ou mystiques. Curieux m\u00e9lange. Il passe ici le meilleur et le pire.<\/p>\n<p style=\"text-align: justify;\">Puis apr\u00e8s la rentr\u00e9e, la soupe est venue encore interrompre cette missive charg\u00e9e de passions. Une soupe aux haricots avec une trace de beurre (menu du dimanche), bonne du reste&#8230; A propos, ne m\u00e9nage pas le sucre, il est bien re\u00e7u. Je dis cela en pensant au fromage blanc qu&rsquo;on nous a octroy\u00e9. Demande \u00e0 ma m\u00e8re de m&rsquo;adjoindre \u00e0 mon linge un torchon et penser que je suis sur la fin de ma p\u00e2te dentifrice. Pour le reste, tout va bien.<\/p>\n<p style=\"text-align: justify;\">Le dictionnaire a d\u00e9j\u00e0 fonctionn\u00e9 beaucoup. Il \u00e9tait indispensable. On ne saurait vivre sans lui. C&rsquo;est une b\u00e9quille qui \u00e9vite des tas de pas inutiles. Et j&rsquo;ai trouv\u00e9 imm\u00e9diatement de quoi m&rsquo;int\u00e9resser passionn\u00e9ment. Ceci pr\u00e9pare pour le futur de grands travaux. Heureusement pour toi ce genre de copie est assez bref.<\/p>\n<p style=\"text-align: justify;\">Je remets ma lettre \u00e0 demain pour travailler. Des choses urgentes nous r\u00e9clament. Bonne nuit \u00e0 tous deux. Que les blonds et les blondes dorment en paix.<\/p>\n<h1 style=\"text-align: justify;\">Lundi<\/h1>\n<p style=\"text-align: justify;\">R\u00e9veil. D\u00e9jeuner (caf\u00e9 et saucisse colis). Grand nettoyage quotidien de la cellule. Lavage du plancher. Mise en \u00e9tat des paillasses, dispos\u00e9es en si\u00e8ges le long du mur. Lectures. D\u00e9j\u00e0 les avocats font descendre les clients. Branle-bas habituel des lundis. Apr\u00e8s une matin\u00e9e pass\u00e9e \u00e0 travailler, j&rsquo;enfilerai mon costume deux-pi\u00e8ces pour descendre chercher le colis hebdomadaire. Les bobards circulent d\u00e9j\u00e0 \u00e7a et l\u00e0. Tous les jours les plus pharamineuses utopies s&rsquo;\u00e9changent de fen\u00eatre \u00e0 fen\u00eatre. Fresnes vit dans la hantise de l&rsquo;amnistie. Tous se voient d\u00e9j\u00e0 lib\u00e9r\u00e9s, chacun souhaitant la satisfaction accord\u00e9e \u00e0 son \u00e9go\u00efsme particulier. Il faut dire que les meilleurs n&rsquo;ont pas ici perdu leur moral, ni le sens de leur mission. Quelle \u00e9cole politique splendide que la prison. Rien de tel pour m\u00fbrir les hommes.<\/p>\n<p style=\"text-align: justify;\">Je lis depuis hier la vie de Rama Krishma <a href=\"#_ftn1\" name=\"_ftnref1\">[1]<\/a> par Romain Rolland <a href=\"#_ftn2\" name=\"_ftnref2\">[2]<\/a>. Toute l&rsquo;Inde avec ses sectes, et ses bouleversements religieux y passe. On se sent devenir asc\u00e8te, brahmane, pr\u00eatre de la d\u00e9esse Kali, contempleur de l\u2019\u00ab Unit\u00e9 \u00bb, adeptes des veda <a href=\"#_ftn3\" name=\"_ftnref3\">[3]<\/a>. Si on faisait de Fr\u00e9d\u00e9ric un moine indien ? Il \u00e9pouserait symboliquement vers 25 ans une petite fille de cinq ans, et parcourrait le monde en pr\u00eachant le nouveau dogme, apr\u00e8s les rituels exercices yoghis, la mac\u00e9ration monacale, la chastet\u00e9 obligatoire, et le bronzage du corps du aux exercices mentaux. Bon m\u00e9tier que celui qui rapporte la vie \u00e9ternelle. Bien sup\u00e9rieur au march\u00e9 noir. Et puis voil\u00e0 un m\u00e9tier original qui ferait bavarder la famille. Il n&rsquo;est pas exclu que je ne l&rsquo;adopte pas pour moi, histoire d&rsquo;abord de faire causer le quartier. Ces occidentaux sont aga\u00e7ants avec leurs pr\u00e9jug\u00e9s la\u00efques. Ils ne veulent jamais sortir de leur petit cercle \u00e9troit et bourgeois. Plut\u00f4t que finir avec un chapeau melon et un col dur, il vaut mieux la chlamyde <a href=\"#_ftn4\" name=\"_ftnref4\">[4]<\/a> et le peplum, un temple au bord du Gange, les grands congr\u00e8s boudhiques de B\u00e9nar\u00e8s, le prestigieux \u00e9difice symbolique du Gaurisankar <a href=\"#_ftn5\" name=\"_ftnref5\">[5]<\/a>, qui incite \u00e0 l&rsquo;altitude de la pens\u00e9e, et les bouleversements fr\u00e9n\u00e9tiques de la loi M\u00e9l\u00e9cienne <a href=\"#_ftn6\" name=\"_ftnref6\">[6]<\/a> qui ravage les illusions mortelles et fait transpara\u00eetre le dieu sous-jacent. Qui sait ? Il arrivera bien le jour o\u00f9 il faudra fouler d&rsquo;un pied l\u00e9ger ou mentir les meilleurs attachements humains pour gagner les sommets transcendants de la m\u00e9taphysique pure apr\u00e8s \u00eatre pass\u00e9 par ceux de la po\u00e9sie, et tel qui plaisante aujourd&rsquo;hui parle s\u00e9rieusement pour demain.<\/p>\n<p style=\"text-align: justify;\">Toutefois il convient de ne pas \u00eatre brutal dans nos d\u00e9sir les meilleurs et de ne pas effaroucher les petites filles qui ne sont pas pr\u00eates pour d&rsquo;aussi p\u00e9nibles exp\u00e9riences. Donc, pendant le temps qui nous est d\u00e9volu encore, o\u00f9 il faut s&rsquo;occuper de choses plus ou moins terrestres, nous nous montrerons affectueux et patients au possible pour que le sourire ne se fige pas sur les l\u00e8vres qui ont besoin de baisers tendres. Voil\u00e0 bien des succions physiques, mais les concessions qu&rsquo;on fait \u00e0 la nature touchent peu \u00e0 peu \u00e0 l&rsquo;\u00e2me et s\u00e8ment leurs grains au profond de l&rsquo;esprit. Je t&#8217;embrasse donc avec gentillesse. Souhaitons que l&rsquo;avenir se r\u00e9v\u00e8le bient\u00f4t plus cl\u00e9ment, que la semaine soit heureuse et tranquille. Que ce pays reprenne ordre, sant\u00e9, couleur. Il se peut alors qu&rsquo;il soit vivable. Sinon, nous trouverons bien un coin sur la terre o\u00f9 poser sa t\u00eate et regarder aux \u00e9toiles dont Fr\u00e9d\u00e9ric n&rsquo;est pas la moindre, ni sa m\u00e8re non plus. A bient\u00f4t.<\/p>\n<p style=\"text-align: justify;\">J<\/p>\n<p style=\"text-align: justify;\"><a href=\"#_ftnref1\" name=\"_ftn1\">[1]<\/a> R\u00e2makrishna Paramahamsa de son vrai nom Gad\u00e2dhar Chattop\u00e2dhy\u00e2ya (Kamarpukur, pr\u00e8s de Calcutta, 18 f\u00e9vrier 1836-Calcutta 16 ao\u00fbt 1886) est un mystique bengali hindouiste majeur de la p\u00e9riode contemporaine. D\u00e9vot de K\u00e2li et enseignant de l&rsquo;Advaita Vedanta, il professait que \u00ab\u00a0toutes les religions recherchent le m\u00eame but\u00a0\u00bb et pla\u00e7ait la spiritualit\u00e9 au-dessus de tout ritualisme. (note de FGR issue de Wikip\u00e9dia)<br \/>\n<a href=\"#_ftnref2\" name=\"_ftn2\">[2]<\/a> <em>La vie de R\u00e2ma Krishna<\/em> par Romain Rolland<br \/>\n<a href=\"#_ftnref3\" name=\"_ftn3\">[3]<\/a> Veda: mot sanscrit signifiant \u00ab\u00a0le savoir\u00a0\u00bb. Ensemble de textes r\u00e9put\u00e9s r\u00e9v\u00e9l\u00e9s par Brahms (Note de FGR)<br \/>\n<a href=\"#_ftnref4\" name=\"_ftn4\">[4]<\/a> Chlamyde: manteau des anciens Grecs, d&rsquo;origine thessalienne (Note de FGR)<br \/>\n<a href=\"#_ftnref5\" name=\"_ftn5\">[5]<\/a> Gaurisankar: sommet de l&rsquo;Himalaya (N\u00e9pal), 7145 m (Note de FGR)<br \/>\n<a href=\"#_ftnref6\" name=\"_ftn6\">[6]<\/a> M\u00e9l\u00e9cien: Disciple d&rsquo;un \u00e9v\u00e8que de Lycopolis (Egypte), M\u00e9l\u00e8ce, qui, au IV<sup>\u00e8me<\/sup> s., se montra dur \u00e0 l&rsquo;\u00e9gard des apostats, puis provoqua un schisme qui se prolongea jusqu&rsquo;au V<sup>\u00e8me<\/sup> s. (Note de FGR)<\/p>\n<p>&nbsp;<\/p>\n<p>&nbsp;<\/p>\n","protected":false},"excerpt":{"rendered":"<p>\u00a0 Dimanche 2 septembre 1945 Petite fille ch\u00e9rie, Voici encore des jours qui passent. Nouveau mois. Nous rapproche-t-il d&rsquo;\u00e9v\u00e9nements heureux ou d&rsquo;\u00e9ch\u00e9ances difficiles ? Je pense que de toutes fa\u00e7ons, m\u00eame s&rsquo;il nous faut encore subir quelques d\u00e9sagr\u00e9ments, nous nous &hellip; <a href=\"https:\/\/monperejeanmamy.fr\/?page_id=1388\">Continuer la lecture <span class=\"meta-nav\">&rarr;<\/span><\/a><\/p>\n","protected":false},"author":2,"featured_media":11,"parent":0,"menu_order":0,"comment_status":"closed","ping_status":"closed","template":"","meta":[],"folder":[],"_links":{"self":[{"href":"https:\/\/monperejeanmamy.fr\/index.php?rest_route=\/wp\/v2\/pages\/1388"}],"collection":[{"href":"https:\/\/monperejeanmamy.fr\/index.php?rest_route=\/wp\/v2\/pages"}],"about":[{"href":"https:\/\/monperejeanmamy.fr\/index.php?rest_route=\/wp\/v2\/types\/page"}],"author":[{"embeddable":true,"href":"https:\/\/monperejeanmamy.fr\/index.php?rest_route=\/wp\/v2\/users\/2"}],"replies":[{"embeddable":true,"href":"https:\/\/monperejeanmamy.fr\/index.php?rest_route=%2Fwp%2Fv2%2Fcomments&post=1388"}],"version-history":[{"count":4,"href":"https:\/\/monperejeanmamy.fr\/index.php?rest_route=\/wp\/v2\/pages\/1388\/revisions"}],"predecessor-version":[{"id":1886,"href":"https:\/\/monperejeanmamy.fr\/index.php?rest_route=\/wp\/v2\/pages\/1388\/revisions\/1886"}],"wp:featuredmedia":[{"embeddable":true,"href":"https:\/\/monperejeanmamy.fr\/index.php?rest_route=\/wp\/v2\/media\/11"}],"wp:attachment":[{"href":"https:\/\/monperejeanmamy.fr\/index.php?rest_route=%2Fwp%2Fv2%2Fmedia&parent=1388"}],"wp:term":[{"taxonomy":"folder","embeddable":true,"href":"https:\/\/monperejeanmamy.fr\/index.php?rest_route=%2Fwp%2Fv2%2Ffolder&post=1388"}],"curies":[{"name":"wp","href":"https:\/\/api.w.org\/{rel}","templated":true}]}}