{"id":1418,"date":"2021-03-12T17:21:32","date_gmt":"2021-03-12T16:21:32","guid":{"rendered":"http:\/\/monperejeanmamy.fr\/?page_id=1418"},"modified":"2021-03-13T09:01:18","modified_gmt":"2021-03-13T08:01:18","slug":"jm-a-jr-fresnes-45-04-16","status":"publish","type":"page","link":"https:\/\/monperejeanmamy.fr\/?page_id=1418","title":{"rendered":"JM \u00e0 JR (Fresnes 45\/04\/16)"},"content":{"rendered":"<p><strong>\u00a0<\/strong><a href=\"http:\/\/monperejeanmamy.fr\/?page_id=1420\"><img loading=\"lazy\" class=\"wp-image-1352 alignleft\" src=\"http:\/\/monperejeanmamy.fr\/wp-content\/uploads\/2021\/03\/Lettre-precedente.jpg\" alt=\"\" width=\"143\" height=\"78\" \/><\/a><a href=\"http:\/\/monperejeanmamy.fr\/?page_id=1416\"><img loading=\"lazy\" class=\"alignright wp-image-1353\" src=\"http:\/\/monperejeanmamy.fr\/wp-content\/uploads\/2021\/03\/Lettre-suivante.jpg\" alt=\"\" width=\"139\" height=\"76\" \/><\/a><\/p>\n<p style=\"text-align: center;\"><strong>Lundi 16 avril 1945<\/strong><\/p>\n<p style=\"text-align: center;\">Ch\u00e8re petite Jeannette,<\/p>\n<p style=\"text-align: justify;\">Je re\u00e7ois aujourd&rsquo;hui ton pneumatique du 8 mars(!!!) adress\u00e9 \u00e0 Fresnes le mois dernier sans num\u00e9ro de cellule. Les lettres sont longues \u00e0 parvenir dans ces conditions. Donc il faut bien mettre l&rsquo;adresse.<\/p>\n<p style=\"text-align: justify;\">Tout d&rsquo;abord j&rsquo;ai d\u00e9cid\u00e9 de cesser ce vouvoiement inutile. Jeannette est trop petite et trop gentille pour qu&rsquo;on lui dise vous. J&rsquo;esp\u00e8re que tout va bien, que b\u00e9b\u00e9 se porte comme un charme et que sa m\u00e8re a bon moral aussi. Les enfants sont toujours insouciants et gais.<\/p>\n<p style=\"text-align: justify;\">Je te verrai demain chez le juge d&rsquo;instruction. Mais il n&rsquo;est pas inutile de r\u00e9p\u00e9ter par lettre ce qu&rsquo;on se dit c\u00e9r\u00e9monieusement dans un bureau officiel, d&rsquo;autant plus que les instants sont compt\u00e9s l\u00e0-bas et que les t\u00e9moins sont g\u00eanants.<\/p>\n<p style=\"text-align: justify; padding-left: 40px;\">1\u00b0\/ <u>Affaires<\/u>\u00a0: <em>Lancelot<\/em> est termin\u00e9. C&rsquo;est la secr\u00e9taire de Me Floriot qui a le manuscrit. Il faudrait le taper le plus vite possible, en le plus d&rsquo;exemplaires possibles (6). Puis, une fois tap\u00e9, le relier dans une chemise solide et le confier \u00e0 ma m\u00e8re qui fera le n\u00e9cessaire. Je crois la pi\u00e8ce termin\u00e9e maintenant, mais j&rsquo;aimerais bien avoir ton avis l\u00e0 dessus.<\/p>\n<p style=\"text-align: justify; padding-left: 40px;\">2\u00b0\/ Il me faudrait a) un crayon encre b) de l&rsquo;encre bien noire ou bien bleue ou bien bleu-noir, enfin une encre\u00a0!<\/p>\n<p style=\"text-align: justify; padding-left: 40px;\">3\u00b0\/ une ou deux chemises cartonn\u00e9es pour mes dossiers.<\/p>\n<p style=\"text-align: justify; padding-left: 40px;\">4\u00b0\/ un peu de farine \u00e0 d\u00e9layer \u00e0 froid dans la soupe \u2014un paquet tous les 15 jours. A convenir avec ma m\u00e8re.<\/p>\n<p style=\"text-align: justify;\">Pour le reste, les colis vont bien, sauf que 3 kgs c&rsquo;est tr\u00e8s court, et qu&rsquo;on tire la langue d\u00e8s le mardi. Enfin, esp\u00e9rons que les temps s&rsquo;am\u00e9lioreront.<\/p>\n<p style=\"text-align: justify;\">Le moral est excellent. Nous tiendrons le temps qu&rsquo;il faut et nous sortirons de tous ces ennuis. Je commence \u00e0 en avoir l&rsquo;absolue certitude, mais pour l&rsquo;instant il faut encore patienter. Toutefois, ma cause s&rsquo;am\u00e9liore de jour en jour. La v\u00e9rit\u00e9 commence \u00e0 appara\u00eetre, enfin ! Bient\u00f4t on rendra justice \u00e0 notre clairvoyance. Il y a beaucoup de points sur lesquels nous ne nous \u00e9tions pas tromp\u00e9s. Ce qui fait que dans quelque temps on ne nous fera peut-\u00eatre plus de proc\u00e8s. C&rsquo;est nous au contraire qui feront le proc\u00e8s des erreurs qui essaient de nous atteindre.<\/p>\n<p style=\"text-align: justify;\">En attendant, je me r\u00e9jouis de te voir demain quoique les minutes soient tr\u00e8s br\u00e8ves. Elles sont d&rsquo;autant plus courtes qu&rsquo;on les compte !! Ces journ\u00e9es d&rsquo;interrogatoire sont toujours fatigantes. On vous fait lever \u00e0 6h\u00bd du matin et l&rsquo;on rentre \u00e0 7h du soir apr\u00e8s des voyages esquintants debout en voiture cellulaire ferm\u00e9e. J&rsquo;esp\u00e8re qu&rsquo;un jour j&rsquo;aurais le droit de me promener sans menottes aux mains et de pouvoir prendre le m\u00e9tro de mon choix \u2014ou bien le train\u2014 ou bien l&rsquo;avion\u2014 ou bien le bateau\u2014 et fuir des populations hostiles. J&rsquo;en ai soup\u00e9 de pr\u00eacher des solutions raisonnables \u00e0 des sagouins. S&rsquo;ils veulent un r\u00e9gime de chienlit, grand bien leur fasse. Je ne les emp\u00eache plus de danser en rond, mais j&rsquo;irai un peu plus loin, l\u00e0 o\u00f9 on n&rsquo;entend pas les flonflons de l&rsquo;orchestre \u2014bastringue. Pour moi, le seul mot de D\u00e9mocratie me fait maintenant fuir jusqu&rsquo;au P\u00f4le Sud. Je pr\u00e9f\u00e8re la jungle et ses animaux f\u00e9roces \u00e0 la soci\u00e9t\u00e9 des brutes d\u00e9cha\u00een\u00e9es. Les animaux au moins sont possiblement apprivoisables, les hommes, pas.<\/p>\n<p style=\"text-align: justify;\">Voil\u00e0 bien du pessimisme. Heureusement qu&rsquo;il ne s&rsquo;agit que de boutades. Mais la prison vous modifie beaucoup. On r\u00e9fl\u00e9chit. On m\u00e9dite, On travaille. En sortant, j&rsquo;aurai dans les mains de quoi \u00e9puiser une secr\u00e9taire active. Et l&rsquo;on ne sait pas au fond les travaux qui nous attendront \u00e0 la sortie. Peut-\u00eatre seront nous embauch\u00e9s dans des travaux politiques gigantesques. L&rsquo;\u0153uvre qui se pr\u00e9sente \u00e0 nous est toujours d\u00e9tectable d\u00e8s maintenant par intuition.<\/p>\n<p style=\"text-align: justify;\">Petite Jeannette, nous aurons certainement encore beaucoup de jours heureux o\u00f9 nous pourrons retrouver un peu de calme et de d\u00e9tente. Heureusement la guerre, ni la r\u00e9volution, ni la r\u00e9pression, ni l&rsquo;\u00e9puration ne durent toujours. Le temps que la foule soit calm\u00e9e, que l&rsquo;ordre revienne dans les mentalit\u00e9s et nous repartirons du bon pied.<\/p>\n<p style=\"text-align: justify;\">\u00c9cris-moi souvent, comme tu le veux, comme il te plait. Et si tu as une photo de trop avec un bon \u00e9clairage moderne, une photo o\u00f9 l&rsquo;on voit bien tes yeux brillants et ta frimousse gentiment chiffonn\u00e9e, tu peux me l&rsquo;envoyer. Elle me rappellera des heures pass\u00e9es comme des promesses futures.<\/p>\n<p style=\"text-align: justify;\">Je suis d\u00e9sol\u00e9 de ne pouvoir t&rsquo;envoyer d&rsquo;argent. As-tu ce qu&rsquo;il te faut ? Comment te d\u00e9brouilles-tu ? Il faut me dire tout. Quel dommage que ces salauds t&rsquo;aient pris les livres et la machine \u00e0 \u00e9crire. Il y en avait pour au moins 30 \u00e0 35000 francs. C&rsquo;\u00e9tait toujours \u00e7\u00e0. J&rsquo;esp\u00e8re bien leur faire payer un jour.<\/p>\n<p style=\"text-align: justify;\">\u00c0 bient\u00f4t petite Jeannette. \u00c0 demain se voir. \u00c0 bient\u00f4t te lire. Et mes bons baisers affectueusement. Grosses bises au pitchounet. Bonjour \u00e0 ta maman et \u00e0 ta s\u0153ur. Je pr\u00e9sume que tout le monde est fou du gosse et que cet enfant doit \u00eatre pourri de caresses, au milieu de tant de femmes d\u00e9vou\u00e9es. Ne le mange pas trop.<\/p>\n<p>&nbsp;<\/p>\n<p>&nbsp;<\/p>\n","protected":false},"excerpt":{"rendered":"<p>\u00a0 Lundi 16 avril 1945 Ch\u00e8re petite Jeannette, Je re\u00e7ois aujourd&rsquo;hui ton pneumatique du 8 mars(!!!) adress\u00e9 \u00e0 Fresnes le mois dernier sans num\u00e9ro de cellule. Les lettres sont longues \u00e0 parvenir dans ces conditions. Donc il faut bien mettre &hellip; <a href=\"https:\/\/monperejeanmamy.fr\/?page_id=1418\">Continuer la lecture <span class=\"meta-nav\">&rarr;<\/span><\/a><\/p>\n","protected":false},"author":2,"featured_media":11,"parent":0,"menu_order":0,"comment_status":"closed","ping_status":"closed","template":"","meta":[],"folder":[],"_links":{"self":[{"href":"https:\/\/monperejeanmamy.fr\/index.php?rest_route=\/wp\/v2\/pages\/1418"}],"collection":[{"href":"https:\/\/monperejeanmamy.fr\/index.php?rest_route=\/wp\/v2\/pages"}],"about":[{"href":"https:\/\/monperejeanmamy.fr\/index.php?rest_route=\/wp\/v2\/types\/page"}],"author":[{"embeddable":true,"href":"https:\/\/monperejeanmamy.fr\/index.php?rest_route=\/wp\/v2\/users\/2"}],"replies":[{"embeddable":true,"href":"https:\/\/monperejeanmamy.fr\/index.php?rest_route=%2Fwp%2Fv2%2Fcomments&post=1418"}],"version-history":[{"count":3,"href":"https:\/\/monperejeanmamy.fr\/index.php?rest_route=\/wp\/v2\/pages\/1418\/revisions"}],"predecessor-version":[{"id":1435,"href":"https:\/\/monperejeanmamy.fr\/index.php?rest_route=\/wp\/v2\/pages\/1418\/revisions\/1435"}],"wp:featuredmedia":[{"embeddable":true,"href":"https:\/\/monperejeanmamy.fr\/index.php?rest_route=\/wp\/v2\/media\/11"}],"wp:attachment":[{"href":"https:\/\/monperejeanmamy.fr\/index.php?rest_route=%2Fwp%2Fv2%2Fmedia&parent=1418"}],"wp:term":[{"taxonomy":"folder","embeddable":true,"href":"https:\/\/monperejeanmamy.fr\/index.php?rest_route=%2Fwp%2Fv2%2Ffolder&post=1418"}],"curies":[{"name":"wp","href":"https:\/\/api.w.org\/{rel}","templated":true}]}}