{"id":1444,"date":"2021-03-13T10:31:04","date_gmt":"2021-03-13T09:31:04","guid":{"rendered":"http:\/\/monperejeanmamy.fr\/?page_id=1444"},"modified":"2024-01-20T15:54:50","modified_gmt":"2024-01-20T14:54:50","slug":"jm-a-jr-fresnes-45-12-02","status":"publish","type":"page","link":"https:\/\/monperejeanmamy.fr\/?page_id=1444","title":{"rendered":"JM \u00e0 JR (Fresnes 45\/12\/02)"},"content":{"rendered":"<p><strong>\u00a0<\/strong><a href=\"http:\/\/monperejeanmamy.fr\/?page_id=1368\"><img loading=\"lazy\" class=\"wp-image-1352 alignleft\" src=\"http:\/\/monperejeanmamy.fr\/wp-content\/uploads\/2021\/03\/Lettre-precedente.jpg\" alt=\"\" width=\"143\" height=\"78\" \/><\/a><a href=\"http:\/\/monperejeanmamy.fr\/?page_id=1366\"><img loading=\"lazy\" class=\"alignright wp-image-1353\" src=\"http:\/\/monperejeanmamy.fr\/wp-content\/uploads\/2021\/03\/Lettre-suivante.jpg\" alt=\"\" width=\"139\" height=\"76\" \/><\/a><\/p>\n<p style=\"text-align: center;\"><strong>Dimanche 2 d\u00e9cembre 1945<\/strong><\/p>\n<p style=\"text-align: center;\">Petite Jeannette ch\u00e9rie,<\/p>\n<p style=\"text-align: justify;\">Merci de ta bonne lettre de jeudi. Je les re\u00e7ois toutes r\u00e9guli\u00e8rement et au fond, si je rousp\u00e8te, c&rsquo;est pour avoir le plaisir d&rsquo;en recevoir davantage. il y en aurai tous les jours que je ne m&rsquo;en plaindrais pas, m\u00eame pour dire peu de choses. Et d&rsquo;abord, aurais-tu si peu de choses \u00e0 dire ? On peut dire tous les jours la m\u00eame chose et le dire autrement. La vie se passe \u00e0 cela. Les hommes r\u00e9p\u00e8tent tous la m\u00eame\u00a0 chose depuis toujours. Il n&rsquo;y a que la forme qui varie, et la prose et les vers sont l\u00e0 pour cr\u00e9er les d\u00e9tails. Et puis il ne faut plus les dire, il faut les chanter ! Il faut les danser, les \u00e9crire en musique.<\/p>\n<p style=\"text-align: justify;\">Pourquoi se priver du d\u00e9licieux plaisir de r\u00e9p\u00e9ter sans cesse \u00e0 sati\u00e9t\u00e9 ce qui vous fait plaisir ? Et plus cela fait plaisir, plus on trouve la forme parfaite pour enjoliver ce qui nous plait. Ainsi, il me plait de te dire que tes cheveux sont blonds. C&rsquo;est banal. mais qu&rsquo;ils sont d&rsquo;un blond fin un peu printanier, presque comme de la mousse des pr\u00e9s quand elle se dore au soleil de mai. H\u00e9 h\u00e9 ! Et puis que ces cheveux blonds s&rsquo;enroulent en volutes curieuses qui rappellent les manches de violons. Oh ! L&rsquo;\u00e2me des violons dans les cheveux blonds. Seraient-ce par hasard les manches de violons qui enroulent un fouillis de serpents gracieux autour d&rsquo;une t\u00eate si ch\u00e9rie avec des arp\u00e8ges de rubans ? Car il y a des rubans dans ces cheveux blonds comme des papillons dans les pr\u00e9s et quand les rubans sont bleus ou de velours de couleur on dirait qu&rsquo;une \u00e9norme harmonie vaporeuse est venue est venue se blottir dans un fouillis de quadruples croches. Oh ! Le bel accord de neuvi\u00e8me avec sa dissonance heureuse. J&rsquo;y ajouterais m\u00eame un di\u00e8se suppl\u00e9mentaire. Est-ce le reflet mat de l&rsquo;envers du ruban, ou l\u2019\u0153il noir de la d\u00e9tentrice qui se prom\u00e8ne parmi la foule avec autant de flots musicaux autour de la t\u00eate. Si par hasard ces cheveux blonds si calmes quand ils m\u00e9lodisent \u00e9taient coiff\u00e9s d&rsquo;un chapeau, ils en acquerraient du coup une particuli\u00e8re intensit\u00e9 musicale nouvelle. Chapeau cloche c&rsquo;est la symphonie, chapeau relev\u00e9 en avant c&rsquo;est l&rsquo;allegretto, chapeau plat \u00e0 bords \u00e9vas\u00e9s c&rsquo;est la m\u00e9lodie lente, petit bonnet c&rsquo;est le presto et petit breton, c&rsquo;est la musique de folklore. Si le chapeau a des rubans, c&rsquo;est une folle musique moderne. Si les cheveux sont tout appr\u00eat\u00e9s \u00e0 la cire et \u00e0 la poix pour un concert de gala, et Ravel et Stravinsky et Prokofiev et toute la gamme des surr\u00e9alistes et si les cheveux sont d\u00e9nou\u00e9s, c&rsquo;est \u00e0 la fois Satie et Schumann, Beethoven et Wagner, la trag\u00e9die fi\u00e8re et le film comique. Il faut y ajouter les larmes et nous sommes maintenant au plus haut point du Cr\u00e9puscule des Dieux. Bonjour ma Walkyrie, ma muse tr\u00e8s l\u00e9g\u00e8re. Bonjour Euterpe, Terpsichore, Calliope, laisse moi mettre tes cheveux blonds dans mes oreilles, qu&rsquo;on \u00e9coute un peu la voix de la mer. Tais-toi ou je me f\u00e2che. Il ne faut jamais troubler un concert. Comment vas-tu ? Tr\u00e8s bien. Moi ? Tr\u00e8s tr\u00e8s bien ? Que se passe-t-il ? Rien. Tout est tr\u00e8s bien. Le monde o\u00f9 nous vivons est heureusement, totalement, absolument parfait. Aucune retouche, la perfection m\u00eame. La prison, les soucis, les proc\u00e8s, connais pas. Tu connais \u00e7a toi ? Qui conna\u00eet ces choses\u00a0? Tout va tr\u00e8s bien. C&rsquo;\u00e9tait un r\u00eave. Ne r\u00eavons plus. Imb\u00e9ciles les r\u00eaves. Qui ose encore r\u00eaver ? Les hommes dits libres qui r\u00eavent de libert\u00e9. Mais les prisonniers eux, la connaissent, la vivent leur libert\u00e9, combien plus grande. Ici on n&rsquo;\u00e9touffe pas sa voix, on chante, et la vie semble avoir tant de prix depuis qu&rsquo;elle est devenue si calme et lente et pleine et grave. Nous sommes combl\u00e9s de choses, \u00e0 ce point enrichis, que nous en \u00e9touffons de joie. Que de qualit\u00e9s patiemment d\u00e9velopp\u00e9es, lim\u00e9es, cisel\u00e9es. que d&rsquo;armes r\u00e9elles forg\u00e9es avec soin. Que notre \u0153il est devenu vif.<\/p>\n<p style=\"text-align: justify;\">Passons aux choses pour lesquelles tu t&rsquo;es d\u00e9men\u00e9e la semaine derni\u00e8re. Pas encore vu Floriot. Pas press\u00e9, ni lui, ni moi. Pour tes amis, ce que tu me dis ne m&rsquo;\u00e9tonne pas. Ils ont du travail encore. Mais inutile de les presser. Nous avons le temps. D&rsquo;ici l\u00e0, il coulera de l&rsquo;eau sous le pont, et chaque jour qui s&rsquo;\u00e9coule est un gain pour nous car il nous rapproche de l&rsquo;\u00e9ch\u00e9ance o\u00f9 la justice \u00e9clatera avec une force inimaginable et tel qui, pillard, voleur et assassin, go\u00fbte aujourd&rsquo;hui la volupt\u00e9 de l&rsquo;impunit\u00e9 apprendra \u00e0 ses d\u00e9pens qu&rsquo;on ne se moque pas de Dieu. C&rsquo;est la seule justice qui existe, mais elle est terrible. Il faut que tous y passent et il n&rsquo;y a pas de r\u00e9mission. Les pires souffrances attendent ceux qui croient pouvoir jouer avec l&rsquo;Esprit. Pour moi qui ne souhaite de mal \u00e0 personne, je crois que notre vengeance contre les arguments qui ont essay\u00e9 de nous atteindre sera de voir leur math\u00e9matique et obligatoire destruction. Il y a beau temps que nous avons d\u00e9j\u00e0 d\u00e9truit en nous tout ressentiment et que nous ne vivons plus que dans la joie de conna\u00eetre la paix.<\/p>\n<p style=\"text-align: justify;\">Quelle vilaine ! Je relis ta lettre et tu comptes les jours !!! Quelle mauvaise habitude. Voil\u00e0 bien une pr\u00e9occupation pu\u00e9rile. Cela n&rsquo;est ni spartiate, ni m\u00e9taphysique. Fi ! Il faut prendre la vie au jour le jour et la trouver belle tous les matins. Car elle l&rsquo;est. Ne pas la faire d\u00e9pendre d&rsquo;une pr\u00e9sence ou d&rsquo;une absence. Savoir que ceux que nous aimons ne sont jamais loin, que l&rsquo;\u00e9loignement, la s\u00e9paration sont de ces erreurs, de ces illusions mentales grossi\u00e8res, qui ne semblent exister que pour ceux qui attachent du prix \u00e0 des contacts mat\u00e9riels, tandis que le seul contact s&rsquo;effectue par l&rsquo;esprit et que je suis peut-\u00eatre beaucoup plus pr\u00e8s de toi aujourd&rsquo;hui que je chante tes cheveux blonds de soleil que l&rsquo;ann\u00e9e derni\u00e8re o\u00f9 je pouvais y passer une main autoritaire ou c\u00e2line. D&rsquo;abord, qu&rsquo;est-ce que c&rsquo;est que ce d\u00e9mon qui te pousse \u00e0 aller regarder des photos chez ma m\u00e8re ? Est-ce qu&rsquo;une photo doit inspirer comme cela des rougeurs ou des battements de c\u0153ur ? Est-ce qu&rsquo;on doit s&rsquo;appesantir sur des statuettes de bois qui tra\u00eenaient dans un couloir sur des bouquins et qui sont le symbole d&rsquo;une vie particuli\u00e8rement p\u00e9nible, car cet Atlas qui porte le monde n&rsquo;a pas belle mine ? J&rsquo;aime mieux celui qui l&rsquo;a laiss\u00e9 glisser de ses mains jusqu&rsquo;\u00e0 se pr\u00eater au jeu sanglant de l&rsquo;\u00e9corch\u00e9 sur une croix. Mon petit calvaire espagnol est bien plus joli, et ma d\u00e9coration de Jean-Baptiste donc ! \u00c9videmment, artistiquement, c&rsquo;est Atlas qui est le meilleur. A propos, je t&rsquo;autorise, si cela te fait plaisir, mais seulement si&#8230; \u00e0 demander \u00e0 ma m\u00e8re une photo. Elle en a peut-\u00eatre une de trop quelque part.<\/p>\n<p style=\"text-align: justify;\">Sur ce, je termine ma lettre ce soir pour r\u00e9server \u00e0 demain son inspiration et ses \u00e9panchements. J&rsquo;ai oubli\u00e9 de te dire: le rat a disparu. Quelqu&rsquo;un d&rsquo;une cellule voisine l&rsquo;a-t-il mang\u00e9 ? Myst\u00e8re. Par contre l&rsquo;humidit\u00e9 commence \u00e0 nous envahir et les murs de la cellule ruissellent. Mais cela, c&rsquo;est la sueur de l&rsquo;agonie qui atteint tous les grands caract\u00e8res au moment des supr\u00eames sacrifices. Comme tous les matins et tous les soirs, je mets l&rsquo;orgueil et un tas d&rsquo;autres inutilit\u00e9s sur la table qui me sert d&rsquo;autel, il faut bien qu&rsquo;il s&rsquo;en d\u00e9gage une sainte respiration b\u00e9nie. Encore un mot, le dernier pour aujourd&rsquo;hui\u00a0: Bonne nuit ! Que tes cheveux blonds reposent en paix \u00e0 c\u00f4t\u00e9 de ceux de ton fils qui est toujours le dieu des dieux. (Pense que je n&rsquo;ai plus gu\u00e8re d&rsquo;encre, et si tu veux que je t&rsquo;\u00e9crive, danse&#8230; ceci en regardant mon encrier). Donc, bonne nuit, ferme les yeux. Ne pense \u00e0 rien. Tout va tr\u00e8s tr\u00e8s bien et tu es parfaitement heureuse. Pas de soucis.<\/p>\n<h1 style=\"text-align: justify;\"><u>Lundi matin<\/u>\u00a0:<\/h1>\n<p style=\"text-align: justify;\">Ce matin, je m&rsquo;\u00e9tais quelque peu excit\u00e9 \u00e0 la pens\u00e9e de quelques saloperies qui se passent au dehors et dont nous avons quelque fois vent par les nuages qui passent&#8230; Il me d\u00e9plait qu&rsquo;un certain monde que je connais vive comme des porcs aux d\u00e9pens d&rsquo;une communaut\u00e9 travailleuse. Et de plus en plus na\u00eet en nous l&rsquo;id\u00e9e de dominer cette erreur en construisant un autre monde \u00e0 l&rsquo;abri de celui-ci, \u00e0 moins que nous puissions prendre en main les r\u00eanes de ce pays. Mais quand ce temps viendra-t-il ? L&rsquo;exp\u00e9rience d&rsquo;un an a suffi pour d\u00e9montrer que toutes nos pr\u00e9visions \u00e9taient justes. Mais il ne suffit pas d&rsquo;avoir raison pour que les choses s&rsquo;arrangent. Au contraire, les emm&#8230; comme nous sont toujours fichus au bloc quand ils se m\u00ealent de dire la v\u00e9rit\u00e9. La mode est au gang en ce moment et les ma\u00eetres du monde sont ceux qui savent le mieux tuer, voler, r\u00e9duire \u00e0 merci. Dr\u00f4le de plan\u00e8te que cette boule en furie o\u00f9 l&rsquo;on pr\u00eache le christianisme aux quatre coins au milieu des batailles acharn\u00e9es, o\u00f9 les \u00e9glises elles-m\u00eames conduisent la guerre au nom de la paix. Maintenant que te voil\u00e0 devenue \u00e9lectrice, il te faut apprendre \u00e0 toute vitesse les premi\u00e8res bases de toute saine politique et rentrer dans la lutte avec cette vigueur extraordinaire qu&rsquo;apportent les femmes dans tous les domaines. En ce moment il n&rsquo;y a pas de meilleurs pourvoyeurs pour les poteaux d&rsquo;ex\u00e9cution que les jur\u00e9s femmes. Elles sont d\u00e9cha\u00een\u00e9es. Il semble que la facult\u00e9 d&rsquo;exercer la r\u00e9pression les pousse \u00e0 condamner sans limite et que leurs passions s&rsquo;expriment l\u00e0 sans retenue aucune avec une soif de vengeance inextinguible contre la condition malheureuse o\u00f9 elles ont toujours v\u00e9cu depuis l&rsquo;antiquit\u00e9. Et elles condamnent les m\u00e2les avec une \u00e9nergie !!! Nous autres, nous n&rsquo;avions jamais os\u00e9 toucher une femme, consid\u00e9r\u00e9e comme un \u00eatre fragile et pr\u00e9cieux, bien meilleur que l&rsquo;homme, bien plus respectable, celle \u00e0 qui nous faisions la meilleure place, dans nos amours comme dans nos foyers. Bon ! Je fr\u00e9mis d\u00e9j\u00e0 en pensant \u00e0 l&rsquo;inimiti\u00e9 de certains groupes d&rsquo;hommes qu&rsquo;on doit combattre, mais quand on a des femmes contre soi, c&rsquo;est fini, la vie est d\u00e9cid\u00e9ment difficile. Heureusement que souvent on les a pour soi et qu&rsquo;elles ne vous manifestent pas une haine terroriste. Je crois que si Jeannette faisait partie de certains jurys, elle acquitterait \u00e0 tour de bras et que des condamnations sans appel ne peuvent tomber d&rsquo;aussi douces l\u00e8vres. Qu&rsquo;ils sont donc malheureux les gens qui condamnent les autres. Que de souffrances ils se pr\u00e9parent. Quelle existence sans amour !<\/p>\n<p style=\"text-align: justify;\">Voici la fin de la page. R\u00e9servons l\u00e0 pour apr\u00e8s le colis. Mes camarades de cellule doivent \u00e9crire et il se peut (il est s\u00fbr) que j&rsquo;aie encore beaucoup de choses \u00e0 te dire tout \u00e0 l&rsquo;heure.<\/p>\n<p style=\"text-align: justify;\">Vu Mme Demery qui m&rsquo;a montr\u00e9 le rapport. Elle me dit aussi que nous allons peut-\u00eatre nous voir un de ces jours. Mais je n&rsquo;y tiens pas du tout. Ne pourrait-on remettre cela apr\u00e8s les f\u00eates, quand le travail sera rentr\u00e9. Pourquoi se presser ? Et puis je ne suis pas tout \u00e0 fait pr\u00eat. Enfin ! Ce n&rsquo;est pas nous qui d\u00e9cidons. D\u00e8s \u00e0 pr\u00e9sent la partie est \u00e0 moiti\u00e9 gagn\u00e9e. J&rsquo;esp\u00e8re que F. fera le n\u00e9cessaire pour la gagner compl\u00e8tement. Maintenant, s&rsquo;il veut que je l&rsquo;aide, je m&rsquo;y mettrai aussi. Enfin ! J&rsquo;esp\u00e8re que tu auras des tuyaux pr\u00e9cis \u00e0 me donner. J&rsquo;aurais bien voulu voir F. lui-m\u00eame. Mais d\u00e9j\u00e0 c&rsquo;est un beau succ\u00e8s.<\/p>\n<p style=\"text-align: justify;\">Envoie moi un cahier d&rsquo;\u00e9colier de 100 pages pour un camarade. Demande l&rsquo;argent \u00e0 ma m\u00e8re.<\/p>\n<p style=\"text-align: justify;\">Vois Mme D., Elle a quelque chose pour toi. Renseigne moi le plus possible que je puisse comprendre exactement ce qui se passe. J&rsquo;ai l&rsquo;impression que Mme D. est plus agressive que dispos\u00e9e \u00e0 la d\u00e9fense. Mais c&rsquo;est sans doute une illusion. Je viens de recevoir le colis. Excellent. Magnifique. Mais dans la liste, je vois figurer un morceau de lard que je n&rsquo;ai pas trouv\u00e9. Veux-tu v\u00e9rifier avec ma m\u00e8re s&rsquo;il a \u00e9t\u00e9 mis. Sinon, je r\u00e9clamerai ici.<\/p>\n<p style=\"text-align: justify;\">A bient\u00f4t te lire. On t&#8217;embrasse, sais-tu ? Et on caresse les cheveux blonds. On te remercie pour tout et on fait sauter le Fr\u00e9d\u00e9ric jusqu&rsquo;au ciel. Il adore \u00e7a. Bons gros et petits et divers baisers.<\/p>\n<p>J<\/p>\n<p>&nbsp;<\/p>\n","protected":false},"excerpt":{"rendered":"<p>\u00a0 Dimanche 2 d\u00e9cembre 1945 Petite Jeannette ch\u00e9rie, Merci de ta bonne lettre de jeudi. Je les re\u00e7ois toutes r\u00e9guli\u00e8rement et au fond, si je rousp\u00e8te, c&rsquo;est pour avoir le plaisir d&rsquo;en recevoir davantage. il y en aurai tous les &hellip; <a href=\"https:\/\/monperejeanmamy.fr\/?page_id=1444\">Continuer la lecture <span class=\"meta-nav\">&rarr;<\/span><\/a><\/p>\n","protected":false},"author":2,"featured_media":11,"parent":0,"menu_order":0,"comment_status":"closed","ping_status":"closed","template":"","meta":[],"folder":[],"_links":{"self":[{"href":"https:\/\/monperejeanmamy.fr\/index.php?rest_route=\/wp\/v2\/pages\/1444"}],"collection":[{"href":"https:\/\/monperejeanmamy.fr\/index.php?rest_route=\/wp\/v2\/pages"}],"about":[{"href":"https:\/\/monperejeanmamy.fr\/index.php?rest_route=\/wp\/v2\/types\/page"}],"author":[{"embeddable":true,"href":"https:\/\/monperejeanmamy.fr\/index.php?rest_route=\/wp\/v2\/users\/2"}],"replies":[{"embeddable":true,"href":"https:\/\/monperejeanmamy.fr\/index.php?rest_route=%2Fwp%2Fv2%2Fcomments&post=1444"}],"version-history":[{"count":5,"href":"https:\/\/monperejeanmamy.fr\/index.php?rest_route=\/wp\/v2\/pages\/1444\/revisions"}],"predecessor-version":[{"id":3215,"href":"https:\/\/monperejeanmamy.fr\/index.php?rest_route=\/wp\/v2\/pages\/1444\/revisions\/3215"}],"wp:featuredmedia":[{"embeddable":true,"href":"https:\/\/monperejeanmamy.fr\/index.php?rest_route=\/wp\/v2\/media\/11"}],"wp:attachment":[{"href":"https:\/\/monperejeanmamy.fr\/index.php?rest_route=%2Fwp%2Fv2%2Fmedia&parent=1444"}],"wp:term":[{"taxonomy":"folder","embeddable":true,"href":"https:\/\/monperejeanmamy.fr\/index.php?rest_route=%2Fwp%2Fv2%2Ffolder&post=1444"}],"curies":[{"name":"wp","href":"https:\/\/api.w.org\/{rel}","templated":true}]}}