{"id":1562,"date":"2021-03-25T10:58:50","date_gmt":"2021-03-25T09:58:50","guid":{"rendered":"http:\/\/monperejeanmamy.fr\/?page_id=1562"},"modified":"2021-03-25T18:27:34","modified_gmt":"2021-03-25T17:27:34","slug":"le-sens-de-son-engagement","status":"publish","type":"page","link":"https:\/\/monperejeanmamy.fr\/?page_id=1562","title":{"rendered":"Le sens de son engagement"},"content":{"rendered":"<h1>Rappel succinct du contexte historique<\/h1>\n<p style=\"text-align: justify;\">On est en 1940. Est-il n\u00e9cessaire de rappeler quelques \u00e9l\u00e9ments factuels indiscutables au moment o\u00f9 Jean Mamy, \u00e9crit ses premiers articles\u00a0?<\/p>\n<ul style=\"text-align: justify;\">\n<li>Le 3 septembre 1939, la France d\u00e9clare la guerre \u00e0 l\u2019Allemagne.<\/li>\n<li>Le 26 septembre 1939, le gouvernement Daladier promulgue une loi de dissolution du Parti communiste fran\u00e7ais.<\/li>\n<li>Le 10 mai 1940, l\u2019offensive allemande commence par l\u2019invasion de la Belgique, du Luxembourg et des Pays-Bas. C\u2019est le d\u00e9but de l\u2019Exode qui entra\u00eenera tant de Flamands, de Wallons et de Fran\u00e7ais \u00e0 fuir vers le Sud.<\/li>\n<li>Le 17 mai 1940, le Pr\u00e9sident du Conseil, Paul Reynaud, nomme Philippe P\u00e9tain Vice-pr\u00e9sident du Conseil.<\/li>\n<li>Du 25 mai au 3 juin 1940, les quelques divisions britanniques cens\u00e9es \u00eatre venues en renfort de leur alli\u00e9 fran\u00e7ais se replient en r\u00e9embarquent \u00e0 Dunkerque o\u00f9 elles \u00e9taient encercl\u00e9es.<\/li>\n<li>Le 14 juin 1940, les arm\u00e9es allemandes atteignent Paris.<\/li>\n<li>Le 16 juin 1940, Philippe P\u00e9tain est appel\u00e9, par le Pr\u00e9sident de la R\u00e9publique Albert Lebrun, \u00e0 remplacer Paul Reynaud, d\u00e9missionnaire.<\/li>\n<li>Le 17 juin 1940, le G\u00e9n\u00e9ral de Gaulle, secr\u00e9taire d\u2019\u00c9tat \u00e0 la D\u00e9fense, partisan de la poursuite de la guerre, quitte la France et s\u2019installe \u00e0 Londres.<\/li>\n<li>Le 22 juin 1940, le gouvernement fran\u00e7ais signe l\u2019Armistice avec l\u2019Allemagne.<\/li>\n<li>Le 3 juillet 1940, la marine britannique attaque la flotte fran\u00e7aise stationn\u00e9e dans la rade de Mers-el-K\u00e9bir\u00a0; 1 380 marins fran\u00e7ais p\u00e9rissent.<\/li>\n<li>Le 10 juillet 1940, l\u2019Assembl\u00e9e Nationale (r\u00e9union de la Chambre des D\u00e9put\u00e9s et du S\u00e9nat) au travers d\u2019un article unique\u00a0: \u00ab <em>donne tout pouvoir au gouvernement de la R\u00e9publique, sous l\u2019autorit\u00e9 et la signature du mar\u00e9chal P\u00e9tain, \u00e0 l\u2019effet de promulguer par un ou plusieurs actes une nouvelle constitution de l\u2019\u00c9tat fran\u00e7ais. Cette constitution devra garantir les droits du Travail, de la Famille et de la Patrie. Elle sera ratifi\u00e9e par la Nation et appliqu\u00e9e par les Assembl\u00e9es qu\u2019elle aura cr\u00e9\u00e9es. La pr\u00e9sente loi constitutionnelle, d\u00e9lib\u00e9r\u00e9e et adopt\u00e9e par l\u2019Assembl\u00e9e nationale, sera ex\u00e9cut\u00e9e comme loi de l\u2019\u00c9tat. <\/em>\u00bb<\/li>\n<\/ul>\n<p style=\"text-align: justify;\">Sur 649 suffrages exprim\u00e9s <a href=\"#_ftn1\" name=\"_ftnref1\">[1]<\/a> :<\/p>\n<ul style=\"text-align: justify;\">\n<li>80 parlementaires (57 d\u00e9put\u00e9s et 23 s\u00e9nateurs) votent \u00ab\u00a0non \u00bb ;<\/li>\n<li>569 approuvent et votent \u00ab\u00a0oui\u00a0\u00bb\u00a0;<\/li>\n<li>20 autres parlementaires s&rsquo;abstiennent (dont 3 apr\u00e8s une demande de rectification de leur vote).<\/li>\n<li>Le 13 ao\u00fbt 1940, vote de la loi sur les soci\u00e9t\u00e9s secr\u00e8tes (interdisant notamment la franc-ma\u00e7onnerie)<\/li>\n<li>Le 3 octobre 1940, vote de la premi\u00e8re loi portant sur le statut des Juifs\u00a0; elle sera remplac\u00e9e par celle du 2 juin 1941, puis compl\u00e9t\u00e9e par celle du 6 juin 1942.<\/li>\n<\/ul>\n<p style=\"text-align: justify;\"><a href=\"#_ftnref1\" name=\"_ftn1\">[1]<\/a> <em>Le 10 juillet 1940, le parlement comptait 846 membres sur les 907 d\u00e9put\u00e9s et s\u00e9nateurs de 1939. Seuls 670 prennent part au vote (425 d\u00e9put\u00e9s et 245 s\u00e9nateurs\u00a0; en effet, 176 parlementaires sont absents, dont 27 sont \u00e0 ce moment-l\u00e0 en mer voguant vers Casablanca sur le paquebot Massilia ainsi que \u00ab 17 parlementaires d\u00e9c\u00e9d\u00e9s et un grand nombre se trouvant, \u00e0 cause de la guerre, dans l&rsquo;impossibilit\u00e9 de rejoindre Vichy ou ne souhaitant pas s&rsquo;y rendre \u00bb. La s\u00e9ance est pr\u00e9sid\u00e9e par Jules Jeanneney (qui ne prend pas part au vote en raison de sa fonction). Les 61 parlementaires communistes d\u00e9chus de leur mandat depuis 1939 (60 d\u00e9put\u00e9s et un s\u00e9nateur) ne peuvent si\u00e9ger.<\/em><\/p>\n<h1 style=\"text-align: justify;\">Jean Mamy s&rsquo;engage<\/h1>\n<p style=\"text-align: justify;\">Compte tenu de ces constats et de ses convictions, quels r\u00f4les pouvait donc jouer le cin\u00e9aste Jean Mamy, V\u00e9n\u00e9rable franc-ma\u00e7on \u00ab d\u00e9froqu\u00e9 \u00bb sinon s&rsquo;engager contre ceux qu\u2019il estime en \u00eatre\u00a0 responsables?<\/p>\n<p style=\"text-align: justify;\">Voici ce qu&rsquo;il \u00e9crit dans son Testament politique, \u00ab <a href=\"http:\/\/monperejeanmamy.fr\/?page_id=172\">Vers l&rsquo;Altruisme autoritaire<\/a> \u00bb, r\u00e9dig\u00e9 en janvier 1949 dans sa cellule de Fresnes apr\u00e8s sa condamnation \u00e0 mort, le jour de No\u00ebl 1948 :<\/p>\n<blockquote>\n<p style=\"text-align: justify;\">\u00ab Comment un lib\u00e9ral (je l\u2019\u00e9tais jusqu\u2019\u00e0 1936 et \u00adquasi-officiellement jusqu\u2019\u00e0 40) peut-il c\u00e9der \u00e0 \u00adl\u2019id\u00e9ologie autoritaire ? C\u2019est ce que se demandent avec \u00adcuriosit\u00e9 stup\u00e9fi\u00e9e les malheureux esclaves de l\u2019Utopie qui tentent de faire fonctionner p\u00e9niblement la v\u00e9tuste machine r\u00e9publicaine, remise debout pour quelques heures dans l\u2019euphorie victorieuse de 1944.<\/p>\n<p style=\"text-align: justify;\">\u00c9tait-il un tra\u00eetre pour nous quitter si vite ? Ou un fou comme le pr\u00e9tendent cinq psychiatres de service ?<\/p>\n<p style=\"text-align: justify;\">Pas un de ces puissants cerveaux qui furent mes amis (je parle des francs-ma\u00e7ons parisiens) ne songe une seconde \u00e0 examiner sa propre conduite et \u00e0 penser qu\u2019il serait fort possible \u2014vu le chaos actuel\u2014 que le lib\u00e9ralisme et ses sous-sbires fran\u00e7ais se soient un peu tromp\u00e9s.<\/p>\n<p style=\"text-align: justify;\">Le r\u00e9publicain au pouvoir se f\u00e2che plus rouge que son drapeau d\u00e8s qu\u2019on pr\u00e9tend toucher au r\u00e9gime des pourvus de gauche (r\u00e9gime qui est \u00e0 la fois religion et pr\u00e9bendes \u2014celles-ci d\u2019autant plus acceptables que la contrepartie ne comporte que des devoirs verbaux). Mais les mensonges officiels tant plus haut proclam\u00e9s qu\u2019ils sont fragiles, n\u2019\u00e9toufferont pas \u00e0 la longue la voix de la simple v\u00e9rit\u00e9.\u00bb<\/p>\n<\/blockquote>\n<p style=\"text-align: justify;\">Au moment o\u00f9 les Allemands envahissent la France, Jean Mamy a donc pris position et son engagement politique va devenir total. Il est sans nul doute anti franc-ma\u00e7on, anti-communiste, anti-anglo-saxon, anti-juif, anti-capitaliste, anti-polytechnicien, anti-sovi\u00e9tique, anti-bolch\u00e9vique, anti-r\u00e9publicain, anti-parlementarisme, anti-d\u00e9mocrate\u2026<\/p>\n<p style=\"text-align: justify;\">Mais il n\u2019est pas \u00ab anti-tout \u00bb : il est pour l\u2019Ordre Nouveau, pour l\u2019Europe continentale, pour la Collaboration avec l\u2019Allemagne sous l\u2019\u00e9gide du Mar\u00e9chal. Fran\u00e7ais d\u00e9\u00e7u par le parlementarisme de la III<sup>\u00e8me<\/sup> R\u00e9publique,<\/p>\n<p style=\"text-align: justify;\">\n","protected":false},"excerpt":{"rendered":"<p>Rappel succinct du contexte historique On est en 1940. Est-il n\u00e9cessaire de rappeler quelques \u00e9l\u00e9ments factuels indiscutables au moment o\u00f9 Jean Mamy, \u00e9crit ses premiers articles\u00a0? Le 3 septembre 1939, la France d\u00e9clare la guerre \u00e0 l\u2019Allemagne. Le 26 septembre &hellip; <a href=\"https:\/\/monperejeanmamy.fr\/?page_id=1562\">Continuer la lecture <span class=\"meta-nav\">&rarr;<\/span><\/a><\/p>\n","protected":false},"author":2,"featured_media":0,"parent":0,"menu_order":0,"comment_status":"closed","ping_status":"closed","template":"","meta":[],"folder":[],"_links":{"self":[{"href":"https:\/\/monperejeanmamy.fr\/index.php?rest_route=\/wp\/v2\/pages\/1562"}],"collection":[{"href":"https:\/\/monperejeanmamy.fr\/index.php?rest_route=\/wp\/v2\/pages"}],"about":[{"href":"https:\/\/monperejeanmamy.fr\/index.php?rest_route=\/wp\/v2\/types\/page"}],"author":[{"embeddable":true,"href":"https:\/\/monperejeanmamy.fr\/index.php?rest_route=\/wp\/v2\/users\/2"}],"replies":[{"embeddable":true,"href":"https:\/\/monperejeanmamy.fr\/index.php?rest_route=%2Fwp%2Fv2%2Fcomments&post=1562"}],"version-history":[{"count":3,"href":"https:\/\/monperejeanmamy.fr\/index.php?rest_route=\/wp\/v2\/pages\/1562\/revisions"}],"predecessor-version":[{"id":1574,"href":"https:\/\/monperejeanmamy.fr\/index.php?rest_route=\/wp\/v2\/pages\/1562\/revisions\/1574"}],"wp:attachment":[{"href":"https:\/\/monperejeanmamy.fr\/index.php?rest_route=%2Fwp%2Fv2%2Fmedia&parent=1562"}],"wp:term":[{"taxonomy":"folder","embeddable":true,"href":"https:\/\/monperejeanmamy.fr\/index.php?rest_route=%2Fwp%2Fv2%2Ffolder&post=1562"}],"curies":[{"name":"wp","href":"https:\/\/api.w.org\/{rel}","templated":true}]}}