{"id":1577,"date":"2021-03-26T08:49:50","date_gmt":"2021-03-26T07:49:50","guid":{"rendered":"http:\/\/monperejeanmamy.fr\/?page_id=1577"},"modified":"2021-03-27T16:53:39","modified_gmt":"2021-03-27T15:53:39","slug":"jean-mamy-denonce-la-synarchie","status":"publish","type":"page","link":"https:\/\/monperejeanmamy.fr\/?page_id=1577","title":{"rendered":"Jean Mamy d\u00e9nonce la Synarchie"},"content":{"rendered":"<p style=\"text-align: justify;\">En 1941, la presse collaborationniste de Paris, qui a eu vent de l&rsquo;affaire, reproche \u00e0 la Synarchie d&rsquo;avoir voulu saboter les accords de l&rsquo;entrevue de Montoire et d&rsquo;\u00eatre inf\u00e9od\u00e9e \u00e0 la Grande-Bretagne et aux USA. Marcel D\u00e9at, directeur de <em>L&rsquo;\u0152uvre<\/em>, s&rsquo;en prend \u00e0 l&rsquo;amiral Fran\u00e7ois Darlan, responsable selon lui de l&rsquo;\u00e9viction de Laval et \u00e9voque les liens entre plusieurs membres du cabinet Darlan et la banque Worms, dont Jacques Barnaud, Fran\u00e7ois Lehideux, Jacques Benoist-M\u00e9chin, Yves Bouthillier et Pierre Pucheu. Ces hommes vont rester au pouvoir un an jusqu&rsquo;au retour de Laval en avril 1942.<\/p>\n<p style=\"text-align: justify;\">Dans son <em>Dictionnaire comment\u00e9 de la collaboration fran\u00e7aise,<\/em> Philippe Randa cite Saint Paulien : <em>\u00ab dans un article retentissant (<\/em><a href=\"http:\/\/monperejeanmamy.fr\/?page_id=1629\">L\u2019Appel<\/a><em> du 21 ao\u00fbt 1941), Paul Riche y publiait une longue \u00e9tude sur le MSE, d\u00e9non\u00e7ant Pucheu comme chef des synarques. Aussit\u00f4t, le ministre de l\u2019Int\u00e9rieur faisait lancer un mandat d\u2019arr\u00eat contre lui. Mais l\u2019article de <\/em>L\u2019Appel<em> ayant \u00e9t\u00e9 r\u00e9guli\u00e8rement vis\u00e9, quoique coup\u00e9, par la censure allemande, il ne ne fut pas inqui\u00e9t\u00e9.<\/em>\u00a0\u00bb<a href=\"#_ftnref3\" name=\"_ftn3\"><\/a><\/p>\n<p style=\"text-align: justify;\">Dans le m\u00eame ouvrage Philippe Randa cite Henri Coston : \u00ab\u00a0<em>Paul Riche fut condamn\u00e9 \u00e0 mort et ex\u00e9cut\u00e9. Cet ancien franc-ma\u00e7on, nomm\u00e9 Mamy, payait non seulement sa trahison envers le Grand Orient, mais ses r\u00e9v\u00e9lations sensationnelles sur une soci\u00e9t\u00e9 secr\u00e8te, dont il a \u00e9t\u00e9 beaucoup parl\u00e9 depuis : la Synarchie. C\u2019est, en effet, l\u2019ancien v\u00e9n\u00e9rable de la loge Ernest Renan, ralli\u00e9 en 1940 \u00e0 la R\u00e9volution nationale, qui, le premier \u00e0 Paris, r\u00e9v\u00e9la dans <\/em>L\u2019Appel<em> du 21 ao\u00fbt 1941, l\u2019existence de cette soci\u00e9t\u00e9 d\u2019un type particulier, en d\u00e9crivit les rouages et en d\u00e9non\u00e7a les plans. Ce sont des choses que l\u2019on ne pardonne pas\u2026<\/em>\u00a0\u00bb<\/p>\n<p>Pour en savoir plus sur le complot synarchique : <a href=\"http:\/\/monperejeanmamy.fr\/?page_id=1579\">cliquez ici<\/a><\/p>\n","protected":false},"excerpt":{"rendered":"<p>En 1941, la presse collaborationniste de Paris, qui a eu vent de l&rsquo;affaire, reproche \u00e0 la Synarchie d&rsquo;avoir voulu saboter les accords de l&rsquo;entrevue de Montoire et d&rsquo;\u00eatre inf\u00e9od\u00e9e \u00e0 la Grande-Bretagne et aux USA. Marcel D\u00e9at, directeur de L&rsquo;\u0152uvre, &hellip; <a href=\"https:\/\/monperejeanmamy.fr\/?page_id=1577\">Continuer la lecture <span class=\"meta-nav\">&rarr;<\/span><\/a><\/p>\n","protected":false},"author":2,"featured_media":1140,"parent":0,"menu_order":0,"comment_status":"closed","ping_status":"closed","template":"","meta":[],"folder":[],"_links":{"self":[{"href":"https:\/\/monperejeanmamy.fr\/index.php?rest_route=\/wp\/v2\/pages\/1577"}],"collection":[{"href":"https:\/\/monperejeanmamy.fr\/index.php?rest_route=\/wp\/v2\/pages"}],"about":[{"href":"https:\/\/monperejeanmamy.fr\/index.php?rest_route=\/wp\/v2\/types\/page"}],"author":[{"embeddable":true,"href":"https:\/\/monperejeanmamy.fr\/index.php?rest_route=\/wp\/v2\/users\/2"}],"replies":[{"embeddable":true,"href":"https:\/\/monperejeanmamy.fr\/index.php?rest_route=%2Fwp%2Fv2%2Fcomments&post=1577"}],"version-history":[{"count":4,"href":"https:\/\/monperejeanmamy.fr\/index.php?rest_route=\/wp\/v2\/pages\/1577\/revisions"}],"predecessor-version":[{"id":1637,"href":"https:\/\/monperejeanmamy.fr\/index.php?rest_route=\/wp\/v2\/pages\/1577\/revisions\/1637"}],"wp:featuredmedia":[{"embeddable":true,"href":"https:\/\/monperejeanmamy.fr\/index.php?rest_route=\/wp\/v2\/media\/1140"}],"wp:attachment":[{"href":"https:\/\/monperejeanmamy.fr\/index.php?rest_route=%2Fwp%2Fv2%2Fmedia&parent=1577"}],"wp:term":[{"taxonomy":"folder","embeddable":true,"href":"https:\/\/monperejeanmamy.fr\/index.php?rest_route=%2Fwp%2Fv2%2Ffolder&post=1577"}],"curies":[{"name":"wp","href":"https:\/\/api.w.org\/{rel}","templated":true}]}}