{"id":1710,"date":"2021-04-01T14:24:23","date_gmt":"2021-04-01T12:24:23","guid":{"rendered":"http:\/\/monperejeanmamy.fr\/?page_id=1710"},"modified":"2021-04-01T14:27:18","modified_gmt":"2021-04-01T12:27:18","slug":"la-presse-annonce-le-verdict","status":"publish","type":"page","link":"https:\/\/monperejeanmamy.fr\/?page_id=1710","title":{"rendered":"La Presse annonce le verdict"},"content":{"rendered":"<h1 style=\"text-align: justify;\"><em>L&rsquo;Humanit\u00e9<\/em> du 25\/12\/1948, page 4<\/h1>\n<p style=\"text-align: center;\">La mort pour Mamy<\/p>\n<p style=\"text-align: justify;\">Jean Mamy, alias Paul Riche, mouchard au service des nazis, alias J-M. Renan, a \u00e9t\u00e9 condamn\u00e9 \u00e0 mort par la Cour de justice de la Seine, au terme d\u2019un proc\u00e8s o\u00f9 il \u00e9tala son cynisme et sa l\u00e2chet\u00e9. Son complice, Decan, s\u2019en tire avec 15 ans de travaux forc\u00e9s.<\/p>\n<p style=\"text-align: justify;\">Mamy avait livr\u00e9 \u00e0 la Gestapo plusieurs dizaines de patriotes dont quatre ont \u00e9t\u00e9 ex\u00e9cut\u00e9s et six sont morts en d\u00e9portation.<\/p>\n<p style=\"text-align: justify;\">Son avocat, Me Leroy, qui fut chef du contentieux au Commissariat aux Affaires Juives, a bien tent\u00e9 de faire jouer une soi-disant irresponsabilit\u00e9 de son client. Mais \u00e7a n\u2019a pas pris.<\/p>\n<p style=\"text-align: justify;\">La lecture du verdict a laiss\u00e9 Mamy compl\u00e8tement indiff\u00e9rent.<\/p>\n<h1 style=\"text-align: justify;\"><em>France Soir<\/em> du samedi 25 d\u00e9cembre 1948, \u00e9dition F, page 1<\/h1>\n<p style=\"text-align: center;\">Jean Mamy d\u00e9nonciateur de r\u00e9sistants, condamn\u00e9 \u00e0 mort<\/p>\n<p style=\"text-align: justify;\">Jean Mamy, connu avant la guerre sous le nom de Paul Riche comme producteur de cin\u00e9ma, a \u00e9t\u00e9 condamn\u00e9 \u00e0 mort cet apr\u00e8s-midi par la cour de justice. Il avait d\u00e9nonc\u00e9 de nombreux r\u00e9sistants pendant la guerre.<\/p>\n<p style=\"text-align: justify;\">Son coaccus\u00e9 Decaen a \u00e9t\u00e9 condamn\u00e9 \u00e0 quinze ans de travaux forc\u00e9s<\/p>\n<h1 style=\"text-align: justify;\"><em><strong>Combat<\/strong> <\/em>du Samedi-Dimanche 25-26 d\u00e9cembre 1948,\u00a0 page 8<\/h1>\n<p style=\"text-align: center;\">Jean Mamy est condamn\u00e9 \u00e0 mort.<br \/>\nQuinze ans de travaux forc\u00e9s \u00e0 son \u00ab\u00a0adjoint\u00a0\u00bb Jean Decan<\/p>\n<p style=\"text-align: justify;\">Quand le jury de la Cour de justice est revenu avec le verdict de Jean Mamy, on a vu l\u2019accus\u00e9 se raidir dans un ridicule garde \u00e0 vous d\u2019ob\u00e8se, et tous les muscles de cette face perdue se tendre assez laidement, sans doute pour mimer la s\u00e9r\u00e9nit\u00e9 des h\u00e9ros et des victimes. Mais seules les grandes causes ont le pouvoir de conf\u00e9rer la s\u00e9r\u00e9nit\u00e9.<\/p>\n<p style=\"text-align: justify;\">C\u2019est le pr\u00e9sident qui est impassible lorsqu\u2019il lit ce texte tr\u00e8s court qu\u2019il sait d\u00e9j\u00e0 par c\u0153ur :\u00a0 \u00ab\u00a0<em>Oui, \u00e0 la majorit\u00e9 \u00e0 la premi\u00e8re question.<\/em>\u00a0\u00bb \u00ab\u00a0<em>Oui, \u00e0 la majorit\u00e9 \u00e0 la deuxi\u00e8me question.<\/em>\u00a0\u00bb<\/p>\n<p style=\"text-align: justify;\">C\u2019est la mort pour ce tra\u00eetre qui parlait trop bien.<\/p>\n<p style=\"text-align: justify;\">On rapporte, comme \u00ab\u00a0par la m\u00eame occasion\u00a0\u00bb, le verdict du p\u00e2le adjoint Jean Decan. Quinze ans de travaux forc\u00e9s pour avoir faibli sous les questions de Mamy, et l\u2019avoir assez vilainement second\u00e9.<\/p>\n<p style=\"text-align: justify;\">Ceux qui croient que Mamy est parti sans dire son mot se trompent. Avant que le jury ne se retire, il avait \u00ab\u00a0<em>pr\u00e9sent\u00e9 ses excuses aux familles de ses victimes<\/em>\u00a0\u00bb, ajoutant qu\u2019il avait \u00ab\u00a0<em>ob\u00e9i \u00e0 son chef du deuxi\u00e8me bureau<\/em>\u00a0\u00bb, certain t\u00e9moin Richard de Grandmaison.<\/p>\n<p style=\"text-align: justify;\">Les peines accessoires de la d\u00e9gradation nationale et de la confiscation des biens ont \u00e9t\u00e9, ipso facto, prononc\u00e9es contre l\u2019ex-cin\u00e9aste et son complice des jours mauvais<\/p>\n<h1 style=\"text-align: justify;\"><em>Le Figaro<\/em> du 25\/26 d\u00e9cembre 1948, page 2<\/h1>\n<p style=\"text-align: center;\">Pol (sic) Riche est condamn\u00e9 \u00e0 mort<\/p>\n<p style=\"text-align: justify;\">Apr\u00e8s la plaidoirie de son d\u00e9fenseur, M<sup>e<\/sup> Pierre Leroy, Pol Riche a fait une br\u00e8ve d\u00e9claration : il a ob\u00e9i, dit-il, aux ordres qu\u2019il avait re\u00e7us et ne se consid\u00e8re pas comme un tra\u00eetre. Il souhaite enfin que les Fran\u00e7ais ne se d\u00e9chirent plus entre eux.<\/p>\n<p style=\"text-align: justify;\">\u00c0 l\u2019issue d\u2019une courte d\u00e9lib\u00e9ration, la Cour de justice pro-non\u00e7ait la peine de mort et infligeait 15 ans de travaux forc\u00e9s \u00e0 Jean Decan, complice de Pol Riche.<\/p>\n<h1 style=\"text-align: justify;\"><em>Le Figaro<\/em> du 25\/26 d\u00e9cembre 1948, page 3<\/h1>\n<p style=\"text-align: center;\">Jean Mamy est condamn\u00e9 \u00e0 mort<\/p>\n<p style=\"text-align: justify;\">Le proc\u00e8s du cin\u00e9aste Jean Mamy, ancien agent de la Gestapo qui s\u2019\u00e9tait rendu responsable de plusieurs d\u00e9portations de patriotes dont certains ne revinrent pas d\u2019Allemagne, a pris fin hier.<\/p>\n<p style=\"text-align: justify;\">Jean Mamy a \u00e9t\u00e9 condamn\u00e9 \u00e0 la peine de mort et \u00e0 la d\u00e9gradation nationale.<\/p>\n<p style=\"text-align: justify;\">\n<p style=\"text-align: justify;\">\n<p style=\"text-align: justify;\">\n<p style=\"text-align: justify;\">La Croix du 27 d\u00e9cembre 1948, page 4<\/p>\n<p style=\"text-align: justify;\">La peine de mort pour le cin\u00e9aste Mamy,<br \/>\ndevenu agent de la Gestapo<\/p>\n<p style=\"text-align: justify;\">\n<p style=\"text-align: justify;\">La Cour de justice de la Seine a rendu son verdict dans l\u2019affaire Jean Mamy, dit Paul Riche, ce cin\u00e9aste devenu pendant l\u2018occu-pation agent de la Gestapo.<\/p>\n<p style=\"text-align: justify;\">\n<p style=\"text-align: justify;\">Mamy a \u00e9t\u00e9, conform\u00e9ment au r\u00e9quisitoire du commissaire du gouvernement, condamn\u00e9 \u00e0 la peine de mort, \u00e0 l\u2019indignit\u00e9 natio-nale, \u00e0 la confiscation de ses biens.<\/p>\n","protected":false},"excerpt":{"rendered":"<p>L&rsquo;Humanit\u00e9 du 25\/12\/1948, page 4 La mort pour Mamy Jean Mamy, alias Paul Riche, mouchard au service des nazis, alias J-M. Renan, a \u00e9t\u00e9 condamn\u00e9 \u00e0 mort par la Cour de justice de la Seine, au terme d\u2019un proc\u00e8s o\u00f9 &hellip; <a href=\"https:\/\/monperejeanmamy.fr\/?page_id=1710\">Continuer la lecture <span class=\"meta-nav\">&rarr;<\/span><\/a><\/p>\n","protected":false},"author":2,"featured_media":10,"parent":0,"menu_order":0,"comment_status":"closed","ping_status":"closed","template":"","meta":[],"folder":[],"_links":{"self":[{"href":"https:\/\/monperejeanmamy.fr\/index.php?rest_route=\/wp\/v2\/pages\/1710"}],"collection":[{"href":"https:\/\/monperejeanmamy.fr\/index.php?rest_route=\/wp\/v2\/pages"}],"about":[{"href":"https:\/\/monperejeanmamy.fr\/index.php?rest_route=\/wp\/v2\/types\/page"}],"author":[{"embeddable":true,"href":"https:\/\/monperejeanmamy.fr\/index.php?rest_route=\/wp\/v2\/users\/2"}],"replies":[{"embeddable":true,"href":"https:\/\/monperejeanmamy.fr\/index.php?rest_route=%2Fwp%2Fv2%2Fcomments&post=1710"}],"version-history":[{"count":3,"href":"https:\/\/monperejeanmamy.fr\/index.php?rest_route=\/wp\/v2\/pages\/1710\/revisions"}],"predecessor-version":[{"id":1713,"href":"https:\/\/monperejeanmamy.fr\/index.php?rest_route=\/wp\/v2\/pages\/1710\/revisions\/1713"}],"wp:featuredmedia":[{"embeddable":true,"href":"https:\/\/monperejeanmamy.fr\/index.php?rest_route=\/wp\/v2\/media\/10"}],"wp:attachment":[{"href":"https:\/\/monperejeanmamy.fr\/index.php?rest_route=%2Fwp%2Fv2%2Fmedia&parent=1710"}],"wp:term":[{"taxonomy":"folder","embeddable":true,"href":"https:\/\/monperejeanmamy.fr\/index.php?rest_route=%2Fwp%2Fv2%2Ffolder&post=1710"}],"curies":[{"name":"wp","href":"https:\/\/api.w.org\/{rel}","templated":true}]}}