{"id":1896,"date":"2021-04-06T11:48:15","date_gmt":"2021-04-06T09:48:15","guid":{"rendered":"http:\/\/monperejeanmamy.fr\/?page_id=1896"},"modified":"2021-04-07T10:35:56","modified_gmt":"2021-04-07T08:35:56","slug":"1934-jean-mamy-rencontre-ma-mere","status":"publish","type":"page","link":"https:\/\/monperejeanmamy.fr\/?page_id=1896","title":{"rendered":"1934 : Jean Mamy rencontre ma m\u00e8re ?"},"content":{"rendered":"<p style=\"text-align: justify;\">Dans sa lettre hebdomadaire \u00e0 ma m\u00e8re du 24 septembre 1945, Jean Mamy lui d\u00e9crit un sc\u00e9nario \u00ab imaginaire \u00bb d&rsquo;une rencontre entre une jeune fille de 23 ans qui en parait 18 avec des indications de lieux si pr\u00e9cises (rue des Mathurin,s boulevard Diderot&#8230;) qui ne laissent que peu de doutes sur la premi\u00e8re rencontre avec ma m\u00e8re.<\/p>\n<p>Celle-ci \u00e9tant n\u00e9e en 1911, il devient plus que probable que leur relation date de 1934.<\/p>\n<p>Le lecteur appr\u00e9ciera :<\/p>\n<p style=\"text-align: justify; padding-left: 40px;\"><em>\u00a0\u00a0 Pour le moral, ou l&rsquo;intellectuel, ou le sentimental, ou le m\u00e9taphysique, ou le philosophique, nous aurions de quoi \u00e9crire un livre, une s\u00e9rie de volumes, une encyclop\u00e9die, peut-\u00eatre consacr\u00e9e au seul personnage de Jeannette qui, \u00e0 elle seule, est tout un monde. <\/em><\/p>\n<p style=\"text-align: justify; padding-left: 40px;\"><em>\u00a0\u00a0 Et pourquoi pas ? <\/em><\/p>\n<p style=\"text-align: justify; padding-left: 40px;\"><em>\u00a0\u00a0 Suppose que je commence un roman : une jeune fille. A-t-elle dix-sept ans ? ou vingt-trois ? en tout cas elle ne les\u00a0 parait pas, travaillant dans un bureau du septi\u00e8me \u00e9tage de la rue des Mathur&#8230; non&#8230; d&rsquo;une rue quelconque. <\/em><\/p>\n<p style=\"text-align: justify; padding-left: 40px;\"><em><img loading=\"lazy\" class=\"alignleft wp-image-1904\" src=\"http:\/\/monperejeanmamy.fr\/wp-content\/uploads\/2021\/04\/Rene-Fonck-19290504-Bapteme-air-Mamie-188x300.jpg\" alt=\"\" width=\"140\" height=\"218\" \/>\u00a0\u00a0 Un jour (description du bureau, description de la rue, du caf\u00e9 d&rsquo;en face, de la concierge, de la boule d&rsquo;escalier, du juif d&rsquo;en bas, du contentieux d&rsquo;en haut). <\/em><\/p>\n<p style=\"text-align: justify; padding-left: 40px;\"><em>\u00a0\u00a0 Retour \u00e0 la maison du boulevard Did&#8230; ou de la rue Untel. Famille. Suspension. Salle \u00e0 manger. Chambre jeune fille. Cosy Corner. Photo du capitaine Fonck (pourquoi Fonck h\u00e9 ! h\u00e9 !). Vie sentimentale. Point d&rsquo;interrogation. Elle fait du violon le mardi. De la machine \u00e0 \u00e9crire. De la st\u00e9no.<\/em><\/p>\n<p style=\"text-align: justify; padding-left: 40px;\"><em><img loading=\"lazy\" class=\" wp-image-1903 alignright\" src=\"http:\/\/monperejeanmamy.fr\/wp-content\/uploads\/2021\/04\/Lucien-Muratore-19341229-dans-Macbeth-215x300.jpg\" alt=\"\" width=\"143\" height=\"197\" \/>\u00a0\u00a0 Elle fr\u00e9quente les chanteurs. Pr\u00e9f\u00e9r\u00e9e d&rsquo;un gros artiste de l&rsquo;op\u00e9ra. Nom italien. Bel canto. Prestige. Beaucoup d&rsquo;\u00e9l\u00e8ves. Quelle c\u00e9l\u00e9brit\u00e9 ! <a href=\"#_ftn2\" name=\"_ftnref2\">[2]<\/a><\/em><\/p>\n<p style=\"text-align: justify; padding-left: 40px;\"><em>\u00a0\u00a0 Petite fleur bleue dans mondanit\u00e9s (description h\u00f4tel particulier. grand piano, grand escalier, femme de chambre, vieille demoiselle). Jeune homme d\u00e9j\u00e0 mari\u00e9, un peu boh\u00e8me, m\u00eame trop. Une femme en passant. Comme les fleurs des champs. Celle-l\u00e0 est-elle plus jolie que les autres ? Les yeux plus bruns, le nez plus petit, l&rsquo;air plus vif ? S&rsquo;attache-t-elle ? Que pense-t-elle ? Aventure ? Une fleur en passant.<\/em><\/p>\n<p style=\"text-align: justify; padding-left: 40px;\"><em>\u00a0\u00a0 Au septi\u00e8me \u00e9tage de la rue des M&#8230;., les instants sont grands, quand les c\u0153urs battent de plaisir. Un point c&rsquo;est tout. Un point \u00e0 la ligne. Et on recommence.<\/em><\/p>\n<p style=\"text-align: justify; padding-left: 40px;\"><em>\u00a0\u00a0 De fil en aiguille, de mois en ann\u00e9es, de fleur en passant \u00e0 d&rsquo;autres champs, \u00e0 d&rsquo;autres instants, voici le moment o\u00f9 l&rsquo;on prend des habitudes, o\u00f9 l&rsquo;on s&rsquo;attache \u00e0 la source qui, fra\u00eeche ou br\u00fblante, secr\u00e8te de l&rsquo;eau vive, de l&rsquo;alcool br\u00fblant ou du sang pr\u00e9cieux. H\u00e9 h\u00e9 ! Voila-t-il pas que l&rsquo;hirondelle est prise au nid, apprivois\u00e9e, qu&rsquo;elle revient fid\u00e8le, acharn\u00e9e, passionn\u00e9e. Coup de becs, coups d&rsquo;ongles, coups de cr\u00e2nes (grande description du petit appartement en face d&rsquo;un grand jardin). Longues soir\u00e9es. Courtes vis\u00e9es. encore une fois, un c\u0153ur qui bat sans savoir pourquoi.<\/em><\/p>\n<p style=\"text-align: justify; padding-left: 40px;\"><em>\u00a0\u00a0 Sait-elle pourquoi ? N&rsquo;en sachons rien. Mais d\u00e8s cet instant o\u00f9 il bat, il ne faut plus lui faire de peine. Juste assez pour l&rsquo;\u00e9prouver, pour savoir qu&rsquo;il bat pour de bon, car sinon, ce serait com\u00e9die, or l&rsquo;amour est toujours tragique, lyrique, grandiloquent, mirifique. Et puis, elle est si s\u00e9rieuse, quand elle joue du violon.<\/em><\/p>\n<p style=\"text-align: justify; padding-left: 40px;\"><em>\u00a0\u00a0 Un jour (la vie est comme \u00e7a) pouss\u00e9e de vie. Voila t&rsquo;il pas qu&rsquo;il passe dans l&rsquo;air des anges qui veulent un jour devenir violonistes. Pourquoi pas ? Nous avons tous le devoir de fournir les orchestres musicaux. Plus il y a de musiciens, plus les ch\u0153urs de l&rsquo;infini seront complets (grande description de la conversation, avec une barbe importante, rentr\u00e9e mais pr\u00e9sente). La vie est s\u00e9rieuse quand il s&rsquo;agit des tout-petits. Et des grands aussi, qui sont si petits.<\/em><\/p>\n<p style=\"text-align: justify; padding-left: 40px;\"><em>\u00a0\u00a0 Et voila le roman presque termin\u00e9 dans sa premi\u00e8re partie. Le deuxi\u00e8me livre sera pour demain. Dans dix ans nous \u00e9crirons la suite. Que sera-t-elle ? Nul ne le sait. Mais ce qu&rsquo;on sait c&rsquo;est qu&rsquo;elle aura des ailes, que les larmes seront compens\u00e9es par des baisers. En faudra-t-il pour effacer tout le pass\u00e9.<\/em><\/p>\n<p style=\"text-align: justify; padding-left: 40px;\"><em>J<\/em><\/p>\n<p style=\"text-align: justify; padding-left: 40px;\"><em><a href=\"#_ftnref2\" name=\"_ftn2\">[1]<\/a> Il s&rsquo;agit de Lucien Muratore, t\u00e9nor \u00e0 l&rsquo;op\u00e9ra de Paris, dont Jeanne Roux a \u00e9t\u00e9 l&rsquo;assistante dans son \u00e9cole de chant (Note de FGR)<\/em><\/p>\n","protected":false},"excerpt":{"rendered":"<p>Dans sa lettre hebdomadaire \u00e0 ma m\u00e8re du 24 septembre 1945, Jean Mamy lui d\u00e9crit un sc\u00e9nario \u00ab imaginaire \u00bb d&rsquo;une rencontre entre une jeune fille de 23 ans qui en parait 18 avec des indications de lieux si pr\u00e9cises &hellip; <a href=\"https:\/\/monperejeanmamy.fr\/?page_id=1896\">Continuer la lecture <span class=\"meta-nav\">&rarr;<\/span><\/a><\/p>\n","protected":false},"author":2,"featured_media":11,"parent":0,"menu_order":0,"comment_status":"closed","ping_status":"closed","template":"","meta":[],"folder":[],"_links":{"self":[{"href":"https:\/\/monperejeanmamy.fr\/index.php?rest_route=\/wp\/v2\/pages\/1896"}],"collection":[{"href":"https:\/\/monperejeanmamy.fr\/index.php?rest_route=\/wp\/v2\/pages"}],"about":[{"href":"https:\/\/monperejeanmamy.fr\/index.php?rest_route=\/wp\/v2\/types\/page"}],"author":[{"embeddable":true,"href":"https:\/\/monperejeanmamy.fr\/index.php?rest_route=\/wp\/v2\/users\/2"}],"replies":[{"embeddable":true,"href":"https:\/\/monperejeanmamy.fr\/index.php?rest_route=%2Fwp%2Fv2%2Fcomments&post=1896"}],"version-history":[{"count":7,"href":"https:\/\/monperejeanmamy.fr\/index.php?rest_route=\/wp\/v2\/pages\/1896\/revisions"}],"predecessor-version":[{"id":1907,"href":"https:\/\/monperejeanmamy.fr\/index.php?rest_route=\/wp\/v2\/pages\/1896\/revisions\/1907"}],"wp:featuredmedia":[{"embeddable":true,"href":"https:\/\/monperejeanmamy.fr\/index.php?rest_route=\/wp\/v2\/media\/11"}],"wp:attachment":[{"href":"https:\/\/monperejeanmamy.fr\/index.php?rest_route=%2Fwp%2Fv2%2Fmedia&parent=1896"}],"wp:term":[{"taxonomy":"folder","embeddable":true,"href":"https:\/\/monperejeanmamy.fr\/index.php?rest_route=%2Fwp%2Fv2%2Ffolder&post=1896"}],"curies":[{"name":"wp","href":"https:\/\/api.w.org\/{rel}","templated":true}]}}