{"id":1988,"date":"2021-04-09T14:53:47","date_gmt":"2021-04-09T12:53:47","guid":{"rendered":"http:\/\/monperejeanmamy.fr\/?page_id=1988"},"modified":"2024-01-20T16:24:12","modified_gmt":"2024-01-20T15:24:12","slug":"jm-a-jr-fresnes-46-02-04","status":"publish","type":"page","link":"https:\/\/monperejeanmamy.fr\/?page_id=1988","title":{"rendered":"JM \u00e0 JR (Fresnes 46\/02\/04)"},"content":{"rendered":"<p><strong>\u00a0 \u00a0 <\/strong><a href=\"http:\/\/monperejeanmamy.fr\/?page_id=1982\"><img loading=\"lazy\" class=\"wp-image-1352 alignleft\" src=\"http:\/\/monperejeanmamy.fr\/wp-content\/uploads\/2021\/03\/Lettre-precedente.jpg\" alt=\"\" width=\"143\" height=\"78\" \/><\/a><a href=\"http:\/\/monperejeanmamy.fr\/?page_id=1994\"><img loading=\"lazy\" class=\"alignright wp-image-1353\" src=\"http:\/\/monperejeanmamy.fr\/wp-content\/uploads\/2021\/03\/Lettre-suivante.jpg\" alt=\"\" width=\"139\" height=\"76\" \/><\/a><\/p>\n<p style=\"text-align: center;\"><strong>Lundi 4 f\u00e9vrier 1946<\/strong><\/p>\n<p style=\"text-align: center;\">Petite fille ch\u00e9rie,<\/p>\n<p style=\"text-align: justify;\">Tu \u00e9tais bien jolie, et bien impatiente, l\u2019autre jour. \u00c9nerv\u00e9e peut-\u00eatre par tous ces soucis. Le beau Fr\u00e9d\u00e9ric qui se met \u00e0 piquer de la fi\u00e8vre (de croissance, sans doute). Il ne faut pas s\u2019inqui\u00e9ter. Le meilleur moyen de combattre la fi\u00e8vre est de rester calme et de la chasser comme une vilaine mouche, comme un cauchemar idiot. Toutes les fi\u00e8vres, toutes les passions, tombent. Tous les maux s\u2019en vont. Tous les d\u00e9sastres s\u2019enfuient. Et il ne reste plus un jour que l\u2019esprit joyeux purifi\u00e9 de tous ses soucis qui n\u2019\u00e9taient qu\u2019autant de r\u00eaves vains. Donc, j\u2019esp\u00e8re et je suis s\u00fbr que la fi\u00e8vre qui voulut se poser comme une mouche sur le Fr\u00e9d\u00e9ric est d\u00e9j\u00e0 rentr\u00e9e dans son n\u00e9ant.<\/p>\n<p style=\"text-align: justify;\">Pour nous, je comprends que tu sois encore obs\u00e9d\u00e9e par les apparences d\u2019ennuis, destructions\u2026 proc\u00e8s\u2026 peut-\u00eatre\u2026 car il peut arriver beaucoup de choses avant et nous n\u2019en sommes pas encore l\u00e0. Il s\u2019en faut de beaucoup. On commence seulement les pr\u00e9liminaires et nous verrons en route les quelques os qui s\u2019arr\u00eateront dans la gorge des accusateurs. Je crois que les \u00e9v\u00e8nements tournent si vite que tel qui croyait \u00eatre le ma\u00eetre tout puissant, terroriste hier, et grand pontife aujourd\u2019hui, se retrouvera demain cul par-dessus chaise et broutant l\u2019amertume de ses m\u00e9faits. Pour l\u2019instant j\u2019ai de la patience, de l\u2019\u00e9nergie et surtout de la tranquillit\u00e9 plus que tout homme au monde (sans vouloir d\u00e9pr\u00e9cier quiconque). Je suis s\u00fbr d\u2019avoir raison et quels que soient les obstacles, nous pensons avoir les moyens qu\u2019il faut pour les franchir. Ce n\u2019est pas une poussi\u00e8re d\u2019arguments fougueux qui nous abattra. Maintenant, il faut tout pr\u00e9voir, m\u00eame ce qui semble le pire aux petites \u00e2mes inqui\u00e8tes. Nous verrons \u00e0 ce moment-l\u00e0, s\u2019il le faut, comment nous raffermir dans la s\u00e9r\u00e9nit\u00e9. Il n\u2019y a aucune raison de s\u2019affoler ni de craindre.<\/p>\n<p style=\"text-align: justify;\">Je crois que les interrogatoires se poursuivront durant tout f\u00e9vrier et peut-\u00eatre mars. Apr\u00e8s, il se peut qu\u2019il y ait encore des v\u00e9rifications. Mais nous arrivons maintenant dans la p\u00e9riode o\u00f9 nous pourrons peut-\u00eatre faire des proc\u00e8s politiques et non plus subir rigoureusement des condamnations que le gouvernement lui-m\u00eame juge arbitraires puisque la commission des gr\u00e2ces fonctionne avec une g\u00e9n\u00e9rosit\u00e9 inconnue jusqu\u2019alors. Il semble que nous ayons pass\u00e9 la p\u00e9riode critique pour nous. Pour la France, c\u2019est autre chose. Il faudrait un changement total de m\u0153urs et de r\u00e9gime pour qu\u2019elle retrouve \u00e0 la fois sa force et son cr\u00e9dit.<\/p>\n<p style=\"text-align: justify;\">Je maintiens toujours mon avis que je t\u2019ai exprim\u00e9 l\u2019autre jour\u00a0: dans peu de temps tout cela sera fini et nous pourrons, ailleurs que dans un parloir ou un cabinet de juge d\u2019instruction, bavarder pos\u00e9ment de nos petits probl\u00e8mes et de nos grands amours. D\u2019ici-l\u00e0, il faut \u00eatre sage et heureuse. Le bonheur n\u2019est jamais pour demain. Il est toujours pour aujourd\u2019hui, \u00e0 l\u2019instant m\u00eame. Il ne d\u00e9pend jamais de la pr\u00e9sence ou de l\u2019absence de quelqu\u2019un. Il est dans l\u2019affirmation d\u2019un bien \u00e9ternel qui d\u00e9passe toutes les petites gu\u00e9guerres terrestres. Donc, aucune raison valable d\u2019\u00eatre ou malheureuse ou atteinte par des \u00e9v\u00e8nements dont la r\u00e9alit\u00e9 est si peu certaine qu\u2019ils s\u2019\u00e9vanouissent comme un gros orage.<\/p>\n<p style=\"text-align: justify;\">Sais-tu qu\u2019il fait encore \u00e0 peine jour, que je me suis lev\u00e9 de grand matin et que d\u00e8s les premi\u00e8res lueurs de l\u2019aube j\u2019ai commenc\u00e9 \u00e0 t\u2019\u00e9crire\u00a0? Ceci non pour me vanter d\u2019un exploit extraordinaire mais pour que tu saches le souci qui nous anime et que ta faim d\u2019affection soit rassasi\u00e9e \u2013un peu \u2013 peut-\u00eatre \u2013 par la connaissance de ce geste affectueux \u2013 sinon h\u00e9ro\u00efque. \u00c9videmment samedi il n\u2019\u00e9tait pas commode d\u2019\u00e9changer des confidences sous le regard bovin d\u2019un garde un peu rugueux. Ils sont presque tous pareils et en ce moment ils ont la frousse d\u2019\u00eatre engag\u00e9s dans la bagarre et prix entre deux feux. La propagande joue pour et contre eux. <span style=\"text-decoration: line-through;\">En revenant<\/span>, j\u2019ai eu nettement l\u2019impression de l\u2019approche du coup dur, en les observant. C\u2019est qu\u2019ils seront aux premi\u00e8res loges pour recevoir et donner les coups. Et dame, on n\u2019est jamais tr\u00e8s content d\u2019\u00eatre contraint \u00e0 la lutte. Mais quoi, il faut vaincre\u2026 ou p\u00e9rir.<\/p>\n<p style=\"text-align: justify;\">Je voudrai avoir l\u2019occasion, la libert\u00e9, ma permission, le temps m\u00eame d\u2019\u00eatre si doux avec toi qu\u2019on te fasse oublier \u00e0 jamais toutes les b\u00eatises, les salet\u00e9s de la vie humaine. Mais en ce moment, nous sommes engag\u00e9s dans un tel combat furieux, et nous avons affaire \u00e0 de tels monstres, qu\u2019il faut toute notre attention pour guetter les pi\u00e8ges ou les attaques des adversaires et j\u2019avoue que je suis rentr\u00e9 dans la p\u00e9riode o\u00f9 d\u00e9cid\u00e9ment il va falloir affronter quelques soi-disant dangers. Il ne faut pas, petite fille douce et trop charmante, que les femmes nous amollissent et qu\u2019on se laisse distraire par quelque f\u00e9e trop attirante, mais, d\u2019un autre c\u00f4t\u00e9, les paroles tendres qu\u2019on te dirait ne confirment-elles pas tout ce qu\u2019on pense d\u2019heureux, de victorieux pour l\u2019avenir, pour un avenir tr\u00e8s prochain.<\/p>\n<p style=\"text-align: justify;\">Il para\u00eet que cette semaine qui commence va \u00eatre d\u00e9cisive pour le gouvernement. Il semble bien que tout se ram\u00e8ne \u00e0 une question de cr\u00e9dit et d\u2019importations, sinon la France ne peut pas manger d\u2019ici peu de temps. Il est hors de doute qu\u2019on ne donnera pas du dehors des facilit\u00e9s \u00e0 des gens qu\u2019on sait \u00eatre tr\u00e8s bient\u00f4t des adversaires dans la nouvelle guerre qui se pr\u00e9pare ouvertement. Donc pour nous, notre sort pr\u00e9sent est limit\u00e9 \u00e0 la dur\u00e9e de l\u2019\u00e9quipe au pouvoir. Apr\u00e8s, ou ce sera pire, ou ce sera la d\u00e9livrance, car la France basculera d\u00e9finitivement (et sombrera dans l\u2019anarchie et la guerre civile) ou se rel\u00e8vera lentement, auquel cas, il faudra bien nous rendre justice et avouer que nous f\u00fbmes pr\u00e9voyants. Logiquement je ne vois pas la situation pr\u00e9sente se prolonger encore longtemps. Ce n\u2019est pas possible. Nous sommes au plein de la crise et le manque de stocks fait davantage pour \u00e9purer la situation que tous les bavardages des politiciens.<\/p>\n<p style=\"text-align: justify;\">Donc patience, courage, espoir, certitude. Je ne peux rien te dire d\u2019autre. Cette sacr\u00e9e existence, d\u00e9j\u00e0 si riche en \u00e9motions dans le pass\u00e9, nous pr\u00e9pare sans doute pour l\u2019avenir des jours curieusement mouvement\u00e9s. Ne nous plaignons pas que la mer soit grosse. T\u00e2chons de bien diriger le bateau. L\u2019important est d\u2019arriver \u00e0 bon port.<\/p>\n<p style=\"text-align: justify;\">Ma petite fille je t\u2019embrasse et j\u2019embrasse Fr\u00e9d\u00e9ric qui n\u2019a plus la fi\u00e8vre. Je t\u2019embrasse doublement toi qui n\u2019a plus d\u2019inqui\u00e9tude et qui s\u2019est r\u00e9v\u00e9l\u00e9e une petite femme tellement parfaite, tellement d\u00e9vou\u00e9e, tellement confiante et calme qu\u2019elle est le repos lui-m\u00eame, l\u2019oreiller moral sur quoi on peut se reposer, la s\u00e9curit\u00e9 en action. Que voil\u00e0 de grandes et nobles qualit\u00e9s mises \u00e0 jour. Attendrai-je le colis de ce soit pour clore ma lettre. Non. Je suis s\u00fbr qu\u2019il est parfait comme sont parfaits les yeux de Jeannette et la flamme qui y br\u00fble.<\/p>\n<p style=\"text-align: justify;\">Cet amour est-il pur, Madame\u00a0? On le pense. On le sait. Il englobe dans son immensit\u00e9 et le fils et le p\u00e8re, et d\u2019autres encore et s\u2019il n\u2019atteint pas d\u00e9j\u00e0 l\u2019humanit\u00e9 toute enti\u00e8re, c\u2019est peut-\u00eatre que Jeannette est trop timide. Mais d\u00e8s le printemps nous pourvoirons \u00e0 \u00e9veiller son attraction sur la vie au del\u00e0 des bornes actuelle de sa pens\u00e9e et de grands bienfaits en d\u00e9couleront pour le monde et pour nous.<\/p>\n<p style=\"text-align: justify;\">Donc, on t\u2019embrasse en pr\u00e9vision pour que lorsque tu seras devenue \u00e0 la taille d\u2019une d\u00e9esse, tu penses encore \u00e0 nous qui aurons t\u00e2ch\u00e9 de t\u2019\u00e9galer.<\/p>\n<p style=\"text-align: justify;\">Sur ce, r\u00e9int\u00e8gre ta poche gauche et sois tranquille. On ne te redira pas ce qu\u2019on pense.<\/p>\n<p style=\"text-align: justify;\">J.<\/p>\n<p style=\"text-align: justify;\">P.S. Envoie moi des cure-dents <u>de plume<\/u> et non de bois.<\/p>\n","protected":false},"excerpt":{"rendered":"<p>\u00a0 \u00a0 Lundi 4 f\u00e9vrier 1946 Petite fille ch\u00e9rie, Tu \u00e9tais bien jolie, et bien impatiente, l\u2019autre jour. \u00c9nerv\u00e9e peut-\u00eatre par tous ces soucis. Le beau Fr\u00e9d\u00e9ric qui se met \u00e0 piquer de la fi\u00e8vre (de croissance, sans doute). Il &hellip; <a href=\"https:\/\/monperejeanmamy.fr\/?page_id=1988\">Continuer la lecture <span class=\"meta-nav\">&rarr;<\/span><\/a><\/p>\n","protected":false},"author":2,"featured_media":11,"parent":0,"menu_order":0,"comment_status":"closed","ping_status":"closed","template":"","meta":[],"folder":[],"_links":{"self":[{"href":"https:\/\/monperejeanmamy.fr\/index.php?rest_route=\/wp\/v2\/pages\/1988"}],"collection":[{"href":"https:\/\/monperejeanmamy.fr\/index.php?rest_route=\/wp\/v2\/pages"}],"about":[{"href":"https:\/\/monperejeanmamy.fr\/index.php?rest_route=\/wp\/v2\/types\/page"}],"author":[{"embeddable":true,"href":"https:\/\/monperejeanmamy.fr\/index.php?rest_route=\/wp\/v2\/users\/2"}],"replies":[{"embeddable":true,"href":"https:\/\/monperejeanmamy.fr\/index.php?rest_route=%2Fwp%2Fv2%2Fcomments&post=1988"}],"version-history":[{"count":6,"href":"https:\/\/monperejeanmamy.fr\/index.php?rest_route=\/wp\/v2\/pages\/1988\/revisions"}],"predecessor-version":[{"id":3219,"href":"https:\/\/monperejeanmamy.fr\/index.php?rest_route=\/wp\/v2\/pages\/1988\/revisions\/3219"}],"wp:featuredmedia":[{"embeddable":true,"href":"https:\/\/monperejeanmamy.fr\/index.php?rest_route=\/wp\/v2\/media\/11"}],"wp:attachment":[{"href":"https:\/\/monperejeanmamy.fr\/index.php?rest_route=%2Fwp%2Fv2%2Fmedia&parent=1988"}],"wp:term":[{"taxonomy":"folder","embeddable":true,"href":"https:\/\/monperejeanmamy.fr\/index.php?rest_route=%2Fwp%2Fv2%2Ffolder&post=1988"}],"curies":[{"name":"wp","href":"https:\/\/api.w.org\/{rel}","templated":true}]}}