{"id":2018,"date":"2021-04-10T10:22:25","date_gmt":"2021-04-10T08:22:25","guid":{"rendered":"http:\/\/monperejeanmamy.fr\/?page_id=2018"},"modified":"2021-04-10T10:40:55","modified_gmt":"2021-04-10T08:40:55","slug":"jm-a-jr-fresnes-46-03-14","status":"publish","type":"page","link":"https:\/\/monperejeanmamy.fr\/?page_id=2018","title":{"rendered":"JM \u00e0 JR (Fresnes 46\/03\/14)"},"content":{"rendered":"<p><strong>\u00a0<\/strong><a href=\"http:\/\/monperejeanmamy.fr\/?page_id=2013\"><img loading=\"lazy\" class=\"wp-image-1352 alignleft\" src=\"http:\/\/monperejeanmamy.fr\/wp-content\/uploads\/2021\/03\/Lettre-precedente.jpg\" alt=\"\" width=\"143\" height=\"78\" \/><\/a><a href=\"http:\/\/monperejeanmamy.fr\/?page_id=2023\"><img loading=\"lazy\" class=\"alignright wp-image-1353\" src=\"http:\/\/monperejeanmamy.fr\/wp-content\/uploads\/2021\/03\/Lettre-suivante.jpg\" alt=\"\" width=\"139\" height=\"76\" \/><\/a><\/p>\n<p style=\"text-align: center;\"><strong>Jeudi 14 mars 1946<\/strong><\/p>\n<p style=\"text-align: center;\">\n<p style=\"text-align: justify;\">Et si je commen\u00e7ais ma lettre d\u00e8s le jeudi\u00a0! J\u2019avais envie de la commencer mardi soir apr\u00e8s t\u2019avoir vue, pour te dire que j\u2019avais encore le go\u00fbt de ton baiser et du rouge \u00e0 l\u00e8vres sur mon plus long poil de moustache. Et puis, tu t\u2019\u00e9tais faite si petite et si effac\u00e9e pr\u00e8s de la chemin\u00e9e qu\u2019on t\u2019avait presque oubli\u00e9e. Dans le jeu de la discussion politique on ne pensait plus qu\u2019il y avait l\u00e0 une jeune personne en qui toutes les paroles pouvaient peut-\u00eatre vibrer \u00e9trangement et qui prenait part activement \u00e0 toutes les minutes du combat. As-tu d\u00e9j\u00e0 \u00e9t\u00e9 dans un grand match de boxe o\u00f9 les athl\u00e8tes jouent leur r\u00e9putation, presque leur vie, ou tout au moins leur carri\u00e8re\u00a0? Il y a peut-\u00eatre \u00e9motion pour celle qui encourage de loin son champion pr\u00e9f\u00e9r\u00e9. J\u2019imagine que tu pr\u00e9f\u00e9rerais que le jeu actuel soit moins violent \u2014et surtout qu\u2019il y ait un arbitre\u2014et des r\u00e8gles du jeu\u2014 Voil\u00e0 ce qui nous manque. Mais n\u2019est-ce pas d\u00e9j\u00e0 un grand point que d\u2019avoir depuis un an gagn\u00e9 autant de manches\u00a0? Tu as senti que, dans le coin gauche, on m\u2019approuvait. Moi aussi, il y a bougrement longtemps que je le sens. Heureusement. Je crois m\u00eame que cette approbation est venue d\u00e8s le premier jour, \u00e0 la suite de mon absolue sinc\u00e9rit\u00e9.<\/p>\n<p style=\"text-align: justify;\">J\u2019ai bien re\u00e7u tes deux lettres, \u00e9crites selon mon go\u00fbt, en pattes de mouches, de fine mouche. Car derri\u00e8re tes yeux innocents, et ta bouche muette, il se passe des subtilit\u00e9s impressionnantes. Tu me sembles \u00eatre une personne qui sait admirablement supporter les coups de la vie, avec une impassibilit\u00e9, une \u00ab\u00a0mine de rien\u00a0\u00bb, un petit air fut\u00e9. Il se peut, malgr\u00e9 la gravit\u00e9 des \u00e9v\u00e8nements qu\u2019on sorte indemne de l\u2019\u00e9preuve. Pourquoi pas\u00a0? J\u2019ai de plus en plus confiance. Il faut \u00eatre tr\u00e8s solide dans ses convictions pour r\u00e9sister dans un monde qui se d\u00e9sagr\u00e8ge.<\/p>\n<p style=\"text-align: justify;\">Maintenant, n\u2019ayons pas trop d\u2019illusions. Il se peut aussi que, tel Socrate, certains esprits droits soient oblig\u00e9s de boire la cigu\u00eb, parce qu\u2019ils auront voulu expliquer \u00e0 la foule qu\u2019il convenait de rompre avec les anciens dieux. Mais ce n\u2019est pas pour cela, qu\u2019\u00e9tant frapp\u00e9s dans leur chair, ils auront eu moins de succ\u00e8s sur le plan de la r\u00e9alit\u00e9 \u00e9ternelle\u00a0; au contraire, le r\u00f4le de l\u2019homme est non pas d\u2019acqu\u00e9rir beaucoup de confort dans la chair ou dans les possessions mat\u00e9rielles, mais au contraire de vaincre l\u2019illusion qu\u2019elles repr\u00e9sentent et de retrouver sa v\u00e9ritable identit\u00e9 qui contient et exprime tout le bonheur possible et imp\u00e9rissable. Il n\u2019y a l\u00e0 aucune s\u00e9paration, aucune souffrance, aucune inimiti\u00e9, aucun emprisonnement, aucun jugement erron\u00e9. Il n\u2019y a pas de prison pour les \u00e2mes libres. La libert\u00e9 est toujours puissante et \u00e0 son apog\u00e9e. Ce sont les hommes qui croient pouvoir dominer par la contrainte. Ce sont les vieux seuls qui peuvent s\u2019offrir le luxe de la g\u00e9n\u00e9rosit\u00e9 et de l\u2019immortalit\u00e9. Et les seuls grands parmi nous sont ceux qui d\u00e9livrent du poids de leurs soucis tant sur ce plan que sur celui qui nous est encore cach\u00e9.<\/p>\n<p style=\"text-align: justify;\">J\u2019ai caress\u00e9 trois fois ta joue, deux fois tes cheveux et t\u2019ai embrass\u00e9 comme autrefois. J\u2019ai pris trois minutes ton bras dans ma poigne, et j\u2019ai regard\u00e9 tes yeux \u00e0 la distance qu\u2019il fallait pour qu\u2019on en sente la chaleur. Cela me suffit pour ce soir d\u2019\u00e9voquer ces souvenirs tout chauds. Chaque chose en son temps. Laisse-moi pour aujourd\u2019hui refroidir le m\u00e9tal br\u00fblant de ma pens\u00e9e avec quelques vers d\u00e9di\u00e9s \u00e0 des abstractions glaciales qui reposent l\u2019esprit du d\u00e9mon d\u2019attendre. Dors tranquille, avec des r\u00eaves ni trop doux ni trop rudes, pleine de la sollicitude de la vie et de la nuit propice aux b\u00e9n\u00e9dictions\u00a0! Et je te donne toute la paix que tu me demandes, avec les mots que tu veux, les phrases qui te plaisent et les arri\u00e8re-pens\u00e9es que tu n\u2019oses m\u00eame pas me demander par timidit\u00e9\u00a0? \u00c0 demain peut-\u00eatre, quoique nous ne nous quittions pas souvent. Sois tr\u00e8s amicale avec moi, et n\u2019oublie pas, tout le long de la semaine, que je suis l\u00e0. Compris\u00a0?<\/p>\n<h1><u>Samedi soir<\/u>.<\/h1>\n<p style=\"text-align: justify;\">Deux mots avant de me coucher. Suis tr\u00e8s content de t\u2019avoir vue cet apr\u00e8s-midi. Tout s\u2019est tr\u00e8s bien pass\u00e9. J\u2019ai encore le souvenir de joue sous ma l\u00e8vre, et de tes yeux sur les miens. Maintenant, dors.<\/p>\n<h1 style=\"text-align: justify;\"><u>Lundi matin<\/u>.<\/h1>\n<p style=\"text-align: justify;\">J\u2019ai beaucoup pens\u00e9 \u00e0 toi hier\u2026 pendant\u2026 ne comptons ni les minutes, ni les heures. Ce doit te suffire, j\u2019esp\u00e8re, de savoir qu\u2019on y pense avec la d\u00e9licatesse, la tendresse voulue. C\u2019est un amour de qualit\u00e9, madame, et en l\u2019esp\u00e8ce, ce sont les meilleurs articles qui durent le plus longtemps. Ils ont m\u00eame l\u2019amabilit\u00e9 et la sp\u00e9cialit\u00e9, tels le ph\u00e9nix, de rena\u00eetre tous les jours de leurs cendres quotidiennes, car un amour qui br\u00fble fait toujours un peu de cendres (il n\u2019est rien de meilleur que le feu pour purifier l\u2019esprit, le feu de l\u2019amiti\u00e9, le feu de la passion pure, le feu de la sensibilit\u00e9 douce, le petit et le grand feu\u00a0; et ce feu l\u00e0 est le seul avec lequel on puisse jouer sans br\u00fbler en soi l\u2019\u00e9ternel inamovible).<\/p>\n<p style=\"text-align: justify;\">Comment va le petit ange\u00a0? Car c\u2019est un ange. Nous nous refusons \u00e0 voir ici le d\u00e9mon remuant qui casse les assiettes, d\u00e9chire les robes et impose sa volont\u00e9 opini\u00e2tre \u00e0 des femmes extasi\u00e9es devant la vigueur v\u00e9h\u00e9mente de ses injonctions jupit\u00e9riennes. Pour celui-l\u00e0, comme pour tous les autres, mais plus que pour tous les autres, puisque nous en sommes charg\u00e9s, il y a des portes ouvertes de tous c\u00f4t\u00e9s sur l\u2019infini des d\u00e9veloppements possibles. Il passera par toutes les \u00e9tapes de la vie stupide. D\u2019abord, il voudra \u00eatre pompier, sergent de ville ou gendarme \u2014porter le bel uniforme\u2014 ensuite faire du cin\u00e9ma en cow-boy, en habit, ou en marquis poudr\u00e9 \u00e0 perruque, poss\u00e9der le luxe et la gloire, conqu\u00e9rir le monde avec son talent, ou son or, ou ses armes. Puis il deviendra sage, se r\u00e9fugiera dans une haute tour d\u2019ivoire, ou une s\u00e9v\u00e8re prison (orn\u00e9e parfois de ch\u00e8vrefeuille ou de narcisses) et comprendra que toute la beaut\u00e9 de la vie peut tenir dans quelques vers. Jusqu\u2019au jour o\u00f9 il br\u00fblera ces vers comme \u00e9tant trop orgueilleux, imbib\u00e9s malgr\u00e9 tout du souffle d\u00e9l\u00e9t\u00e8re de l\u2019homme de chair. \u00c0 ce moment purifi\u00e9 par toutes les douleurs, comme par la plus extr\u00eame simplicit\u00e9, il retrouvera l\u2019infini, la douceur de vivre, le bonheur d\u2019\u00eatre intact. Que voil\u00e0 un cycle rapidement parcouru\u00a0; quelle mont\u00e9e vertigineuse vers des sommets r\u00e9els, o\u00f9 l\u2019atmosph\u00e8re de plus en plus rar\u00e9fi\u00e9e devient plus ardente et perm\u00e9able aux rayons d\u2019en-Haut. Les plus grands mystiques sont les plus r\u00e9alistes.<\/p>\n<p style=\"text-align: justify;\">J\u2019esp\u00e8re te voir demain, o\u00f9 j\u2019ai une confrontation innocente. Celles de samedi et du suivant seront plus dures, sans toutefois \u00eatre dramatiques. J\u2019arriverai facilement \u00e0 me d\u00e9gager d\u2019erreurs grossi\u00e8res. Dans l\u2019ensemble l\u2019affaire prend la tournure pr\u00e9vue. Il faut pourtant entendre encore quelques personnes car le principal n\u2019est pas \u00e9clairci. Il parait que les jur\u00e9s sont d\u00e9finitivement chang\u00e9s \u00e0 partir du 26. Ceux que nous avons eus depuis le 4 mars n\u2019\u00e9taient encore que des jur\u00e9s de transition. Que vaudront les prochains\u00a0? Myst\u00e8re. La question n\u2019est pas l\u00e0. J\u2019ai perdu toute illusion sur ce monde d\u00e9vor\u00e9 de puissance atomique, de bouleversements marxistes, infatu\u00e9 de ses propres d\u00e9sordres, glorieux de son impuissance. Et je me f\u00e9licite de ne pas avoir pris part depuis un an \u00bd \u00e0 la vie sociale et politique de ce pays, car les responsables de la catastrophe actuelle paieront cher leurs imprudences. C\u2019est ce que je me permets de d\u00e9clarer ouvertement \u00e0 l\u2019instruction. Il n\u2019y a pas lieu de dissimuler sa pens\u00e9e. Je crois qu\u2019\u00e0 force d\u2019\u00eatre bafou\u00e9, le peuple fran\u00e7ais se r\u00e9veillera un jour et se retournera contre ses pires ennemis\u00a0: les vendeurs d\u2019id\u00e9al, les menteurs effr\u00e9n\u00e9s qui l\u2019ab\u00eatissent et le grugent. \u00c0 moins qu\u2019une s\u00e9v\u00e8re le\u00e7on venant de l\u2019\u00e9tranger vienne encore \u00e9craser les amateurs de faiblesse.<\/p>\n<p style=\"text-align: justify;\">Tr\u00eave de politique. As-tu vu ton aviateur\u00a0? Peut-il quelque chose\u00a0? Esp\u00e9rons toujours jusqu\u2019au dernier moment. Du reste, nous ne sommes pas encore press\u00e9s par l\u2019urgence. Mais il faut agir, se d\u00e9mener. Je crois que les \u00e9v\u00e8nements travaillent pour nous. Nous aussi, travaillons\u00a0!<\/p>\n<p style=\"text-align: justify;\">Pour les colis, dis \u00e0 ma m\u00e8re qu\u2019elle n\u2019oublie pas de me mettre des serviettes de toilette. Voil\u00e0 15 jours qu\u2019elle n\u2019y a pas pens\u00e9. Je voudrais des b\u00e2tonnets pour les ongles, et quelques cure-dents\u2026 <u>en bois<\/u> (tu diras que je suis versatile, mais l\u2019exp\u00e9rience m\u2019oblige \u00e0 modifier ma technique\u2026). Pas trop de Cr\u00e8mosine, moins de Kub (six par semaine sont suffisants). N\u2019oublie pas la poudre de lait\u2026 et le caf\u00e9\u00a0!!! Pour le reste tout est parfait. \u00c0 bient\u00f4t te lire <u>longuement<\/u>, t\u2019embrasser <u>itou<\/u> et te retrouver en pleine libert\u00e9, d\u00e8s que faire se pourra.<\/p>\n<p style=\"text-align: justify;\">J.<\/p>\n<p>PS. Des enveloppes SVP. Tu peux mettre un petit bouquet de fleurs dans le colis de linge. Ce n\u2019est pas d\u00e9fendu.<\/p>\n","protected":false},"excerpt":{"rendered":"<p>\u00a0 Jeudi 14 mars 1946 Et si je commen\u00e7ais ma lettre d\u00e8s le jeudi\u00a0! J\u2019avais envie de la commencer mardi soir apr\u00e8s t\u2019avoir vue, pour te dire que j\u2019avais encore le go\u00fbt de ton baiser et du rouge \u00e0 l\u00e8vres &hellip; <a href=\"https:\/\/monperejeanmamy.fr\/?page_id=2018\">Continuer la lecture <span class=\"meta-nav\">&rarr;<\/span><\/a><\/p>\n","protected":false},"author":2,"featured_media":11,"parent":0,"menu_order":0,"comment_status":"closed","ping_status":"closed","template":"","meta":[],"folder":[],"_links":{"self":[{"href":"https:\/\/monperejeanmamy.fr\/index.php?rest_route=\/wp\/v2\/pages\/2018"}],"collection":[{"href":"https:\/\/monperejeanmamy.fr\/index.php?rest_route=\/wp\/v2\/pages"}],"about":[{"href":"https:\/\/monperejeanmamy.fr\/index.php?rest_route=\/wp\/v2\/types\/page"}],"author":[{"embeddable":true,"href":"https:\/\/monperejeanmamy.fr\/index.php?rest_route=\/wp\/v2\/users\/2"}],"replies":[{"embeddable":true,"href":"https:\/\/monperejeanmamy.fr\/index.php?rest_route=%2Fwp%2Fv2%2Fcomments&post=2018"}],"version-history":[{"count":3,"href":"https:\/\/monperejeanmamy.fr\/index.php?rest_route=\/wp\/v2\/pages\/2018\/revisions"}],"predecessor-version":[{"id":2026,"href":"https:\/\/monperejeanmamy.fr\/index.php?rest_route=\/wp\/v2\/pages\/2018\/revisions\/2026"}],"wp:featuredmedia":[{"embeddable":true,"href":"https:\/\/monperejeanmamy.fr\/index.php?rest_route=\/wp\/v2\/media\/11"}],"wp:attachment":[{"href":"https:\/\/monperejeanmamy.fr\/index.php?rest_route=%2Fwp%2Fv2%2Fmedia&parent=2018"}],"wp:term":[{"taxonomy":"folder","embeddable":true,"href":"https:\/\/monperejeanmamy.fr\/index.php?rest_route=%2Fwp%2Fv2%2Ffolder&post=2018"}],"curies":[{"name":"wp","href":"https:\/\/api.w.org\/{rel}","templated":true}]}}