{"id":2048,"date":"2021-04-10T15:36:31","date_gmt":"2021-04-10T13:36:31","guid":{"rendered":"http:\/\/monperejeanmamy.fr\/?page_id=2048"},"modified":"2021-04-10T15:58:05","modified_gmt":"2021-04-10T13:58:05","slug":"jm-a-jr-fresnes-46-05-13","status":"publish","type":"page","link":"https:\/\/monperejeanmamy.fr\/?page_id=2048","title":{"rendered":"JM \u00e0 JR (Fresnes 46\/05\/13)"},"content":{"rendered":"<p><strong>\u00a0<\/strong><a href=\"http:\/\/monperejeanmamy.fr\/?page_id=2042\"><img loading=\"lazy\" class=\"wp-image-1352 alignleft\" src=\"http:\/\/monperejeanmamy.fr\/wp-content\/uploads\/2021\/03\/Lettre-precedente.jpg\" alt=\"\" width=\"143\" height=\"78\" \/><\/a><a href=\"http:\/\/monperejeanmamy.fr\/?page_id=2053\"><img loading=\"lazy\" class=\"alignright wp-image-1353\" src=\"http:\/\/monperejeanmamy.fr\/wp-content\/uploads\/2021\/03\/Lettre-suivante.jpg\" alt=\"\" width=\"139\" height=\"76\" \/><\/a><\/p>\n<p style=\"text-align: center;\"><strong>Lundi 13 mai 1946<\/strong><\/p>\n<p style=\"text-align: center;\">Ma Jeannette, carissima,<\/p>\n<p style=\"text-align: justify;\">Si j\u2019ai ajout\u00e9 ce terme emphatique et latin, c\u2019est pour corriger ce que les deux premiers ont d\u2019orgueilleux, d\u2019\u00e9go\u00efste, de super-potentiel, de trop m\u00e2le. J\u2019ai craint d\u2019appara\u00eetre un bourreau \u00e9pais qui s\u2019approprie \u2014ind\u00fbment\u2014 quoique avec le consentement de la personne, le droit de contr\u00f4ler, superviser, critiquer, conduire, etc\u2026 les faits et gestes de la plus charmante et la plus douce des petites filles mamans. Donc, j\u2019ai vaincu l\u2019ours qui \u00e9tait en moi pour le faire agneau, et le mettre aux pieds de ma princesse nordique, tapis de fourrure. Tendresse chaude. Viens-tu te rouler avec moi sur la peau de l\u2019ours. Celui-l\u00e0 est bien tu\u00e9. Il y a des monstres dans le c\u0153ur des hommes, qu\u2019avec de la patience on r\u00e9ussit \u00e0 empailler.<\/p>\n<p style=\"text-align: justify;\">Bien re\u00e7u tes lettres et photos. Photos sont \u00e9pingl\u00e9es au mur. Lettres ailleurs, si nous ne craignions d\u2019\u00eatre romantiques. B\u00e9b\u00e9 est superbe. Il fait la grimace quand il est sur les genoux de sa m\u00e8re. On dirait qu\u2019il aime courir, bouger. Fichtre\u00a0! J\u2019ai l\u2019impression qu\u2019il fera trembler la terre sous lui. Pour les photos, fais boucher le trou de l\u2019appareil et veux-tu bien m\u2019envoyer des douzaines de clich\u00e9s avec Jeannette dessus. Jeannette, Jeannette et encore elle. M\u00e9fie toi de la lumi\u00e8re plongeante. Ne pas baisser la t\u00eate pour ne pas faire d\u2019ombres sous le nez. Ou employer un r\u00e9flecteur papier blanc qui renvoie la lumi\u00e8re sur la figure<a href=\"#_ftn1\" name=\"_ftnref1\">[1]<\/a>. Pas de soleil de face, mais toujours de dos ou de c\u00f4t\u00e9, avec r\u00e9flexion sur le visage. Si la lumi\u00e8re frappe de face, me paysage est plat. Si de c\u00f4t\u00e9, tout le relief se d\u00e9tache. Avis. \u00c9tudier avec soin manuel photo amateur. Appareil trop ouvert (diaphragme). Photos un peu grises. Plus le diaphragme est petit, plus la nettet\u00e9 est grande, surtout dans les lointains. G\u00e2cher 12 plaques pour savoir s\u2019en servir. Comme les enfants. Au sixi\u00e8me, vous saurez, madame, ce que c\u2019est d\u2019\u00eatre maman.<\/p>\n<p style=\"text-align: justify;\">Alors c\u2019est vrai. Cela te ferait plaisir qu\u2019un jour ou l\u2019autre je te t\u00e9l\u00e9phone\u00a0: \u00ab\u00a0<em>bonjour, qu\u2019est-ce que tu fais ce soir\u00a0?<\/em> \u00bb. R\u00eaves, r\u00eaves. Ce n\u2019est pas demain. Tout au plus apr\u00e8s demain. Les \u00e9v\u00e9nements ont l\u2019air de tourner favorablement. Je pense que le plus dur est pass\u00e9. On pense toujours que l\u2019avenir sera meilleur. Pourquoi ? Pas de raison. Car pour l\u2019instant le pr\u00e9sent est merveilleux. Un papier blanc qui ne rature pas. Une plume souffre. Un sourire sur le mur. Un parquet cir\u00e9. Ciel gris. C\u0153ur repos\u00e9. Heureux envol. Doux souvenirs. Belles et intimes pr\u00e9sences. Grandes id\u00e9es. Courage. Ardeur. Go\u00fbt au travail. Fleurs sur la table. Tout un univers dans l\u2019\u0153il, cet \u0153il magique qui se prom\u00e8ne \u00e0 travers les mondes, les explore, et revient charg\u00e9 de suc. Une seule question : pourquoi Fr\u00e9d\u00e9ric a-t-il tant\u00f4t la raie \u00e0 droite, tant\u00f4t \u00e0 gauche ??? Pour mon go\u00fbt, je pr\u00e9f\u00e8re \u00e0 droite. Front plus d\u00e9gag\u00e9. L\u2019air distingu\u00e9, mais violent. Bon !!! Napol\u00e9on !<\/p>\n<p style=\"text-align: justify;\">Ma m\u00e8re m\u2019a trouv\u00e9 l\u2019air c\u00e9sarien, \u00e0 l\u2019un des derniers parloirs. Bonne m\u00e8re\u00a0! Il y a toujours dans ces admirations maternelle une inconnue mesurable na\u00efvet\u00e9. Vous aimez beaucoup trop les produits de la nature, mesdames. Dangereux. D\u00e9ceptions futures. L\u2019\u00e9ternit\u00e9, le sens harmonieux qui bouleverse tout, m\u00eame les sensibilit\u00e9s sentimentales, se chargera de corriger tout \u00e7a.<\/p>\n<p style=\"text-align: justify;\">Alors, tu me lis dans le m\u00e9tro\u00a0? je suis le journal du jeudi ou vendredi. Je sers \u00e0 oublier les stations. Fichtre\u00a0! Quel romancier je fais pour troubler, amuser, endormir le c\u0153ur des petites filles. Vierges ardeurs, amoureuses candeurs \u2014vraiment tu crois\u2014c\u2019est curieux\u2014que je t\u2019int\u00e9resse. Nom d\u2019un canard\u00a0! Moi qui n\u2019aimais pas \u00e0 m\u2019int\u00e9resser \u00e0 moi-m\u00eame. Est-ce que tu me pr\u00e9f\u00e8res doux ou brutal\u00a0? Po\u00e8te ou casse-gueule\u00a0? Enfant de ch\u0153ur ou cravacheur\u00a0? Si je te battais un peu, de temps en temps, pour \u00e9prouver ta patience. Exp\u00e9rience. \u00c9preuve du feu. On enregistrera les battements du c\u0153ur au dynamom\u00e8tre.<\/p>\n<p style=\"text-align: justify;\">Je me souviens qu\u2019\u00e0 certains moments ton c\u0153ur battait tr\u00e8s vite. Si vite que j\u2019ai couru apr\u00e8s de crainte qu\u2019il s\u2019essouffle. Pour l\u2019instant, repos. Ne battez pas sans moi, messire. Ne rougis pas, veux-tu.<\/p>\n<p style=\"text-align: justify;\">Il me semble que la campagne o\u00f9 nous nous retrouverons est l\u00e0, tout pr\u00e8s. Donne moi, \u00e0 tout hasard, l\u2019adresse o\u00f9 je t\u2019\u00e9crivais. On pourra peut-\u00eatre y passer les vacances prochainement.<\/p>\n<p style=\"text-align: justify;\">Je regarde pousser mes plantes grasses avec une admiration b\u00e9ate. Trois oignons de b\u00e9gonias enfonc\u00e9s il y a un mois dans trois vieilles bo\u00eetes remplies de terre. Tout \u00e0 coup jeune point vert, petit bouton, tumeur. Elle \u00e9clate en une feuille miniature, dresse un poli, une nervure, s\u2019\u00e9tire, se hisse p\u00e9niblement, met un pied devant l\u2019autre sur l\u2019oignon, d\u00e9gage une autre feuille, puis une troisi\u00e8me, cherche \u00e0 boire au plafond une lumi\u00e8re d\u00e9sesp\u00e9r\u00e9e au bout d\u2019un long col poilu, \u00e9tend sa feuille comme une main, tous doigts \u00e9cart\u00e9s. \u00c0 son pied un gros b\u00e9b\u00e9 fleur en herbe envelopp\u00e9 dans un cocon vert. La feuille est brune, les nervures jaune-vert p\u00e2le. Les poils de barbe se multiplient. Elle a aujourd\u2019hui trois centim\u00e8tres pour le moins, demain quatre. Celle d\u2019\u00e0 c\u00f4t\u00e9 est rouge brun\u00e2tre et se d\u00e9veloppe comme une rose du d\u00e9sert \u2014tu sais, les fleurs de sable. Ma troisi\u00e8me a juste perc\u00e9. Elle n\u2019est pour l\u2019instant qu\u2019un embryon. Fr\u00e9d\u00e9ric n\u2019\u00e9tait pas plus gros.<\/p>\n<p style=\"text-align: justify;\">Je viens d\u2019interrompre ma lettre pour \u00ab d\u00e9poter \u00bb deux de mes enfants et les \u00ab r\u00e9-empoter \u00bb dans des bo\u00eetes plus grandes. Petit travail qui m\u2019a rappel\u00e9 les beaux jours de mon enfance o\u00f9 j\u2019avais plaisir \u00e0 tripoter la terre et \u00e0 farfouiller dans l\u2019humus. Ah ! L\u2019attrait de la barbouille. Il semble de la vie.<\/p>\n<h1 style=\"text-align: justify;\">16 heures.<\/h1>\n<p style=\"text-align: justify;\">Bien re\u00e7u colis. Merci. Bravo. Les \u0153illets sont tendres, terriblement amoureux, si doux qu\u2019on en prend soin doublement, assez sauvages pour qu\u2019on appr\u00e9cie leur ind\u00e9pendance, d\u00e9sabus\u00e9s, hautains, modestes et fiers tout en m\u00eame temps. Ils sont roses parce qu\u2019il faut bien oser \u00eatre doux dans un monde dur, mais le plus rouge, plus audacieux, cr\u00e8ve les yeux avec sa vigueur f\u00e9roce. Depuis tout \u00e0 l\u2019heure, ils boivent avec patience l\u2019eau que je leur ai donn\u00e9e et, vers le soir, ils pourront parler tout seuls, un peu ivres, laissant \u00e9chapper toutes les paroles, m\u00eame inconvenantes, qu\u2019on leur a confi\u00e9es. Oh\u00a0! Secrets\u00a0!<\/p>\n<p style=\"text-align: justify;\">La conversation dans la cellule roule sur les femmes depuis tout \u00e0 l\u2019heure. J\u2019en ai dit pis que pendre. Sauf que toutes les observations qu\u2019on peut faire sur la gent f\u00e9minine s\u2019appliquent aux exp\u00e9riences malheureuses ou incompl\u00e8tes qu\u2019on fit, \u00e0 l\u2019exception des exp\u00e9riences heureuses. J\u2019ai donc r\u00e9serv\u00e9 mon opinion sur un (et m\u00eame beaucoup de points) point \u00e0 l\u2019\u00e9gard d\u2019une exp\u00e9rience dont je ne parle jamais en public, mais o\u00f9 une certaine Jeannette est int\u00e9ress\u00e9e \u2014n\u2019en parlons point ici, non plus, elle pourrait en concevoir de l\u2019orgueil, et il faut toujours \u00e0 l\u2019amour le fouet de l\u2019imperfection possible.<\/p>\n<p style=\"text-align: justify;\">Le colis \u00e9tait tr\u00e8s bien, les petits paquets bien ficel\u00e9s. Si quelquefois un Am\u00e9ricain t\u2019offre du Nescaf\u00e9 en quantit\u00e9, n\u2019h\u00e9site pas. J\u2019appr\u00e9cie beaucoup les petites bo\u00eetes (b\u0153uf, salade, etc\u2026). Que n\u2019appr\u00e9cie-je pas\u00a0? J\u2019esp\u00e8re bien te voir un de ces jours, le plus tard possible. Pas du tout press\u00e9 pour la rentr\u00e9e du document demand\u00e9. Je vais probablement aller \u00e0 l\u2019instruction en t\u00e9moignage un de ces jours (comme vendredi dernier). Et puis, je pr\u00e9parerai une grande note d\u00e9finitive pour mon juge, pour pr\u00e9ciser un grand nombre de d\u00e9tails encore peu mis en lumi\u00e8re. Je compte m\u00eame \u2014cela semble \u00e9tonnant\u2014 d\u00e9poser bient\u00f4t une demande de libert\u00e9 provisoire\u00a0(!!!) \u00e9tant donn\u00e9 le nombre de gens qui ont \u00e9t\u00e9 lib\u00e9r\u00e9s depuis quelque temps et dont les cas sont sup\u00e9rieurs au mien. Toutefois, je crois qu\u2019il ne faut pas agir trop vite. Pas avant deux mois au moins. Un grand changement va s\u2019op\u00e9rer sous peu. Nous allons voir beaucoup plus clair. Il semble que la faillite de nos adversaires soit consomm\u00e9e. La v\u00e9rit\u00e9 appara\u00eetra peu \u00e0 peu aux esprits les moins bien dispos\u00e9s contre nous. Les m\u00e9chants seront forc\u00e9s de se taire. Et les bons nous tendront la main. Jeannette me tendra-t-elle la main\u00a0?<\/p>\n<p style=\"text-align: justify;\">Mais non, ma cellule n\u2019est pas affreuse. Je ne la regarde gu\u00e8re. On a cach\u00e9 la l\u00e8pre des murs avec du papier. Tout ce qui \u00e9tait laid s\u2019est par\u00e9 de notre po\u00e9sie apport\u00e9e soigneusement pour colmater les attaques de la rigueur p\u00e9nitentiaire. L\u00e0 o\u00f9 tout semblait vouloir accabler l\u2019homme, le mater, le corriger sans but, l\u2019enserrer dans un \u00e9tau mental, nous avons apport\u00e9 la libert\u00e9, la paix, le bonheur, la d\u00e9tente, la joie, le travail. Nous ne sommes pas prisonniers du mal, quelle que soit son apparence. Ni la calomnie, ni la haine, ni les pr\u00e9jug\u00e9s, ni le m\u00e9canisme d\u2019indiff\u00e9rence dans quoi le monde actuel cherche \u00e0 broyer les \u00e9lites qui lui d\u00e9plaisent, parce qu\u2019il les craint, les redoute \u2014quand il cesse de les adorer\u2014 ou quand il ne veut plus les honorer. Rien de tout cela ne peut \u00e9branler cette constante humeur qui nous permet d\u2019appr\u00e9cier les fleurs, la douceur de la vie, la constances de nos amours, l\u2019offrande humble des amiti\u00e9s et des d\u00e9vouements, les instants pr\u00e9cieux qui passent, \u00e9ternels et sereins, charmants et propices, fleurs de s\u00e8ve divine. Voici que nous sommes toujours si confiants, si s\u00fbrs d\u2019avoir touch\u00e9 le bord de la robe d\u2019une v\u00e9rit\u00e9 transcendante si p\u00e9n\u00e9tr\u00e9 du devoir accompli. On nous regarda hier comme des tra\u00eetres, puis comme des fous. Appara\u00eetrons-nous bient\u00f4t comme des sages, ceux qui auront eu le courage de chercher leur refuge dans la discipline de l\u2019adversit\u00e9\u00a0? J\u2019adresse pr\u00e9cipitamment un sourire \u00e0 ton sourire, un hommage \u00e0 tes yeux violets, une caresse au futur chef de tous les peuples de la Terre, et un baiser \u00e0 l\u2019infini de nos tendresses r\u00e9ciproques.<\/p>\n<p>J.<\/p>\n<p>&nbsp;<\/p>\n<p>&nbsp;<\/p>\n<p>&nbsp;<\/p>\n<p>&nbsp;<\/p>\n<p>&nbsp;<\/p>\n<p><a href=\"#_ftnref1\" name=\"_ftn1\">[1]<\/a> On reconna\u00eet l\u00e0 le metteur en sc\u00e8ne (note de FGR).<\/p>\n","protected":false},"excerpt":{"rendered":"<p>\u00a0 Lundi 13 mai 1946 Ma Jeannette, carissima, Si j\u2019ai ajout\u00e9 ce terme emphatique et latin, c\u2019est pour corriger ce que les deux premiers ont d\u2019orgueilleux, d\u2019\u00e9go\u00efste, de super-potentiel, de trop m\u00e2le. J\u2019ai craint d\u2019appara\u00eetre un bourreau \u00e9pais qui s\u2019approprie &hellip; <a href=\"https:\/\/monperejeanmamy.fr\/?page_id=2048\">Continuer la lecture <span class=\"meta-nav\">&rarr;<\/span><\/a><\/p>\n","protected":false},"author":2,"featured_media":11,"parent":0,"menu_order":0,"comment_status":"closed","ping_status":"closed","template":"","meta":[],"folder":[],"_links":{"self":[{"href":"https:\/\/monperejeanmamy.fr\/index.php?rest_route=\/wp\/v2\/pages\/2048"}],"collection":[{"href":"https:\/\/monperejeanmamy.fr\/index.php?rest_route=\/wp\/v2\/pages"}],"about":[{"href":"https:\/\/monperejeanmamy.fr\/index.php?rest_route=\/wp\/v2\/types\/page"}],"author":[{"embeddable":true,"href":"https:\/\/monperejeanmamy.fr\/index.php?rest_route=\/wp\/v2\/users\/2"}],"replies":[{"embeddable":true,"href":"https:\/\/monperejeanmamy.fr\/index.php?rest_route=%2Fwp%2Fv2%2Fcomments&post=2048"}],"version-history":[{"count":3,"href":"https:\/\/monperejeanmamy.fr\/index.php?rest_route=\/wp\/v2\/pages\/2048\/revisions"}],"predecessor-version":[{"id":2057,"href":"https:\/\/monperejeanmamy.fr\/index.php?rest_route=\/wp\/v2\/pages\/2048\/revisions\/2057"}],"wp:featuredmedia":[{"embeddable":true,"href":"https:\/\/monperejeanmamy.fr\/index.php?rest_route=\/wp\/v2\/media\/11"}],"wp:attachment":[{"href":"https:\/\/monperejeanmamy.fr\/index.php?rest_route=%2Fwp%2Fv2%2Fmedia&parent=2048"}],"wp:term":[{"taxonomy":"folder","embeddable":true,"href":"https:\/\/monperejeanmamy.fr\/index.php?rest_route=%2Fwp%2Fv2%2Ffolder&post=2048"}],"curies":[{"name":"wp","href":"https:\/\/api.w.org\/{rel}","templated":true}]}}