{"id":2063,"date":"2021-04-10T18:19:32","date_gmt":"2021-04-10T16:19:32","guid":{"rendered":"http:\/\/monperejeanmamy.fr\/?page_id=2063"},"modified":"2021-04-10T18:38:53","modified_gmt":"2021-04-10T16:38:53","slug":"jm-a-jr-fresnes-46-06-03","status":"publish","type":"page","link":"https:\/\/monperejeanmamy.fr\/?page_id=2063","title":{"rendered":"JM \u00e0 JR (Fresnes 46\/06\/03)"},"content":{"rendered":"<p><strong>\u00a0<\/strong><a href=\"http:\/\/monperejeanmamy.fr\/?page_id=2059\"><img loading=\"lazy\" class=\"wp-image-1352 alignleft\" src=\"http:\/\/monperejeanmamy.fr\/wp-content\/uploads\/2021\/03\/Lettre-precedente.jpg\" alt=\"\" width=\"143\" height=\"78\" \/><\/a><a href=\"http:\/\/monperejeanmamy.fr\/?page_id=2067\"><img loading=\"lazy\" class=\"alignright wp-image-1353\" src=\"http:\/\/monperejeanmamy.fr\/wp-content\/uploads\/2021\/03\/Lettre-suivante.jpg\" alt=\"\" width=\"139\" height=\"76\" \/><\/a><\/p>\n<p style=\"text-align: center;\"><strong>Lundi 3 juin 1946<\/strong><\/p>\n<p style=\"text-align: center;\">Ma ch\u00e9rie,<\/p>\n<p style=\"text-align: justify;\">Alors la France a vot\u00e9 <a href=\"#_ftn1\" name=\"_ftnref1\">[1]<\/a>. Les r\u00e9sultats apparaissent d\u00e9j\u00e0 curieux. On se demande quelles vont en \u00eatre les cons\u00e9quences pour nous, et les \u00ab\u00a0si\u00a0\u00bb et les \u00ab\u00a0car\u00a0\u00bb courent les couloirs. Je ne t\u2019en dis pas plus, la censure n\u2019autorisant pas les discussions politiques. Mais dans l\u2019ensemble, il n\u2019appara\u00eet pas que la situation soit pire. Bien au contraire. Les pessimistes hurlent au grave danger de deux blocs qui vont s\u00e9parer les Fran\u00e7ais. Moi je dis tout doucement que le vote d\u2019hier indique que l\u2019\u00c9glise a battu la Ma\u00e7onnerie. La chr\u00e9tient\u00e9 contre le mat\u00e9rialisme, et quelques uns d\u2019entre nous ne sont pas peu fiers d\u2019avoir \u00e9t\u00e9 \u00e0 la t\u00eate du combat, quels que soient les coups que nous prenions aujourd\u2019hui.<\/p>\n<p style=\"text-align: justify;\">Merci pour le colis. Parfait. Bravo pour le cahier. Tr\u00e8s utile. Les fleurs sont ravissantes. Sais-tu que j\u2019ai encore des pens\u00e9es d\u2019il y a un mois. Elles ont toutes fleuri ces jours-ci et cinq grosses fleurs s\u2019\u00e9talent largement, jaunes avec des barbes brunes. Il y en a encore trois autres en pr\u00e9paration.<\/p>\n<p style=\"text-align: justify;\">Pendant que j\u2019y pense, veux-tu demander \u00e0 ma m\u00e8re de ne pas oublier pour lundi<\/p>\n<ol>\n<li style=\"text-align: justify;\">du fil, si possible du fil de lin, noir.<\/li>\n<li style=\"text-align: justify;\">une \u00e9ponge en aluminium ou paille de fer (pour nettoyer les gamelles, il y a un nom sp\u00e9cial pour ces sortes d\u2019outils.<\/li>\n<li style=\"text-align: justify;\">A-t-elle de vieux morceaux de toile, grandeur d\u2019un mouchoir, pour passer le caf\u00e9 ? J\u2019y emploie mes mouchoirs, mais cela me semble inutile. Surtout pas de passe-caf\u00e9, instrument beaucoup trop compliqu\u00e9. Le morceau de linge suffit, \u00e0 condition qu\u2019il soit assez grands.<\/li>\n<\/ol>\n<p style=\"text-align: justify;\">J\u2019attends toujours les photos. Impatiemment. IMPATIEMMENT\u00a0!! Non, avec beaucoup de patience sereine, mais je les attends.<\/p>\n<p style=\"text-align: justify;\">Les roses sont magnifiques. Je voudrais \u00eatre peintre. Quel luxe, ces p\u00e9tales\u00a0; il n\u2019y a de joie parfaite que dans la beaut\u00e9 extra-utilitaire. On devrait vivre dans les fleurs \u2014et les chansons\u2014 la vie serait moins lourde. Il y en a que cela fait rire, cette id\u00e9e d\u2019un monde <u>bon<\/u>. On n\u2019imagine pas cela, un monde <u>bon<\/u>. Il est vrai que celui que nous voyons avec nos yeux ne saurait l\u2019\u00eatre, par d\u00e9finition. Le monde de chair n\u2019est pas bon. C\u2019est par le sixi\u00e8me sens, l\u2019intuition spirituelle, que nous arrivons \u00e0 comprendre la bont\u00e9, la beaut\u00e9. Et pour l\u2019appr\u00e9cier, il nous faut imm\u00e9diatement oublier le monde.<\/p>\n<p style=\"text-align: justify;\">Tu ne m\u2019\u00e9cris pas. Trois jours sans lettre. M\u00e9chante fille. Affreuse petite fille. Oublieuse. Indiff\u00e9rente. \u00c9go\u00efste. Les voil\u00e0 bien les gens du dehors. Tout \u00e0 leurs plaisirs ou leurs soucis (c\u2019est tout comme), mais n\u00e9gligeant les devoirs les plus sacr\u00e9s\u00a0: la correspondance avec ceux qui dans leurs cellules ne pensent qu\u2019\u00e0 eux (et \u00e0 beaucoup de choses) avec t\u00e9nacit\u00e9, pers\u00e9v\u00e9rance, tendresse, pr\u00e9venances, toutes sortes de nuances que vous ne pouvez percevoir, vous autres qui courez \u00e0 droite et \u00e0 gauche pour assouvir vos besoins de vous d\u00e9gourdir, et amoureux de toutes les futilit\u00e9s.<\/p>\n<p style=\"text-align: justify;\">Tu ne m\u2019\u00e9cris pas. Pas assez. Pas assez souvent. Pas assez longuement. Pas assez pr\u00e9cis\u00e9ment. Tu pourrais me dire beaucoup\u00a0 plus de choses, en beaucoup plus de mots, avec beaucoup plus de\u2026 enfin, beaucoup plus. Ceci parce que depuis deux jours, j\u2019attends une lettre de toi. Trois jours. Les roses sont tr\u00e8s jolies. Cet apr\u00e8s-midi j\u2019ai beaucoup de travail sur ma table. Deux livres \u00e0 terminer. Un po\u00e8me \u00e0 copier dans mon anthologie. Je veux relire <em>Ph\u00e8dre<\/em> et <em>Bajazet<\/em> d\u2019ici ce soir. J\u2019ai d\u00e9j\u00e0 commenc\u00e9 un gros travail sur la mythologie. Et je dois aussi deux parties d\u2019\u00e9checs \u00e0 mes camarades. Outre cela, le soin des fleurs et la vaisselle. Tu vois. Quelles journ\u00e9es\u00a0! Heureusement que je n\u2019ai plus de t\u00e9l\u00e9phone.<\/p>\n<p style=\"text-align: justify;\">Mais mon souci est autre. Le plus intime. Tu vas savoir. Dois-tu le savoir\u00a0? Voil\u00e0. On peut te confier. Il semble que\u2026 J\u2019en suis m\u00eame s\u00fbr. Tout \u00e0 coup\u2026 tout \u00e0 l\u2019heure, voil\u00e0\u2026 Est-ce au milieu du papier. Non. Sur le bord de la table, \u00e0 moins que ce soit sur le mur. Enfin\u2026 Peut-\u00eatre dans ma main, deux yeux, deux yeux violets, deux yeux que j\u2019ai d\u00e9j\u00e0 vus quelque part. O\u00f9 donc\u00a0? Chez moi, dans le noir, dans le soir. Quand je commandais imp\u00e9rieusement \u00e0 mes paupi\u00e8res de s\u2019ouvrir. Deux yeux violets doux, avec des reflets dor\u00e9s, sucr\u00e9s, des reflets joyeux, brillants, qui disaient des tas de choses, des univers de choses, banales comme toutes les choses naturelles, mais si rares, au milieu d\u2019un monde qui n\u2019est point naturel. Sur le papier. Sur la table. Sur le mur. Ils roulaient. Ils brillaient. Ils parlaient et j\u2019ai cru pouvoir saisir des poign\u00e9es de cheveux blonds, des boucles d\u2019oreilles qui se d\u00e9tachaient d\u2019elles-m\u00eames, des poignets si fins dans mes pattes de po\u00e8te-paysan. Et les yeux devenaient presque affectueux, comme le sommeil, comme la nuit douce, comme le matin printanier trop sonore. Et les yeux pleuraient aussi avec des larmes grosses comme des perles, qu\u2019on faisait boire \u00e0 des bouches avides, qu\u2019on prenait dans sa main, sur son doigt pour les \u00e9craser, comme de mauvais r\u00eaves. Les perles, les larmes, sont des f\u00e9es capricieuses. Tant\u00f4t chagrin, tant\u00f4t joie. Et puis je crois avoir revu les yeux dans le cabinet d\u2019un juge, pr\u00e8s d\u2019une porte en fer, charg\u00e9e de dossier. Ils contenaient tant de patience, espoir, contentement qu\u2019on les aurait embrass\u00e9s, s\u2019il n\u2019y avait pas eu une d\u00e9esse Justice et un garde r\u00e9publicain. Alors, mis les yeux dans ma poche, o\u00f9 ils sonnent comme des grelots et jou\u00e9 au fou, en hurlant partout\u00a0: Devinez\u00a0! Qui l\u2019aura\u00a0! l\u2019aura pas\u00a0! C\u2019est \u00e0 moi\u00a0! Et quoi\u00a0? Rien pour vous. Mais pour qui\u00a0? Pour celui, celui qui les aura. Voil\u00e0 que mes yeux sont \u00f4t\u00e9s, bien \u00e0 moi, le soir, sur la fen\u00eatre, \u00e0 c\u00f4t\u00e9 des fleurs\u00a0; Je les mets contre le paysage d\u2019\u00cele de France, tout noir. Ils parlent, pendant que les \u0153illets grandissent avec de petits cris.<\/p>\n<p style=\"text-align: justify;\">Que disent-ils\u00a0? Ce n\u2019est pas \u00e0 moi de le dire. Je sais bien ce que j\u2019ai entendu. Et je n\u2019aurai pas l\u2019indiscr\u00e9tion de le r\u00e9p\u00e9ter. Il ne faut pas faire rougir les fleurs, ni les yeux, ni les joues des fillettes.<\/p>\n<p style=\"text-align: justify;\">Tr\u00eave de plaisanteries, de po\u00e9tiques badinages, de musardines nocturnes. \u00c0 chercher le soir ou le jour les elfes qui courent sur la plaine, on pourrait n\u00e9gliger les r\u00e9alit\u00e9s substantielles. Parlons donc de choses v\u00e9ritablement pr\u00e9cises\u00a0:<\/p>\n<p style=\"text-align: justify;\">J\u2019ai vu hier Mme D. qui n\u2019avait rien \u00e0 me dire. De ce c\u00f4t\u00e9, il faut attendre \u2014aussi longtemps qu\u2019il faudra. Veux-tu voir tes amis et bien leur signifier que je suis encore moins press\u00e9 qu\u2019hier, et qu\u2019ils peuvent en toute tranquillit\u00e9 me laisser dormir jusqu\u2019au jour J, l\u2019heure H. Renseigne toi sur leurs intentions, et sur les d\u00e9lais. Je crois que de toutes fa\u00e7ons, nous gagnons maintenant les mois en \u00ab\u00a0R\u00a0\u00bb. D\u2019ici l\u00e0\u2026<\/p>\n<p style=\"text-align: justify;\">Veux-tu bien<\/p>\n<ol>\n<li style=\"text-align: justify;\">voir ce qui se passe dans les milieux juridiques. Amnistie ? Nouvelles consignes ? Mod\u00e9ration ? etc\u2026<\/li>\n<li style=\"text-align: justify;\">Veux-tu surtout voir l\u2019aviateur. Alors ? Peut-on faire quelque chose ? Ne me parle de cela qu\u2019\u00e0 mots tr\u00e8s couverts dans les lettres, et viens me voir au parloir bient\u00f4t, en t\u2019arrangeant avec ma m\u00e8re. Viens seule, car le beau, splendide, magnifique, \u00e9tourdissant Fr\u00e9d\u00e9ric fait un boucan de tous les petits diables. Nous aurons le temps de nous appr\u00e9cier tous les deux \u00e9tant donn\u00e9 que je compte bien m\u2019occuper fermement de cet amour de personnage. Donne moi des nouvelles sur toutes ces choses qui sont passionnantes. Je crois qu\u2019il faut attendre beaucoup aussi des \u00e9v\u00e8nements internationaux.<\/li>\n<\/ol>\n<p style=\"text-align: justify;\">J\u2019a encore 377 pages \u00e0 te raconter si je voulais d\u00e9vider tout ce que tu dois savoir pour \u00eatre assur\u00e9e de\u2026 et encore, je n\u2019aurai pas fini, car ces choses se racontent et se d\u00e9veloppent \u00e0 l\u2019infini. Et puis, tu n\u2019as pas besoin de savoir tout, ni pour \u00eatre rassur\u00e9e, ni pour \u00eatre combl\u00e9e. Un peu suffit pour aujourd\u2019hui, et demain on te racontera encore des choses \u00e0 l\u2019oreille. On te les raconte parce que tu es sage, parce que tu as un beau gar\u00e7on, parce que tu nous envoies de jolies fleurs, parce que tu as les mains fines, parce que\u2026 c\u2019est toi. Si tu te sens trop peu \u00e0 l\u2019aise dans la poche gauche, tu peux monter jusqu\u2019au creux de l\u2019\u00e9paule, mais \u00e0 condition de ne pas bouger, pour ne pas d\u00e9ranger le monsieur qui travaille. Tais-toi, tais-toi, tais-toi. Je te regarde et je regarde aussi la vie en m\u00eame temps. Il ne faut pas faire bouger 36 mondes \u00e0 la fois. Plus tu te tais, plus je t\u2019\u00e9coute penser. C\u2019est tr\u00e8s bien. Continue. Tu peux penser cela. Et encore ceci. Et aussi cela. C\u2019est tr\u00e8s tr\u00e8s bien. Pas de doute, les femmes touchent de tr\u00e8s pr\u00e8s la v\u00e9rit\u00e9 avec leur c\u0153ur. Tu as beaucoup de c\u0153ur.<\/p>\n<p style=\"text-align: justify;\">Alors, on t\u2019embrasse. Tu veux bien qu\u2019on t\u2019embrasse\u00a0? Si gentiment\u00a0? Tes roses sont tr\u00e8s jolies. Tes yeux aussi. Je voudrais \u00eatre peintre. Pour peindre tes yeux. Tu ne m\u2019\u00e9cris pas. M\u00e9chante fille. \u00c9go\u00efste. Indiff\u00e9rente. Ne secouons pas la poche gauche. Pas fragile, mais laisser reposer pour voir clair \u00e0 travers les yeux. Bonjour.<\/p>\n<p style=\"text-align: justify;\">J.<\/p>\n<p style=\"text-align: justify;\"><a href=\"#_ftnref1\" name=\"_ftn1\">[1]<\/a> Les \u00e9lections l\u00e9gislatives se sont d\u00e9roul\u00e9es le 2 juin. Elles changent la donne au sein de l&rsquo;Assembl\u00e9e constituante : le MRP, per\u00e7u comme un rempart contre le marxisme et accessoirement comme un mouvement politique proche du gaullisme, arrive largement en t\u00eate, suivi par le PCF qui reste stable malgr\u00e9 de l\u00e9g\u00e8res pertes et par la SFIO qui enregistre une nette baisse et perd 18 si\u00e8ges. Les radicaux et l&rsquo;UDSR, rassembl\u00e9s au sein du Rassemblement des gauches r\u00e9publicaines, font aussi les frais de la victoire du MRP, tandis que la droite marque la plus importante progression de ce scrutin : +25 si\u00e8ges, mais elle reste marginale et particuli\u00e8rement divis\u00e9e (note de FGR).<\/p>\n<p>&nbsp;<\/p>\n","protected":false},"excerpt":{"rendered":"<p>\u00a0 Lundi 3 juin 1946 Ma ch\u00e9rie, Alors la France a vot\u00e9 [1]. Les r\u00e9sultats apparaissent d\u00e9j\u00e0 curieux. On se demande quelles vont en \u00eatre les cons\u00e9quences pour nous, et les \u00ab\u00a0si\u00a0\u00bb et les \u00ab\u00a0car\u00a0\u00bb courent les couloirs. Je ne &hellip; <a href=\"https:\/\/monperejeanmamy.fr\/?page_id=2063\">Continuer la lecture <span class=\"meta-nav\">&rarr;<\/span><\/a><\/p>\n","protected":false},"author":2,"featured_media":11,"parent":0,"menu_order":0,"comment_status":"closed","ping_status":"closed","template":"","meta":[],"folder":[],"_links":{"self":[{"href":"https:\/\/monperejeanmamy.fr\/index.php?rest_route=\/wp\/v2\/pages\/2063"}],"collection":[{"href":"https:\/\/monperejeanmamy.fr\/index.php?rest_route=\/wp\/v2\/pages"}],"about":[{"href":"https:\/\/monperejeanmamy.fr\/index.php?rest_route=\/wp\/v2\/types\/page"}],"author":[{"embeddable":true,"href":"https:\/\/monperejeanmamy.fr\/index.php?rest_route=\/wp\/v2\/users\/2"}],"replies":[{"embeddable":true,"href":"https:\/\/monperejeanmamy.fr\/index.php?rest_route=%2Fwp%2Fv2%2Fcomments&post=2063"}],"version-history":[{"count":3,"href":"https:\/\/monperejeanmamy.fr\/index.php?rest_route=\/wp\/v2\/pages\/2063\/revisions"}],"predecessor-version":[{"id":2070,"href":"https:\/\/monperejeanmamy.fr\/index.php?rest_route=\/wp\/v2\/pages\/2063\/revisions\/2070"}],"wp:featuredmedia":[{"embeddable":true,"href":"https:\/\/monperejeanmamy.fr\/index.php?rest_route=\/wp\/v2\/media\/11"}],"wp:attachment":[{"href":"https:\/\/monperejeanmamy.fr\/index.php?rest_route=%2Fwp%2Fv2%2Fmedia&parent=2063"}],"wp:term":[{"taxonomy":"folder","embeddable":true,"href":"https:\/\/monperejeanmamy.fr\/index.php?rest_route=%2Fwp%2Fv2%2Ffolder&post=2063"}],"curies":[{"name":"wp","href":"https:\/\/api.w.org\/{rel}","templated":true}]}}