{"id":2152,"date":"2021-04-17T18:25:22","date_gmt":"2021-04-17T16:25:22","guid":{"rendered":"http:\/\/monperejeanmamy.fr\/?page_id=2152"},"modified":"2021-04-18T14:02:18","modified_gmt":"2021-04-18T12:02:18","slug":"jm-a-jr-fresnes-46-09-28","status":"publish","type":"page","link":"https:\/\/monperejeanmamy.fr\/?page_id=2152","title":{"rendered":"JM \u00e0 JR (Fresnes 46\/09\/28)"},"content":{"rendered":"<p><strong>\u00a0<\/strong><a href=\"http:\/\/monperejeanmamy.fr\/?page_id=2160\"><img loading=\"lazy\" class=\"wp-image-1352 alignleft\" src=\"http:\/\/monperejeanmamy.fr\/wp-content\/uploads\/2021\/03\/Lettre-precedente.jpg\" alt=\"\" width=\"143\" height=\"78\" \/><\/a><a href=\"http:\/\/monperejeanmamy.fr\/?page_id=2168\"><img loading=\"lazy\" class=\"alignright wp-image-1353\" src=\"http:\/\/monperejeanmamy.fr\/wp-content\/uploads\/2021\/03\/Lettre-suivante.jpg\" alt=\"\" width=\"139\" height=\"76\" \/><\/a><\/p>\n<p style=\"text-align: center;\"><strong>Samedi 28 septembre 1946<\/strong><\/p>\n<p style=\"text-align: center;\">Ma ch\u00e9rie,<\/p>\n<p style=\"text-align: justify;\">Viens sans faute jeudi. J\u2019ai dit que tu viennes. T\u00e9l\u00e9phone le \u00e0 ma m\u00e8re. Viens seule. Je veux bavarder avec toi et moi.<\/p>\n<p>Je t\u2019embrasse, toute seule dans la poche gauche et rien dans les autres.<\/p>\n<p>Ta t\u00eate sur mon \u00e9paule. Je t\u2019aime<\/p>\n<p>J.<\/p>\n<p>PS. Dis \u00e0 ma m\u00e8re de ne pas oublier lundi<\/p>\n<ol>\n<li>Tricot long<\/li>\n<li>Robe de chambre<\/li>\n<\/ol>\n<ul>\n<li>Apporte l\u2019Albaran<\/li>\n<li>Vois tes amis. Recule\u2026 <em>sine die<\/em>\u2026<\/li>\n<\/ul>\n<p>&nbsp;<\/p>\n","protected":false},"excerpt":{"rendered":"<p>\u00a0 Samedi 28 septembre 1946 Ma ch\u00e9rie, Viens sans faute jeudi. J\u2019ai dit que tu viennes. T\u00e9l\u00e9phone le \u00e0 ma m\u00e8re. Viens seule. Je veux bavarder avec toi et moi. Je t\u2019embrasse, toute seule dans la poche gauche et rien &hellip; <a href=\"https:\/\/monperejeanmamy.fr\/?page_id=2152\">Continuer la lecture <span class=\"meta-nav\">&rarr;<\/span><\/a><\/p>\n","protected":false},"author":2,"featured_media":11,"parent":0,"menu_order":0,"comment_status":"closed","ping_status":"closed","template":"","meta":[],"folder":[],"_links":{"self":[{"href":"https:\/\/monperejeanmamy.fr\/index.php?rest_route=\/wp\/v2\/pages\/2152"}],"collection":[{"href":"https:\/\/monperejeanmamy.fr\/index.php?rest_route=\/wp\/v2\/pages"}],"about":[{"href":"https:\/\/monperejeanmamy.fr\/index.php?rest_route=\/wp\/v2\/types\/page"}],"author":[{"embeddable":true,"href":"https:\/\/monperejeanmamy.fr\/index.php?rest_route=\/wp\/v2\/users\/2"}],"replies":[{"embeddable":true,"href":"https:\/\/monperejeanmamy.fr\/index.php?rest_route=%2Fwp%2Fv2%2Fcomments&post=2152"}],"version-history":[{"count":5,"href":"https:\/\/monperejeanmamy.fr\/index.php?rest_route=\/wp\/v2\/pages\/2152\/revisions"}],"predecessor-version":[{"id":2171,"href":"https:\/\/monperejeanmamy.fr\/index.php?rest_route=\/wp\/v2\/pages\/2152\/revisions\/2171"}],"wp:featuredmedia":[{"embeddable":true,"href":"https:\/\/monperejeanmamy.fr\/index.php?rest_route=\/wp\/v2\/media\/11"}],"wp:attachment":[{"href":"https:\/\/monperejeanmamy.fr\/index.php?rest_route=%2Fwp%2Fv2%2Fmedia&parent=2152"}],"wp:term":[{"taxonomy":"folder","embeddable":true,"href":"https:\/\/monperejeanmamy.fr\/index.php?rest_route=%2Fwp%2Fv2%2Ffolder&post=2152"}],"curies":[{"name":"wp","href":"https:\/\/api.w.org\/{rel}","templated":true}]}}