{"id":2168,"date":"2021-04-18T13:56:55","date_gmt":"2021-04-18T11:56:55","guid":{"rendered":"http:\/\/monperejeanmamy.fr\/?page_id=2168"},"modified":"2021-04-18T14:16:42","modified_gmt":"2021-04-18T12:16:42","slug":"jm-a-jr-fresnes-46-09-29","status":"publish","type":"page","link":"https:\/\/monperejeanmamy.fr\/?page_id=2168","title":{"rendered":"JM \u00e0 JR (Fresnes 46\/09\/29)"},"content":{"rendered":"<p><strong>\u00a0<\/strong><a href=\"http:\/\/monperejeanmamy.fr\/?page_id=2152\"><img loading=\"lazy\" class=\"wp-image-1352 alignleft\" src=\"http:\/\/monperejeanmamy.fr\/wp-content\/uploads\/2021\/03\/Lettre-precedente.jpg\" alt=\"\" width=\"143\" height=\"78\" \/><\/a><a href=\"http:\/\/monperejeanmamy.fr\/?page_id=2172\"><img loading=\"lazy\" class=\"alignright wp-image-1353\" src=\"http:\/\/monperejeanmamy.fr\/wp-content\/uploads\/2021\/03\/Lettre-suivante.jpg\" alt=\"\" width=\"139\" height=\"76\" \/><\/a><\/p>\n<p style=\"text-align: center;\"><strong>Dimanche soir<br \/>\n29 septembre 1946<\/strong><\/p>\n<p style=\"text-align: center;\">Ma ch\u00e9rie,<\/p>\n<p style=\"text-align: justify;\">J\u2019interromps mes \u00e9tudes grecques pour bavarder avec toi sur l\u2019oreiller. Et pourtant, la trag\u00e9die antique est un s\u00e9rieux d\u00e9lassement. Il appara\u00eet que les h\u00e9ros de <em>l\u2019Iliade<\/em>, les dieux mythologiques, les personnages de Sophocle, les rois de Th\u00e8bes ou de Sparte avaient en eux le muscle et la sant\u00e9, et le \u00ab tonus \u00bb spirituel qui manque aux masses d\u00e9magogis\u00e9es d\u2019aujourd\u2019hui. Veuille donc rev\u00eatir le p\u00e9plum ou la tunique qui convient \u00e0 l\u2019entretien de cette heure, t\u2019accouder en pose nonchalante sur le lit de repos aux pieds de chevreau et aux dessins rectangulaires, jeter un coup d\u2019\u0153il n\u00e9gligent dans \u00ab l\u2019atrium \u00bb o\u00f9 le jet d\u2019eau \u00e9coule son chant parmi les lointains relents des tubas, des cymbales et des luths, et regarder sur le mur le dessin de terre cuite o\u00f9 le faune poursuit la sylve, o\u00f9 les bacchantes tressent des couronnes \u00e0 leur dieu, o\u00f9 le guerrier muscl\u00e9 d\u00e9clenche son bras puissant arm\u00e9 du javelot vainqueur. Voici huit jours que j\u2019habite Myc\u00e8nes avec \u0152noma\u00fcs, Hippodamie, Pelops, Myrtlilos et autres fils de dieux ou princes de contr\u00e9es fabuleuses. Voila qui nous change du Robinson romantique de la derni\u00e8re fois. Ici, l\u2019\u00e2cre air de la mer \u00e0 travers l\u2019ouverture carr\u00e9e du patio, les trir\u00e8mes se balancent dans le petit port. Le Parth\u00e9non est gonfl\u00e9 de sa puissance magistrale. Les Cariatides tendent au ciel des seins gonfl\u00e9s de s\u00e8ve. Mets ta t\u00eate sur mon \u00e9paule et n\u2019aie pas peur. Je ne regarde point les femmes, m\u00eame de marbre ou de pierre dure.<\/p>\n<p style=\"text-align: justify;\">Tu me dis vouloir venir ici. Je te r\u00e9ponds que je le veux aussi. Voila que nous sommes d\u2019accord. Je vais prendre avec ma m\u00e8re les dispositions qu\u2019il faut. Toutefois, je voudrais pr\u00e9ciser quelque chose entre nous, car il faut que tu saches comme on t\u2019aime, ce qu\u2019on veut pour toi, mais aussi ce qu\u2019on peut \u2013et ce qu\u2019il faut \u2013 faire \u00e0 pas lents pour arriver au point de rencontre. Pour des raisons qui touchent au proc\u00e8s, j\u2019ai besoin de ne pas rompre de la fa\u00e7on aussi brutale et d\u00e9finitive que je voudrais les relations avec qui tu sais <a href=\"#_ftn1\" name=\"_ftnref1\">[1]<\/a>. Pourquoi\u00a0? Parce que certaines d\u00e9marches, qui ne peuvent pas \u00eatre faites de ton c\u00f4t\u00e9, sont possibles ici. Je m\u00e9nage donc \u2013non la ch\u00e8vre et le chou- mais toutes mes chances de sortir le plus vite possible. Une fois dehors, tout sera diff\u00e9rent et facile \u00e0 mettre au point. Tant que je n\u2019ai pas retrouv\u00e9 ma libert\u00e9 de mouvements, je ne puis que me pr\u00eater \u00e0 des jeux quelquefois \u00e9go\u00efstes. Or, il se trouve que je suis en face d\u2019une personne dont la jalousie et l\u2019int\u00e9r\u00eat (Oh\u00a0! Tout financier) s\u2019est r\u00e9veill\u00e9 depuis quelque temps. Ce qui ne sera rien \u00e0 discuter plus tard est aujourd\u2019hui d\u00e9licat et impossible. Je te demande donc \u2013 \u00e0 toi qui es infiniment patiente, intelligente et d\u00e9vou\u00e9e, de me suivre et de m\u2019aider jusque dans ces difficult\u00e9s sans en t\u00e9moigner d\u2019aigreur et sans en ressentir ni injure personnelle ni ennui. Il faut que tu sois assur\u00e9e de moi, donc rassur\u00e9e. Tu l\u2019es aussi compl\u00e8tement qu\u2019on peut \u00eatre, puisque nos deux mains sont jointes d\u2019une promesse que nous tiendrons tous les deux. Il faut \u00e9galement \u00eatre aussi patiente que possible \u00e0 tout r\u00e9soudre. On n\u2019aboutit \u00e0 rien par la volont\u00e9 nerveuse, par l\u2019ent\u00eatement capricieux, mais par la plus large souplesse de vue. Nous allons donc faire tout notre possible pour r\u00e9gler les visites au mieux de nos d\u00e9sirs et surtout au mieux de notre int\u00e9r\u00eat commun. Si je n\u2019\u00e9coutais que ma volont\u00e9, c\u2019est toutes les semaines que tu viendrais ici.<\/p>\n<p style=\"text-align: justify;\">Donc, si tu es mienne, tu m\u2019\u00e9coutes et tu ob\u00e9is \u00e0 la sagesse. Pour l\u2019affaire en g\u00e9n\u00e9ral, tout va, en apparence, pour le mieux. J\u2019ai vu Mlle D. qui m\u2019assure que rien ne presse encore. Nous allons prendre certaines dispositions. Et je pense que tout ira comme il faut. Peux-tu voir tes amis et leur dire que je suis tout dispos\u00e9 \u00e0 attendre encore longtemps avant de recevoir de leurs nouvelles. Ils le peuvent. Il n\u2019y a qu\u2019\u00e0 vouloir. En d\u00e9cembre, par exemple, les opinions sont plus froides et se conservent mieux. Je persiste \u00e0 croire que nous n\u2019attendrons pas jusque l\u00e0 pour voir des choses curieuses dans le monde.<\/p>\n<p style=\"text-align: justify;\">Tes cactus sont bougrement jolis. Dire que tu as pass\u00e9 au moins une heure cet apr\u00e8s-midi \u00e0 cueillir des fleurs qui seront demain sur ma table. Pourquoi t\u2019aime-t-on\u00a0? Parce que tu as des mains fines, un grand c\u0153ur tout pr\u00eat \u00e0 se jeter en avant quand on l\u2019appelle. Je d\u00e9croche mon t\u00e9l\u00e9phone. Allo\u00a0! Bonjour\u00a0! On travaille ce soir\u00a0? \u2013 Si vous voulez \u2013 Alors, \u00e0 dans 20 minutes\u00a0! D\u00e9p\u00eachez-vous, vous devriez d\u00e9j\u00e0 \u00eatre l\u00e0\u00a0! J\u2019ouvre la porte\u00a0: \u00ab <em>Taisez-vous\u00a0! Pas un mot\u00a0! \u00d4tez votre chapeau\u00a0! Qu\u2019est-ce que vous pensez de la m\u00e9taphysique hindoue\u00a0? \u00a0Pourquoi les femmes portent-elles des boucles d\u2019oreilles\u00a0?<\/em>\u00a0\u00bb. R\u00e9sultat\u00a0: Fr\u00e9d\u00e9ric a toujours raison. Il fut des soir\u00e9es au coin du feu (qui n\u2019\u00e9tait qu\u2019un radiateur parabolique) o\u00f9 la discussion th\u00e9ologique silencieuse s\u2019\u00e9ternisait. Aujourd\u2019hui je comprends pourquoi on t\u2019aime. Parce que tu es toute petite, \u00e0 fourrer dans la poche. Pas encombrante. Toujours pr\u00eate \u00e0 dire oui. Si pure qu\u2019on s\u2019attendrit. Rien n\u2019est meilleur que devenir tendre. Comment ne pas distinguer la jeunesse qui vous apprend \u00e0 \u00eatre meilleur\u00a0? Attendris moi beaucoup.<\/p>\n<p style=\"text-align: justify;\">Tes cactus sont terriblement beaux. Imp\u00e9n\u00e9trables. Couverts de poils entrecrois\u00e9s comme des \u00e9p\u00e9es. Est-ce que c\u2019est bon \u00e0 manger\u00a0? Est-ce que \u00e7a pousse vite\u00a0? Est-ce que \u00e7a devient gros\u00a0? Il faut prendre une heure par jour pour \u00e9tudier au moins les po\u00e8tes\u00a0: Beaudelaire, Racine, Villon, Desbordes-Valmore, Verlaine, Rimbaud et patati. Fais-moi le plaisir d\u2019apprendre par c\u0153ur <em>le bateau ivre<\/em>, <em>l\u2019invitation au voyage<\/em> et <em>les roses de Saadi<\/em>. \u00c0 demain. Bonsoir. Et tr\u00e8s bonne nuit. Nous avons eu du pasteur aujourd\u2019hui. Un excellent sermon. J\u2019ai pas trop mal travaill\u00e9 depuis huit jours. Peu \u00e0 peu le calme si total vient \u00e0 l\u2019esprit. Que peuvent nous faire les hommes sauf l\u2019illusion de blessures trop r\u00e9par\u00e9es\u00a0? Rien ne peut s\u00e9parer l\u2019homme de l\u2019infini. \u00c0 quoi bon se soucier de r\u00eaves mesquins, de pauvres cauchemars temporels quand tout nous est donn\u00e9 pour \u00eatre heureux \u00e0 jamais, d\u00e8s aujourd\u2019hui, mes l\u00e8vres sur tes tempes et sur ton front\u00a0?<\/p>\n<h1 style=\"text-align: justify;\"><u>Lundi 14h<\/u>.<\/h1>\n<p style=\"text-align: justify;\">Bien re\u00e7u colis. Parfait. Absolument parfait. T\u00e9l\u00e9phone \u00e0 ma m\u00e8re pour lui dire que je l\u2019embrasse, la remercie et l\u2019aime filialement. T\u00e9l\u00e9phone \u00e0 Diderot <a href=\"#_ftn2\" name=\"_ftnref2\">[2]<\/a> pour dire \u00e0 une certaine blonde que je l\u2019embrasse, la remercie et l\u2019aime non filialement. Dans le prochain colis, veux-tu mettre du sel (il en faudrait r\u00e9guli\u00e8rement un peu). Aurais-tu du riz ? Pas trop de cr\u00e8mes de gruy\u00e8re. J\u2019en ai provision. Dis \u00e0 ma m\u00e8re de cesser ses envois de raisins secs.<\/p>\n<p style=\"text-align: justify;\">Le moral est bien meilleur ce matin qu\u2019hier. Chaque heure pass\u00e9e nous rapproche des solutions lointaines ou urgentes. J\u2019envisage que nous serons tr\u00e8s bient\u00f4t hors de notre souci actuel. De plus grands probl\u00e8mes attendent les Fran\u00e7ais. Ceux qui ont pr\u00e9cipit\u00e9 le pays dans la d\u00e9b\u00e2cle s\u2019apercevront un peu tard qu\u2019on paie toujours au d\u00e9cuple ses fautes. Nous avons pay\u00e9 aussi.<\/p>\n<p style=\"text-align: justify;\">Que disent les soucis\u00a0? Qu\u2019il faut s\u2019ouvrir \u00e0 la vie\u00a0? Et la cl\u00e9matite ou l\u2019an\u00e9mone\u00a0? Que les heures sont blanches\u00a0? Et les roses sauvages\u00a0? Que les meilleurs c\u0153urs sont \u00e9bouriff\u00e9s\u00a0? Et les marguerites violettes\u00a0? Qu\u2019un peu\u2026 beaucoup\u2026 passionn\u00e9ment\u00a0? Et le ch\u00e8vrefeuille\u00a0? Qu\u2019il faut \u00eatre patient et discret\u00a0?<\/p>\n<p style=\"text-align: justify;\">J\u2019ai trois p\u00e9tunias doubles qui se pr\u00e9parent, plus cinq autres qui naissent. Mes gueules de loup fleurissent encore. Envoie-moi quelques plumes et un petit tube de colle \u00e0 papier.<\/p>\n<p style=\"text-align: justify;\">Je regarde tes derni\u00e8res lettres. Ainsi, entre lundi 23 et vendredi 27 tu ne m\u2019as pas \u00e9crit\u00a0!!! Et tu me dis que tu t\u2019ennuies\u00a0!!! Mais pourquoi donc, grand Dieu\u00a0? Il n\u2019y a aucune raison. Tu sais bien <u>qu\u2019au fond<\/u>, il ne te manque rien. Car ce que tu cherchais chez moi, ce n\u2019\u00e9tais pas le moment que nous passions l\u2019un pr\u00e8s de l\u2019autre, mais ce que j\u2019avais \u00e0 te dire <u>au fond<\/u>. Or, je te le dis. Donc, sois heureuse, et attends\u00a0! Sache attendre. Cela aussi fait partie de l\u2019amour.<\/p>\n<p style=\"text-align: justify;\">On t\u2019embrasse. On te ch\u00e9rit, on te cajole, on te respecte, et on te prie de dormir tranquille, de travailler heureusement, de lutter contre toutes les petites temp\u00eates de la vie avec un c\u0153ur fort, de ne pas te laisser emporter par tes r\u00eaves, de travailler, de lire beaucoup, de penser beaucoup, de soigner le Fr\u00e9d\u00e9ric, et d\u2019attendre d\u2019autres anges du ciel quand les prisons s\u2019ouvriront pour te rendre celui que tu veux. \u00c0 bient\u00f4t te lire, te voir.<\/p>\n<p style=\"text-align: justify;\">Je pense que tu pourrais venir jeudi en huit, c-\u00e0-d le jeudi 11 nov (v\u00e9rifie, jour f\u00e9ri\u00e9). T\u00e9l\u00e9phone \u00e0 ma m\u00e8re pour cela.<\/p>\n<p style=\"text-align: justify;\">Mes baisers les meilleurs. Et ne dis rien \u00e0 personne de ce que je te confie pour toi. Les meilleures tendresses doivent \u00eatre \u00e9cout\u00e9es en secret. Gros, gros, gros\u2026<\/p>\n<p style=\"text-align: justify;\">J.<\/p>\n<p style=\"text-align: justify;\"><a href=\"#_ftnref1\" name=\"_ftn1\">[1]<\/a> Il s\u2019agit \u00e9videmment de sa femme \u00ab\u00a0officielle\u00a0\u00bb, Barbara, dont il est s\u00e9par\u00e9 depuis presque 10 ans (note de FGR)<br \/>\n<a href=\"#_ftnref2\" name=\"_ftn2\">[2]<\/a> Bien entendu Diderot (le\u00a0 Boulevard ou le central t\u00e9l\u00e9phonique DID 31 79) et la blonde, ce sont\u2026 Jeannette (note de FGR)<\/p>\n<p>&nbsp;<\/p>\n<p>&nbsp;<\/p>\n","protected":false},"excerpt":{"rendered":"<p>\u00a0 Dimanche soir 29 septembre 1946 Ma ch\u00e9rie, J\u2019interromps mes \u00e9tudes grecques pour bavarder avec toi sur l\u2019oreiller. Et pourtant, la trag\u00e9die antique est un s\u00e9rieux d\u00e9lassement. Il appara\u00eet que les h\u00e9ros de l\u2019Iliade, les dieux mythologiques, les personnages de &hellip; <a href=\"https:\/\/monperejeanmamy.fr\/?page_id=2168\">Continuer la lecture <span class=\"meta-nav\">&rarr;<\/span><\/a><\/p>\n","protected":false},"author":2,"featured_media":11,"parent":0,"menu_order":0,"comment_status":"closed","ping_status":"closed","template":"","meta":[],"folder":[],"_links":{"self":[{"href":"https:\/\/monperejeanmamy.fr\/index.php?rest_route=\/wp\/v2\/pages\/2168"}],"collection":[{"href":"https:\/\/monperejeanmamy.fr\/index.php?rest_route=\/wp\/v2\/pages"}],"about":[{"href":"https:\/\/monperejeanmamy.fr\/index.php?rest_route=\/wp\/v2\/types\/page"}],"author":[{"embeddable":true,"href":"https:\/\/monperejeanmamy.fr\/index.php?rest_route=\/wp\/v2\/users\/2"}],"replies":[{"embeddable":true,"href":"https:\/\/monperejeanmamy.fr\/index.php?rest_route=%2Fwp%2Fv2%2Fcomments&post=2168"}],"version-history":[{"count":4,"href":"https:\/\/monperejeanmamy.fr\/index.php?rest_route=\/wp\/v2\/pages\/2168\/revisions"}],"predecessor-version":[{"id":2176,"href":"https:\/\/monperejeanmamy.fr\/index.php?rest_route=\/wp\/v2\/pages\/2168\/revisions\/2176"}],"wp:featuredmedia":[{"embeddable":true,"href":"https:\/\/monperejeanmamy.fr\/index.php?rest_route=\/wp\/v2\/media\/11"}],"wp:attachment":[{"href":"https:\/\/monperejeanmamy.fr\/index.php?rest_route=%2Fwp%2Fv2%2Fmedia&parent=2168"}],"wp:term":[{"taxonomy":"folder","embeddable":true,"href":"https:\/\/monperejeanmamy.fr\/index.php?rest_route=%2Fwp%2Fv2%2Ffolder&post=2168"}],"curies":[{"name":"wp","href":"https:\/\/api.w.org\/{rel}","templated":true}]}}