{"id":2213,"date":"2021-04-19T09:52:35","date_gmt":"2021-04-19T07:52:35","guid":{"rendered":"http:\/\/monperejeanmamy.fr\/?page_id=2213"},"modified":"2021-04-19T10:08:02","modified_gmt":"2021-04-19T08:08:02","slug":"jm-a-jr-fresnes-46-12-01","status":"publish","type":"page","link":"https:\/\/monperejeanmamy.fr\/?page_id=2213","title":{"rendered":"JM \u00e0 JR (Fresnes 46\/12\/01)"},"content":{"rendered":"<p><strong>\u00a0<\/strong><a href=\"http:\/\/monperejeanmamy.fr\/?page_id=2208\"><img loading=\"lazy\" class=\"wp-image-1352 alignleft\" src=\"http:\/\/monperejeanmamy.fr\/wp-content\/uploads\/2021\/03\/Lettre-precedente.jpg\" alt=\"\" width=\"143\" height=\"78\" \/><\/a><a href=\"http:\/\/monperejeanmamy.fr\/?page_id=2218\"><img loading=\"lazy\" class=\"alignright wp-image-1353\" src=\"http:\/\/monperejeanmamy.fr\/wp-content\/uploads\/2021\/03\/Lettre-suivante.jpg\" alt=\"\" width=\"139\" height=\"76\" \/><\/a><\/p>\n<p style=\"text-align: center;\"><strong>Dimanche 1<sup>er<\/sup> d\u00e9cembre 1946<\/strong><\/p>\n<p style=\"text-align: center;\">Ma ch\u00e9rie,<\/p>\n<p style=\"text-align: justify;\">Si l\u2019on t\u2019\u00e9crit d\u00e9j\u00e0 dimanche, c&rsquo;est qu&rsquo;on pense \u00e0 toi le dimanche, mais l&rsquo;on aurait pu t\u2019\u00e9crire tous les jours de cette semaine, car l&rsquo;on pense \u00e0 toi tous les jours et plusieurs fois par jour, et toutes les heures, et avec toute \u00ab\u00a0l&rsquo;affection\u00a0\u00bb (si je minimise \u00e0 ce point, c&rsquo;est pour ne pas \u00e9veiller ton orgueil et pour te laisser encore une certaine marge d\u2019inqui\u00e9tude car l&rsquo;amour trop satisfait ne cherche plus \u00e0 se d\u00e9penser, \u00e0 se surpasser,)&#8230; toute \u00ab\u00a0l&rsquo;affection\u00a0\u00bb&#8230; disons un peu mieux toute la profonde&#8230; la tr\u00e8s profonde&#8230; la tr\u00e8s sinc\u00e8re&#8230; (tu remarqueras que je prends un temps entre chaque adjectif, et je cherche tr\u00e8s scrupuleusement les termes qui pourraient exprimer ma pens\u00e9e). L&rsquo;exprimer, mais non la d\u00e9voiler toute Enti\u00e8re ; il faut un peu de pudeur en ces mati\u00e8res&#8230; (serais-je encore timide&#8230;). Et puis ce sont des choses d\u00e9licates&#8230; qu&rsquo;on ne peut dire que dans une intimit\u00e9 propice&#8230; et qui ne peuvent \u00eatre confi\u00e9es au papier officiel&#8230; d&rsquo;autant plus que la censure pourrait en rire&#8230; (il est vrai qu\u2019elle en voit d&rsquo;autres !). Quand j&rsquo;\u00e9tais comptable, j&rsquo;avais remarqu\u00e9 un personnage aux yeux p\u00e2les \u00e0 qui l&rsquo;on \u00e9crivait deux fois par jour de la m\u00eame \u00e9crite une f\u00e9minine&#8230; J&rsquo;ai \u00e9t\u00e9 pris de curiosit\u00e9. C&rsquo;\u00e9tait horrible, \u00ab r\u00e9pugnant ! \u00bb. Comment des gens peuvent-ils \u00e9taler leurs vices aussi impudemment ! Pour nous, nous ne cachons que nos plus hautes pens\u00e9es, pour qu&rsquo;on ne les pi\u00e9tine pas&#8230; comme les plates-bandes&#8230; les roses du c\u0153ur&#8230;<\/p>\n<p style=\"text-align: justify;\">Ainsi donc ce sera toute \u00ab l&rsquo;affection \u00bb. Mais tu sais que, tels les nuages brillants cachent le soleil, ce terme vague est choisi \u00e0 dessein peut contenir beaucoup de choses&#8230; Toutes les choses.<\/p>\n<p style=\"text-align: justify;\">D&rsquo;abord que je gronde ! Pas de lettres ! Pas assez de lettres ! Pas assez longues ! Pas de d\u00e9tails ! Pas de sentiments ! Pas d&rsquo;informations ! Pas de confidences ! Vais-je exiger que tu m&rsquo;\u00e9crives tous les jours ?<\/p>\n<p style=\"text-align: justify;\">Deuxi\u00e8me point ! Ne t\u2019inqui\u00e8te pas pour l&rsquo;argent et Floriot. J&rsquo;ai \u00e9crit ce que j&rsquo;avais \u00e0 dire, et je pense qu&rsquo;on fera ce que je dis. Tu as l&rsquo;air de t&rsquo;inqui\u00e9ter que j&rsquo;aie encore remis mes int\u00e9r\u00eats entre les mains de mon ex-femme. Je l&rsquo;ai fait parce que mon commanditaire aurait mal compris que je laisse sa soci\u00e9t\u00e9 entre les mains de tiers, et il m&rsquo;\u00e9tait difficile de proc\u00e9der \u00e0 des explications trop difficiles. C&rsquo;est un personnage timor\u00e9, terriblement difficile \u00e0 man\u0153uvrer, et qui demande de tr\u00e8s grandes pr\u00e9cautions. Voil\u00e0 pourquoi il me semblait jusqu&rsquo;\u00e0 pr\u00e9sent important de lui opposer quelqu&rsquo;un dont la figure lui soit famili\u00e8re. J&rsquo;ai l&rsquo;intention, apr\u00e8s exp\u00e9rience, de modifier ma conception et je pense que je r\u00e9ussirai d&rsquo;ici peu \u00e0 r\u00e9unir un conseil de famille pour mettre au point beaucoup de choses. Mais je voudrais d&rsquo;ores et d\u00e9j\u00e0 que tu saches que si, apparemment \u2014et pour mon fils\u2014 les relations doivent continuer entre la personne qui te tourmente (et tu ne devrais point) et moi, tout est rompu absolument entre nous. J&rsquo;ai maintenant entre les mains les documents permettant mon divorce, et j&rsquo;ai signifi\u00e9 \u00e0 ma femme d\u00e9cision de rompre compl\u00e8tement toute relation. Toutefois jusqu&rsquo;\u00e0 la fin de mon incarc\u00e9ration je suis encore oblig\u00e9 \u00e0 certaines contenances. Aussit\u00f4t libre&#8230; tout sera consomm\u00e9.<\/p>\n<p style=\"text-align: justify;\">Si cela peut te rassurer&#8230; Mais je ne crois pas que tu sois inqui\u00e8te, car&#8230; il est de ma non moins ferme intention de te demander autre chose \u00e0 l&rsquo;oreille. Tu sais que je suis un sauvage, une brute, un misogyne, un homme absolument ferm\u00e9 \u00e0 tout sentiment d\u00e9licat, un bourru, et surtout un \u00eatre terriblement m\u00e9fiant, inquisiteur, volontaire, jaloux, tracasseur, bref, quelqu&rsquo;un avec la qui la vie commune est un enfer. Bougon, s\u2019emportant continuellement quand on le d\u00e9range dans son travail ou ses habitudes, le sale \u00ab vieux gar\u00e7on \u00bb, impossible \u00e0 accoupler, l\u2019\u00eatre insociable par d\u00e9finition. Bref, un ours. Pourtant j&rsquo;avoue que si une si petite main voulait bien se charger de supporter l&rsquo;\u00e9crasante charge de ma pr\u00e9sence velue, je me laisserais conduire par le bout du mufle, mais il faudrait que la main soit si fine que je recule devant l&rsquo;envie de la croquer. Tu sais que je ne suis pas dr\u00f4le du tout \u00e0 vivre, que j&rsquo;ai les plus terribles d\u00e9fauts, que tu seras oblig\u00e9e de supporter des fantaisies accablantes, que je ferai toujours de la politique, que tu passeras ta vie \u00e0 trembler, que je trouverais mal tout ce que tu fais, que tu seras oblig\u00e9e de taper tout ce que j&rsquo;\u00e9cris \u2014et j&rsquo;\u00e9crirai \u2014 expr\u00e8s\u2014 des choses horribles&#8230; et que&#8230; Je m&rsquo;arr\u00eate un peu parce que j\u2019allais \u00e9crire une vraie m\u00e9chancet\u00e9 que je ne pense pas plus que les fausses. Mais naturellement oui, je t&rsquo;aime beaucoup, beaucoup, beaucoup. Tu n&rsquo;imagines pas \u00e0 quel point tu m&rsquo;as apprivois\u00e9. C&rsquo;est un miracle. Quand je te regarde, ou pense \u00e0 toi, je n&rsquo;ai plus envie de battre toutes les femmes car, au fond, elles pourront peut-\u00eatre un jour te ressembler. Et puis, je me fiche pas mal des autres. \u00c0 force de te chercher, je t&rsquo;ai trouv\u00e9e, et j&rsquo;esp\u00e8re que comme les fleurs, comme les arbustes, comme toute la nature, tu vas t\u2019\u00e9panouir, te d\u00e9velopper, donner, apr\u00e8s ces merveilleux printemps, des \u00e9t\u00e9s extraordinairement lourds de fruits que je te demande, beaucoup d&rsquo;enfants, ou beaucoup d&rsquo;efforts. Ce seront toujours des joies nouvelles.<\/p>\n<p style=\"text-align: justify;\">C&rsquo;est peut-\u00eatre b\u00eate de faire des projets dans la situation o\u00f9 je suis. Mais qui sait ? Nous sommes dans un monde o\u00f9 les r\u00e9volutions les plus bizarres s&rsquo;accomplissent en quelques jours, o\u00f9 les prisonniers d&rsquo;aujourd&rsquo;hui sont les heureux de demain, ou les cha\u00eenes sautent selon la fortune du jour. Pourra-t-on prolonger encore longtemps un \u00e9tat de choses dont la France souffre tant depuis deux ans ? La pire tyrannie au nom des id\u00e9es les plus folles, par\u00e9e de toutes les couleurs les plus resplendissantes. Il faut avoir toute la patience (et nous en avons), tout l\u2019espoir, toute la certitude, toute la confiance que nous donne une merveilleuse beaut\u00e9 b\u00e2tie sur un moral impeccable, et savoir que nous toucherons plus t\u00f4t m\u00eame que nous le croyons les fruits de notre attente.<\/p>\n<p style=\"text-align: justify;\">Il est 21 heures. On vient de nous couper la lumi\u00e8re. J&rsquo;ai allum\u00e9 la bougie et je vais me coucher dans la peau de mouton qui est pleine de ta bont\u00e9 douce, de ta gentillesse aim\u00e9e,&#8230; et je vais aller dormir. Encore une bonne nuit, la t\u00eate sur un polochon spirituel, avec des tas d&rsquo;anges dans la t\u00eate et des pens\u00e9es heureuses. Beaucoup de ce calme qui surmonte toutes les temp\u00eates.<\/p>\n<h1 style=\"text-align: justify;\"><u>Lundi 8h<\/u>.<\/h1>\n<p style=\"text-align: justify;\">J&rsquo;ai eu mes anges. Le plus joli avait des cheveux blonds boucl\u00e9s, un ruban dans les cheveux et les yeux marrons. Il se trouve aussi que ce matin je suis infiniment plus dispos, calme, et d\u00e9cid\u00e9 qu&rsquo;hier. Toutes ces petites choses (l&#8217;emprisonnement, la guerre, la r\u00e9volution) qui paraissent ennuyeuses ne sont, au fond, que des illusions de nos sens abus\u00e9s. On croit vivre un cauchemar, et un beau matin, l&rsquo;on se r\u00e9veille tout heureux avec le sentiment que l&rsquo;orage est pass\u00e9. D\u00e9j\u00e0 certains signes annonciateurs se produisent. Et puis, c&rsquo;est une tr\u00e8s mauvaise habitude de consulter le barom\u00e8tre pour ce savoir le temps qu&rsquo;il va faire. Ce n&rsquo;est pas l\u00e0 l&rsquo;important, mais de s&rsquo;\u00e9lever jusqu&rsquo;au point o\u00f9 l&rsquo;existence humaine appara\u00eetra comme un spectre falot au regard d&rsquo;une r\u00e9alit\u00e9 transubstantielle. De deux choses l&rsquo;une : ou l&rsquo;on vit dans le temps, ou dans l&rsquo;\u00e9ternit\u00e9 qui ne conna\u00eet pas la mort. Et l\u00e0, les douleurs, les craintes, les h\u00e9r\u00e9sies, les luttes disparaissent. Comme dans la stratosph\u00e8re. Il est un point o\u00f9 le vent ne joue plus car l&rsquo;air y est trop rare. Plus on touche la terre, plus l&rsquo;agitation est perceptible. Pour \u00eatre tranquille, il faut habiter le ciel. C&rsquo;est facile. Beaucoup plus qu&rsquo;on croit.<\/p>\n<h1 style=\"text-align: justify;\"><u>14h<\/u>. !<\/h1>\n<p style=\"text-align: justify;\">Une lettre. Une tr\u00e8s bonne lettre, une lettre su\u00e7ant ciel, une lettre comme il les faut ao\u00fbt. Bravo ! Merci ! On t&#8217;embrassera encore mieux.<\/p>\n<p style=\"text-align: justify;\">Pour la revue anglaise : <em>Review of World Affairs<\/em>, elle est \u00e9dit\u00e9e \u00e0 Londres, 11 Eaton Place, SW1, \u00e0 Paris, 3 Cit\u00e9 Falqui\u00e8res (15<sup>\u00e8me<\/sup>), et non Falgui\u00e8res. On peut se la procurer certainement \u00e0 Londres. L&rsquo;abonnement est de 1000 fr. par an. Mais j&rsquo;ai d\u00e9j\u00e0 demand\u00e9 cette d\u00e9pense par ailleurs. Ne fait donc pas ces frais avant que ma m\u00e8re te donne l&rsquo;argent. Je n&rsquo;ai pas d&rsquo;indications sur le num\u00e9ro en question. Il faut donc consulter la collection 45.<\/p>\n<p style=\"text-align: justify;\">Pour <em>La France au Travail<\/em>, si cela n&rsquo;est pas trop cher, fais photographier toute la page de \u00ab <em>La France au Travail <\/em>\u00bb dans un format 24&#215;30 (mais attention ! Pas de gros frais. Ce peut \u00eatre un document utile. Entre autres !&#8230;)<\/p>\n<p style=\"text-align: justify;\">Pour les po\u00e8mes, attends avant de les passer \u00e0 l&rsquo;\u00e9diteur que je te repasse la derni\u00e8re formule r\u00e9vis\u00e9e et corrig\u00e9e. Tu l\u2019auras dans 8 ou 15 jours. Travail sur <em>Hippodamie<\/em>. J&rsquo;ai besoin de le faire lire ici. Je te donnerai peut-\u00eatre des indications pour un \u00e9diteur.<\/p>\n<p style=\"text-align: justify;\">Je voudrais \u00e9galement que ma m\u00e8re s&rsquo;occupe de r\u00e9cup\u00e9rer un exemplaire de <em>Lancelot<\/em> et de <em>Gabriella<\/em> que je n&rsquo;ai jamais corrig\u00e9s. Il me serait agr\u00e9able de les relire.<\/p>\n<p style=\"text-align: justify;\">Le colis est parfait. Mercis pour les oignons de jacinthes. Est-ce que \u00e7a pousse en hiver ? J&rsquo;ai d\u00e9j\u00e0 plant\u00e9 les premiers. Faut-il les arroser beaucoup ? Faut-il les mettre \u00e0 la fen\u00eatre ou conserver au chaud ?<\/p>\n<p style=\"text-align: justify;\">Veux-tu bien me faire remettre par ma m\u00e8re une \u00e9ponge m\u00e9tallique. La mienne a fil\u00e9 dans une op\u00e9ration malheureuse et je gratte les casseroles avec mes doigts de v\u00e9rificateur patient. Si on pouvait trouver, non pas de la poncette, mais une p\u00e2te ou une terre \u00e0 casseroles, dont on m&rsquo;enverrait un paquet tous les 15 jours&#8230; De quoi faire reluire tout l&rsquo;aluminium d&rsquo;ici&#8230; N&rsquo;existe-t-il pas une sorte d&rsquo;\u00e9ponge m\u00e9tallique plus douce (cela n&rsquo;exclut pas l&rsquo;autre qui ressemble \u00e0 une sorte de ouate m\u00e9tallique. Je me sens pris d&rsquo;une fr\u00e9n\u00e9sie d&rsquo;astiquage).<\/p>\n<p style=\"text-align: justify;\">Me reste-t-il de la place pour te conter une histoire moyen\u00e2geuse ? H\u00e9lo\u00efse et Ab\u00e9lard ? Lancelot et la Reine du Roi Arthur ? Dante et B\u00e9atrice ? Quichotte et Dulcin\u00e9e ? Horace et Agn\u00e8s ? Les grands amours \u00e0 deux ? Les tendresses au clair de lune ? Tout le romantisme dont on dispose pour \u00e9chapper \u00e0 la vie noire, \u00e0 l&rsquo;ab\u00eatissement du machinisme, au broyage des cervelles dans les soci\u00e9t\u00e9s socialistes. \u00ab\u00a0<em>Fuir, o\u00f9 fuir\u00a0?<\/em>\u00a0\u00bb hurlait Mallarm\u00e9. Je ne suis plus baign\u00e9 de vos langueurs. \u00d4 larmes, disputer leurs sillages aux porteurs de coton, clamait Rimbaud apr\u00e8s avoir pleur\u00e9. Toute lune est atroce et tout soleil amer. L\u2019acre amour a gonfl\u00e9 de torpeurs enivrantes\u2026<\/p>\n<p style=\"text-align: justify;\">Voil\u00e0 que nous nous prenons \u00e0 chanter avec tous nos violons, les grandes orgues du doux espoir, de la r\u00e9alit\u00e9 pr\u00e9cise qui fracasse tous les murs d\u2019enceinte. Il faudra bien qu\u2019un jour s\u2019\u00e9croulent toutes les barri\u00e8res qui nous emp\u00eachent d\u2019\u00eatre nous-m\u00eames.<\/p>\n<p style=\"text-align: justify;\">Tes brochures d\u2019\u00e9checs sont merveilleuses. Merci. On t\u2019embrasse comme on t\u2019aime et si cela peut te faire plaisir, on ne dit pas ici tout ce qu\u2019on pense de toi.<\/p>\n<p style=\"text-align: justify;\">J.<\/p>\n<p style=\"text-align: justify;\">PS. Des enveloppes SVP.<\/p>\n<p style=\"text-align: justify;\">Je viens de voir Lieb. Le dossier part dans la semaine. Renseigne-toi pour savoir aussit\u00f4t le nom du commissaire du gouvernement.<\/p>\n<p>&nbsp;<\/p>\n","protected":false},"excerpt":{"rendered":"<p>\u00a0 Dimanche 1er d\u00e9cembre 1946 Ma ch\u00e9rie, Si l\u2019on t\u2019\u00e9crit d\u00e9j\u00e0 dimanche, c&rsquo;est qu&rsquo;on pense \u00e0 toi le dimanche, mais l&rsquo;on aurait pu t\u2019\u00e9crire tous les jours de cette semaine, car l&rsquo;on pense \u00e0 toi tous les jours et plusieurs &hellip; <a href=\"https:\/\/monperejeanmamy.fr\/?page_id=2213\">Continuer la lecture <span class=\"meta-nav\">&rarr;<\/span><\/a><\/p>\n","protected":false},"author":2,"featured_media":11,"parent":0,"menu_order":0,"comment_status":"closed","ping_status":"closed","template":"","meta":[],"folder":[],"_links":{"self":[{"href":"https:\/\/monperejeanmamy.fr\/index.php?rest_route=\/wp\/v2\/pages\/2213"}],"collection":[{"href":"https:\/\/monperejeanmamy.fr\/index.php?rest_route=\/wp\/v2\/pages"}],"about":[{"href":"https:\/\/monperejeanmamy.fr\/index.php?rest_route=\/wp\/v2\/types\/page"}],"author":[{"embeddable":true,"href":"https:\/\/monperejeanmamy.fr\/index.php?rest_route=\/wp\/v2\/users\/2"}],"replies":[{"embeddable":true,"href":"https:\/\/monperejeanmamy.fr\/index.php?rest_route=%2Fwp%2Fv2%2Fcomments&post=2213"}],"version-history":[{"count":5,"href":"https:\/\/monperejeanmamy.fr\/index.php?rest_route=\/wp\/v2\/pages\/2213\/revisions"}],"predecessor-version":[{"id":2222,"href":"https:\/\/monperejeanmamy.fr\/index.php?rest_route=\/wp\/v2\/pages\/2213\/revisions\/2222"}],"wp:featuredmedia":[{"embeddable":true,"href":"https:\/\/monperejeanmamy.fr\/index.php?rest_route=\/wp\/v2\/media\/11"}],"wp:attachment":[{"href":"https:\/\/monperejeanmamy.fr\/index.php?rest_route=%2Fwp%2Fv2%2Fmedia&parent=2213"}],"wp:term":[{"taxonomy":"folder","embeddable":true,"href":"https:\/\/monperejeanmamy.fr\/index.php?rest_route=%2Fwp%2Fv2%2Ffolder&post=2213"}],"curies":[{"name":"wp","href":"https:\/\/api.w.org\/{rel}","templated":true}]}}