{"id":2232,"date":"2021-04-19T10:42:18","date_gmt":"2021-04-19T08:42:18","guid":{"rendered":"http:\/\/monperejeanmamy.fr\/?page_id=2232"},"modified":"2021-04-19T10:58:45","modified_gmt":"2021-04-19T08:58:45","slug":"jm-a-jr-fresnes-46-12-22","status":"publish","type":"page","link":"https:\/\/monperejeanmamy.fr\/?page_id=2232","title":{"rendered":"JM \u00e0 JR (Fresnes 46\/12\/22)"},"content":{"rendered":"<p><strong>\u00a0<\/strong><a href=\"http:\/\/monperejeanmamy.fr\/?page_id=2226\"><img loading=\"lazy\" class=\"wp-image-1352 alignleft\" src=\"http:\/\/monperejeanmamy.fr\/wp-content\/uploads\/2021\/03\/Lettre-precedente.jpg\" alt=\"\" width=\"143\" height=\"78\" \/><\/a><a href=\"http:\/\/monperejeanmamy.fr\/?page_id=2236\"><img loading=\"lazy\" class=\"alignright wp-image-1353\" src=\"http:\/\/monperejeanmamy.fr\/wp-content\/uploads\/2021\/03\/Lettre-suivante.jpg\" alt=\"\" width=\"139\" height=\"76\" \/><\/a><\/p>\n<p style=\"text-align: center;\"><strong>Dimanche 22 d\u00e9cembre 1946<\/strong><\/p>\n<p style=\"text-align: center;\">Ma ch\u00e9rie,<\/p>\n<p style=\"text-align: justify;\">Le courrier a \u00e9t\u00e9 avanc\u00e9 d\u2019un jour cette semaine. Il faisait -19\u00b0 \u00e0 un thermom\u00e8tre de Fresnes. Les tuyaux d&rsquo;eau sont gel\u00e9s \u00e0 notre \u00e9tage. Nous sommes donc oblig\u00e9s de nous rationner maigrement pour les quelques gamelles d\u2019eau\u00a0 indispensables pour th\u00e9, caf\u00e9&#8230; Je viens de faire la vaisselle \u00e0 l&rsquo;eau glac\u00e9e, gel\u00e9e, et mes mains sont gourdes. Si l&rsquo;on ajoute \u00e0 ces menus faits personnels les \u00e9v\u00e9nements nationaux, internationaux, interplan\u00e9taires, nous aurions de quoi nous lamenter, pleurer sur la mis\u00e8re des temps, nous d\u00e9sesp\u00e9rer de vivre dans un monde meilleur, proph\u00e9tiser et blasph\u00e9mer et vitup\u00e9rer contre le d\u00e9miurge qui pla\u00e7a l&rsquo;homme dans de telles conditions mal\u00e9fiques. Et pourtant, nous rions, nous sommes gais, nous tenons bon contre toutes les temp\u00eates de froid et les autres, nous accomplissons chaque jour notre petit boulot qui nous est r\u00e9v\u00e9l\u00e9 sans r\u00e9mission par le plus haut de notre conscience, nous po\u00e9tisons, nous \u00e9crivaillons, nous nous comportons en honn\u00eates gens. Et nous esp\u00e9rons\u00a0!!! Et nous sommes convaincus de l&rsquo;efficience de notre travail !&#8230; De nos pri\u00e8res !!!&#8230; Voire de nos d\u00e9sirs, \u00e0 condition qu&rsquo;ils soient sublim\u00e9s.<\/p>\n<p style=\"text-align: justify;\">Nous allons m\u00eame mettre nos petits souliers dans la chemin\u00e9e mardi soir, pour que mercredi matin nous nous r\u00e9veillions avec de gros cadeaux descendus d&rsquo;un ciel complice. Que pourrais-je bien vous envoyer \u00e0 tous pour No\u00ebl, si, laissant pousser une barbe blanche qui d\u00e9guise mon identit\u00e9, je descendais par la chemin\u00e9e pour te surprendre \u00e0 la veill\u00e9e. Un gros P\u00e8re No\u00ebl qui arrive impromptu chez les petites filles comme toi ne ferais ni peur, ni bruit. Il ne casserait pas les jouets de Fr\u00e9d\u00e9ric dispos\u00e9s artistement autour de l\u2019\u00e2tre. Au contraire, il y ajouterait les merveilleux pantins, les prodigieux chemin de fer, les d\u00e9licieuses poup\u00e9es que l&rsquo;on fabrique dans les ateliers d&rsquo;en Haut, les livres d&rsquo;images, et les oranges, les \u00e9toiles de diamants ou de papier et les boules de verre. Et il apporterait son meilleur sapin, avec les plus brillantes guirlandes.<\/p>\n<p style=\"text-align: justify;\">Donc, je viendrai mardi soir te regarder dans ton sommeil d&rsquo;enfant et quand tu recevras cette lettre mercredi matin, tu auras dans les cheveux, comme sur le front, des cliquetis de baisers. Cette nuit-l\u00e0, tu auras entendu la plus magnifique de toutes les l\u00e9gendes d&rsquo;amour, qu&rsquo;elles viennent du Nord ou du Sud, d&rsquo;un No\u00ebl polaire ou saharien, ou qu\u2019on te raconte avec d&rsquo;autres mots l&rsquo;\u00e9ternelle l\u00e9gende chr\u00e9tienne o\u00f9 dans les cris de meute, dans les rapts d&rsquo;enfants et les poursuites des centurions, un homme portant en lui la science supr\u00eame appara\u00eet aux yeux \u00e9blouis de ceux de bonne volont\u00e9. L&rsquo;\u00e8re des messies n&rsquo;est pas close. Chaque jour est un No\u00ebl nouveau. Il rena\u00eet dans l&rsquo;\u00e2me des po\u00e8tes, ou des pauvres inspir\u00e9s, de continuelles r\u00e9v\u00e9lations qui ouvrent dans le ciel des routes sans cailloux.<\/p>\n<p style=\"text-align: justify;\">Tu avais l\u2019air tout \u00e9mue dans la cage quand je t&rsquo;ai affirm\u00e9 avec toute ma conviction que nous passerions le prochain No\u00ebl l&rsquo;un pr\u00e8s de l&rsquo;autre. Non point comme celui-ci, s\u00e9par\u00e9s par des barreaux de prison, mais r\u00e9unis dans la m\u00eame compr\u00e9hension de la vie, parfaitement accoupl\u00e9s pour qu&rsquo;il jaillisse de ce bonheur toutes les effusions intimes. Qui sait\u00a0? Nul ne peut savoir la marche des \u00e9v\u00e9nements. Tel qui pr\u00e9voit aujourd&rsquo;hui notre mort sera peut-\u00eatre demain du nombre des vaincus. La violence a ses chocs en retour. Patientons. Esp\u00e9rons. Jusqu&rsquo;\u00e0 pr\u00e9sent nous avons r\u00e9sist\u00e9 au plus dur. La le\u00e7on pour les Fran\u00e7ais commence \u00e0 \u00eatre vive. On voit que les prix continuent \u00e0 monter sans frein, mais la production ne s&rsquo;annonce gu\u00e8re bonne. Cette victoire des d\u00e9mocrates contenait en elle-m\u00eame bien des malheurs. C&rsquo;est pour l&rsquo;avoir dit, pr\u00e9dit, redout\u00e9, annonc\u00e9, et pour avoir t\u00e2ch\u00e9 d&rsquo;enrayer le mal que la majorit\u00e9 des m\u00e9contents de tout s&rsquo;en prend \u00e0 nos pauvres esprits. Mais, comme je ne cesse de le r\u00e9p\u00e9ter depuis deux ans : le double mur qui nous emp\u00eache de sortir leur interdit aussi d&rsquo;entrer, et nous sommes plus en s\u00e9curit\u00e9 ici que dehors, dans la cuve \u00e0 serpents. Quel dommage qu&rsquo;on ne puisse y faire venir ceux qu&rsquo;on aime. J\u2019arrangerai assez bien notre cellule et nous passerions des jours heureux \u00e0 \u00e9crire des po\u00e8mes et faire des enfants.<\/p>\n<p style=\"text-align: justify;\">Les nouvelles que tu m&rsquo;as donn\u00e9es sont loin d&rsquo;\u00eatre mauvaises. Je savais bien qu&rsquo;il existait quelque part une force qui prot\u00e8ge l&rsquo;homme et se manifeste chaque fois qu&rsquo;il en est besoin. Voil\u00e0 qui m\u2019est d\u00e9montr\u00e9 \u00e0 nouveau que toutes les portes s&rsquo;ouvrent, celles du c\u0153ur comme de l&rsquo;esprit. Je n&rsquo;ai pas mis en prison l&rsquo;amour que je te porte. Celui-ci vit, vole, est libre. Il croch\u00e8te toutes les serrures de la haine ou de l&rsquo;indiff\u00e9rence. Et il a sa toute petite cl\u00e9 secr\u00e8te pour ouvrir la porte la plus pr\u00e9cieuse : le sanctuaire ignor\u00e9 de tous o\u00f9 Jeannette la sauvage d\u00e9pose son tr\u00e9sor. J&rsquo;ai vu ce qu&rsquo;il y avait dedans. Et je t&rsquo;ai embrass\u00e9e. Tu n&rsquo;es pas trop m\u00e9contente de mes baisers surtout quand ils aboutissent \u00e0 des bambins aux cheveux dor\u00e9s. Quels caprices notre seigneur Fr\u00e9d\u00e9ric a-t-il eus aujourd&rsquo;hui ? Combien de fois a-t-il tap\u00e9 du pied ? Sur quoi se dirigent ses volont\u00e9s ? Qu&rsquo;exige-t-il, c&rsquo;est autoritaire ? Un cheval de bois ? Un sabre de cuirassier ? Des paquets de bonbons ? Ou bien que cessent autour de lui toutes f\u00e9minit\u00e9s qui contredisent son masque de C\u00e9sar ? Souriant sur ses photos de l&rsquo;\u00e9t\u00e9 dernier, a-t-il maintenant pris le pli amer de N\u00e9ron jeune ou refl\u00e8te-il d\u00e9j\u00e0 l&rsquo;autorit\u00e9 qui animait le marquis de Bouffliers <a href=\"#_ftn1\" name=\"_ftnref1\">[1]<\/a>, futur p\u00e8re Joseph, qui sous sa robe grise de capucin et pieds nus, dirigea toute la politique secr\u00e8te de Richelieu. De quelle soci\u00e9t\u00e9 sera-t-il animateur ? Mystique ? R\u00e9aliste ? Communiste ? On lui souhaite bien des \u00e9preuves qui blindent les hommes. L&rsquo;une des premi\u00e8res est de conduire sa m\u00e8re l\u00e0 o\u00f9 il faut qu\u2019elle aille, c&rsquo;est-\u00e0-dire \u00e0 l&rsquo;abn\u00e9gation, au d\u00e9vouement maternel, \u00e0 l&rsquo;autorit\u00e9 souple, \u00e0 la responsabilit\u00e9 religieuse, \u00e0 tout ce qui doit \u00eatre pour lui un aliment est une direction.<\/p>\n<p style=\"text-align: justify;\">Dans les heures creuses de ces derni\u00e8res nuits, o\u00f9 le froid \u00e9tait si vif et le matelas si dur, qu&rsquo;on s&rsquo;en \u00e9veillait, j&rsquo;ai cherch\u00e9 longtemps un diminutif pour toi. Il est toujours ridicule d&rsquo;appeler quelqu&rsquo;un Zouzou, Zaza, Poupon, Bidule ou Bichon. Ma m\u00e8re avait pour moi deux surnoms de pr\u00e9dilection : \u00ab Nanon \u00bb et \u00ab Crapaud \u00bb !! Le premier est un diminutif d\u00e9form\u00e9 de Jeannot, mais l&rsquo;autre !!! Mais dans sa bouche, l&rsquo;affection avait transform\u00e9 la hideur de la b\u00eate sautillante et ce grenouillaud \u00e9tait si rempli de bont\u00e9 qu&rsquo;on s&rsquo;en attendrissait. Si j&rsquo;avais \u00e0 te d\u00e9signer par un de ces sobriquets adorables dont on \u00e9tiquette les filles contre qui on vit, je chercherai plut\u00f4t dans les \u00ab Princesse \u00bb ou \u00ab Miniature \u00bb, \u00e0 moins d&rsquo;accoler \u00e0 ta pr\u00e9sence un pharamineux nom de th\u00e9\u00e2tre : \u00ab Myrtil \u00bb, \u00ab Esclamonde \u00bb, \u00ab Oph\u00e9lie \u00bb (\u00e0 prononcer \u00ab\u00a0Oph\u00e9lia \u00bb), \u00e0 moins que je t&rsquo;appelle tout simplement \u00ab Moineau \u00bb. Et c&rsquo;est peut-\u00eatre l\u00e0 o\u00f9 je me r\u00e9soudrai, tant l&rsquo;objet est duvet\u00e9, familier, confiant, spirituel, parisien, d\u00e9vou\u00e9. Un moineau vient becquer sur la fen\u00eatre les miettes dont il devient cossu. Il est ainsi au courant de toute l&rsquo;intimit\u00e9 qu&rsquo;on cache \u00e0 tous qu&rsquo;il entre \u00e0 votre chambre \u00e0 toute heure, qu&rsquo;il se permet toutes les audaces, les effronteries et que jamais il ne peut attirer sur lui le courroux du ma\u00eetre, tant il est gentil.<\/p>\n<p style=\"text-align: justify;\">Ainsi donc, si cela doit \u00eatre, ce sera \u00ab Moineau \u00bb. Veux-tu bien \u00eatre mon \u00ab Moineau \u00bb ? Je ne fais pas de mal aux oiseaux. Pas m\u00eame l&rsquo;id\u00e9e de les mettre en cage. Ils s&rsquo;apprivoisent d\u00e8s qu&rsquo;ils savent qu&rsquo;on les traite bien, mais tu seras un moineau qui r\u00e9sume tous les autres et qui les supplante tous. Pas de concurrent, mon moineau. Moyennant quoi tu auras tous les droits. M\u00eame celui de coucher dans la biblioth\u00e8que. Et je t&rsquo;autoriserai peut-\u00eatre \u00e0 toucher les bibelots les plus pr\u00e9cieux, \u00e0 ouvrir les livres les plus redoutables, \u00e0 lire dans les textes les plus audacieux (entendons-nous, ce ne sont que r\u00e9cits parfaitement moraux, voire des plus spiritualistes, mais les moineaux sont au courant de toutes ces choses. L&rsquo;\u00c9vangile ne dit-il pas : regarde les oiseaux du ciel, ils ne s\u00e8ment ni ne filent et pourtant pas un homme n&rsquo;a \u00e9t\u00e9 rev\u00eatu comme eux). Aristophane pla\u00e7ait les oiseaux parmi les dieux. Les Grecs les consid\u00e9raient comme sacr\u00e9s. C&rsquo;est donc un tr\u00e8s gros honneur, une reconnaissance impartiale et d\u00e9vou\u00e9e que de t&rsquo;attribuer des qualit\u00e9s ail\u00e9es.<\/p>\n<p style=\"text-align: justify;\">Et puis un moineau, s&rsquo;il le veut bien, peut toujours tenir dans une poche. Tu n&rsquo;aimerais pas venir picorer sur ma fen\u00eatre\u00a0?<\/p>\n<p style=\"text-align: justify;\">Si nous avions le temps, tu pourrais aussi passer des examens de droit, te faire inscrire au barreau, et venir me voir \u00e0 Fresnes !! Il vaut mieux supposer que je serais sorti avant. C&rsquo;est la comtesse de Villirouet <a href=\"#_ftn2\" name=\"_ftnref2\">[2]<\/a> qui, pendant la terreur, apprit le m\u00e9tier d&rsquo;avocat pour venir d\u00e9fendre son mari devant le tribunal r\u00e9volutionnaire. Elle le sauva aux acclamations de la foule. Saurait pu plaider pour moi ?<\/p>\n<p style=\"text-align: justify;\">Ainsi donc, mon \u00ab\u00a0moineau \u00bb, je vais vous quitter pour rentrer dans mes poches mes mains gourdes de froid. Les condamn\u00e9s \u00e0 mort viennent de partir en promenade et l&rsquo;on entend par-dessus le bruit de cha\u00eenes et de sabots les voix joyeuses de Rebatet et Cousteau qui blaguent et devisent litt\u00e9rature. Il semble que la temp\u00e9rature baisse encore. Quand nous en serons \u00e0 -68\u00b0 nous serons en Sib\u00e9rie, un avant-go\u00fbt du bolchevisme ?<\/p>\n<p style=\"text-align: justify;\">On me dit que le m\u00e9tro et les timbres sont mont\u00e9s \u00e0 cinq francs, que l&rsquo;\u00e9lectricit\u00e9 est augment\u00e9e de 40 %, qu&rsquo;il n&rsquo;y a plus de gaz, et que les rations de pain pourront peut-\u00eatre ne pas \u00eatre maintenues. Est-ce exact ? M\u00e9fie-toi de ce que je t&rsquo;ai annonc\u00e9 il y a quelque temps. Prends tes pr\u00e9cautions. Les \u00e9v\u00e9nements sont peut-\u00eatre en retard de quelques mois, mais il se peut que la famine, la faillite, le chaos, se pr\u00e9cipitent et que nous passions des heures dures. Surtout ne t&rsquo;inqui\u00e8tes pas. On s&rsquo;en sortira. Nous avons vu le plus dur.<\/p>\n<p style=\"text-align: justify;\">Pense aux \u00e9ditions belges, \u00e0 la rue de Bondy, \u00e0 mes trois manuscrits, \u00e0 m&rsquo;envoyer Liebermann, a visiter qui il faut, etc&#8230; Si tu peux mettre du chocolat dans les colis, il sera le bienvenu. Demande \u00e0 ma m\u00e8re de me fabriquer d&rsquo;urgence une enveloppe de toile pour le vieux cousin qui me sert d\u2019oreiller et qui craque de partout. Il doit faire 45&#215;35. T\u00e2ches de trouver une satinette ou un tissus de couleur sombre pas salissant. Je t\u2019embrasse, mon \u00ab\u00a0moineau\u00a0\u00bb. Petite Jeannette ch\u00e9rie. Et te souhaite le No\u00ebl qu\u2019il te faut, calme, patient, absolument tranquille. Mes gros, gros baisers pour vous deux.<\/p>\n<p style=\"text-align: justify;\">J.<\/p>\n<p>PS. Nouvelle formule d\u2019adresse : \u00e9crire M\u2026. H.A. (Homme Administratif <a href=\"#_ftn3\" name=\"_ftnref3\">[3]<\/a>) 4407-1\/466 (ne pas mettre Homme Administratif mais seulement H.A.)<\/p>\n<p style=\"text-align: justify;\"><a href=\"#_ftnref1\" name=\"_ftn1\">[1]<\/a> Confusion avec le \u00ab\u00a0baron de Mafflier\u00a0\u00bb, nom sous lequel \u00e9tait connu Fran\u00e7ois Leclerc du Tremblay, dit le p\u00e8re Joseph, (1577-1638),\u00a0 \u00e9minence grise du cardinal de Richelieu, et non pas \u00ab\u00a0Stanislas Jean, marquis de Boufflers\u00a0\u00bb, plus souvent appel\u00e9 le \u00ab\u00a0chevalier de Boufflers (1738-1815), po\u00e8te lorrain puis fran\u00e7ais. (note de FGR)<br \/>\n<a href=\"#_ftnref2\" name=\"_ftn2\">[2]<\/a> De retour d&rsquo;Angleterre, un \u00e9migr\u00e9, le comte de la Villirouet est arr\u00eat\u00e9 par la police r\u00e9volutionnaire. Il encourt la peine de mort. Pour le sauver, sa femme, Victoire de Lambilly, d\u00e9cide de s&rsquo;instituer son avocate&#8230; Elle obtient, apr\u00e8s cent difficult\u00e9s, de pouvoir lui servir elle-m\u00eame de d\u00e9fenseur, la loi ne s&rsquo;y opposant pas. Et le 23 mars 1799, elle plaide pour lui&#8230; (note de FGR)<br \/>\n<a href=\"#_ftnref3\" name=\"_ftn3\">[3]<\/a> Homme Administratif\u00a0: quelle formule po\u00e9tique pour remplacer \u00ab\u00a0Matricule\u00a0\u00bb (notre de FGR)<\/p>\n","protected":false},"excerpt":{"rendered":"<p>\u00a0 Dimanche 22 d\u00e9cembre 1946 Ma ch\u00e9rie, Le courrier a \u00e9t\u00e9 avanc\u00e9 d\u2019un jour cette semaine. Il faisait -19\u00b0 \u00e0 un thermom\u00e8tre de Fresnes. Les tuyaux d&rsquo;eau sont gel\u00e9s \u00e0 notre \u00e9tage. Nous sommes donc oblig\u00e9s de nous rationner maigrement &hellip; <a href=\"https:\/\/monperejeanmamy.fr\/?page_id=2232\">Continuer la lecture <span class=\"meta-nav\">&rarr;<\/span><\/a><\/p>\n","protected":false},"author":2,"featured_media":11,"parent":0,"menu_order":0,"comment_status":"closed","ping_status":"closed","template":"","meta":[],"folder":[],"_links":{"self":[{"href":"https:\/\/monperejeanmamy.fr\/index.php?rest_route=\/wp\/v2\/pages\/2232"}],"collection":[{"href":"https:\/\/monperejeanmamy.fr\/index.php?rest_route=\/wp\/v2\/pages"}],"about":[{"href":"https:\/\/monperejeanmamy.fr\/index.php?rest_route=\/wp\/v2\/types\/page"}],"author":[{"embeddable":true,"href":"https:\/\/monperejeanmamy.fr\/index.php?rest_route=\/wp\/v2\/users\/2"}],"replies":[{"embeddable":true,"href":"https:\/\/monperejeanmamy.fr\/index.php?rest_route=%2Fwp%2Fv2%2Fcomments&post=2232"}],"version-history":[{"count":3,"href":"https:\/\/monperejeanmamy.fr\/index.php?rest_route=\/wp\/v2\/pages\/2232\/revisions"}],"predecessor-version":[{"id":2239,"href":"https:\/\/monperejeanmamy.fr\/index.php?rest_route=\/wp\/v2\/pages\/2232\/revisions\/2239"}],"wp:featuredmedia":[{"embeddable":true,"href":"https:\/\/monperejeanmamy.fr\/index.php?rest_route=\/wp\/v2\/media\/11"}],"wp:attachment":[{"href":"https:\/\/monperejeanmamy.fr\/index.php?rest_route=%2Fwp%2Fv2%2Fmedia&parent=2232"}],"wp:term":[{"taxonomy":"folder","embeddable":true,"href":"https:\/\/monperejeanmamy.fr\/index.php?rest_route=%2Fwp%2Fv2%2Ffolder&post=2232"}],"curies":[{"name":"wp","href":"https:\/\/api.w.org\/{rel}","templated":true}]}}