{"id":2261,"date":"2021-04-20T10:37:14","date_gmt":"2021-04-20T08:37:14","guid":{"rendered":"http:\/\/monperejeanmamy.fr\/?page_id=2261"},"modified":"2024-01-21T17:46:03","modified_gmt":"2024-01-21T16:46:03","slug":"jm-a-jr-fresnes-47-01-26","status":"publish","type":"page","link":"https:\/\/monperejeanmamy.fr\/?page_id=2261","title":{"rendered":"JM \u00e0 JR (Fresnes 47\/01\/26)"},"content":{"rendered":"<p><strong>\u00a0<\/strong><a href=\"http:\/\/monperejeanmamy.fr\/?page_id=2254\"><img loading=\"lazy\" class=\"wp-image-1352 alignleft\" src=\"http:\/\/monperejeanmamy.fr\/wp-content\/uploads\/2021\/03\/Lettre-precedente.jpg\" alt=\"\" width=\"143\" height=\"78\" \/><\/a><a href=\"http:\/\/monperejeanmamy.fr\/?page_id=2264\"><img loading=\"lazy\" class=\"alignright wp-image-1353\" src=\"http:\/\/monperejeanmamy.fr\/wp-content\/uploads\/2021\/03\/Lettre-suivante.jpg\" alt=\"\" width=\"139\" height=\"76\" \/><\/a><\/p>\n<p style=\"text-align: center;\"><strong>Dimanche 26 janvier 1947<\/strong><\/p>\n<p style=\"text-align: center;\">Ma ch\u00e9rie,<\/p>\n<p style=\"text-align: justify;\">Il y a deux ans d\u00e9j\u00e0\u00a0! J&rsquo;\u00e9tais prisonnier dans une des salles vo\u00fbt\u00e9es du fort de Charenton, o\u00f9, avec 36 camarades, et en libert\u00e9 dans ce camp de 300 prisonniers, je faisais force bridge et parties de dames. Il neigeait dru. Toute la banlieue nous apparaissait recouverte d&rsquo;un tapis de froide blancheur, froide comme nos r\u00eaves, tout impr\u00e9gn\u00e9s de l&rsquo;atmosph\u00e8re d&rsquo;\u00e9pouvante de l&rsquo;\u00e9poque, blanche comme le linceul de nos illusions d\u00e9funtes. Nous avions r\u00eav\u00e9 un monde de chaleur et de paix, de force et de victoire, de redressement national et de compr\u00e9hension des peuples. Il d\u00e9ferlait sur nous l&rsquo;\u00e9pouvantable cataclysme d&rsquo;une r\u00e9volution prol\u00e9tarienne m\u00eal\u00e9e aux volont\u00e9s d&rsquo;\u00e9crasement des oligarchies internationales. Seuls contre toutes les meutes, nous n&rsquo;esp\u00e9rions plus qu&rsquo;en un miracle, qui n&rsquo;est pas arriv\u00e9&#8230; (Il ne faut jamais croire aux miracles, ni aux catastrophes).<\/p>\n<p style=\"text-align: justify;\">Ou qui est arriv\u00e9 !! Puisque nous vivons. Malgr\u00e9 les temps. Deux ans d\u00e9j\u00e0 ! Vingt-huit mois d&#8217;emprisonnement et la situation n&rsquo;a gu\u00e8re chang\u00e9 en apparence. Sauf que la vieille carcasse fran\u00e7aise marque de jour en jour des signes d&rsquo;\u00e9vidente d\u00e9cr\u00e9pitude. Les gangs qui veulent vivre sur le cadavre de ce peuple dureront jusqu&rsquo;\u00e0 l&rsquo;ultime d\u00e9composition. Nous avons d\u00e9j\u00e0 v\u00e9cu des ann\u00e9es affreuses. Le tragique n&rsquo;est pas encore atteint. Malheureusement. Pour qu&rsquo;un peuple se r\u00e9veille, il faut qu&rsquo;il ait tant souffert qu&rsquo;il se r\u00e9volte, qu&rsquo;il soit coinc\u00e9 entre la disparition d\u00e9finitive et le risque de la bataille. Sinon, il accepte tout. Les bandits ont ce privil\u00e8ge que la l\u00e2chet\u00e9 de leurs victimes est leur meilleure arme. On pille toujours qui consent. On r\u00e9duit en esclavage qui n\u2019ose se lib\u00e9rer.<\/p>\n<p style=\"text-align: justify;\">Pour nous, nous attendons, non les jours meilleurs, mais les jours d\u00e9finitifs. Ils s&rsquo;avancent. Il appara\u00eetra enfin que les fameux \u00ab traitres \u00bb \u00e9taient plut\u00f4t des honn\u00eates gens dont on fit des martyrs. Et ce disant, j&rsquo;\u00e9coute le bruit des sabots et des cha\u00eenes aux pieds de mes camarades en promenade. Ils sont une dizaine \u00e0 plaisanter et rire sous 10\u00b0 de froid dans leurs v\u00eatements de bure, rire d&rsquo;un monde risible parce que grotesque, rire de la haine impuissante qui voudrait faire d\u2019eux de la poussi\u00e8re \u00e9parpill\u00e9e, mais peut-on r\u00e9duire une \u00e2me en poussi\u00e8re, peut-on tuer l&rsquo;esprit ? Rira bien qui rira le dernier ! L&rsquo;ultime, l&rsquo;homme qui ne meurt point.<\/p>\n<p style=\"text-align: justify;\">Vous \u00eates m\u00e9chante, Mamzelle, vous ne m&rsquo;avez \u00e9crit cette semaine. Pas le plus petit mot. Nous penseriez-vous plus \u00e0 celui que vous dites aimer\u00a0? Je sais bien que le jus votre visite. Elle me contenta. Le fils est superbe. Jan est aussi. Nous avons eu une discussion anim\u00e9e et de quoi on ne devrait pas discuter. Non. Je ne veux pas t\u2019accabler de charges, quand quelqu&rsquo;un doit faire tout son devoir sur ce point. Ne crois pas pour cela que tu n&rsquo;as pas <u>toute<\/u> la place. Un jour, je te demanderai beaucoup plus, s&rsquo;il le faut. Et je sais fort bien que tu seras heureuse de le donner. Mais il ne serait pas juste que tu aies \u00e0 la fois le fardeau d&rsquo;\u00e9lever le fils et de nourrir le p\u00e8re. Et si j\u2019agis ainsi, c&rsquo;est par amiti\u00e9, affection, tendresse, amour pour toi. Veuilles le prendre ainsi.<\/p>\n<p style=\"text-align: justify;\">Le Fr\u00e9d\u00e9ric est superbe. Ma m\u00e8re me fait des compliments de son intelligence. Il a l&rsquo;air d&rsquo;une sant\u00e9 vigoureuse, d&rsquo;une gaiet\u00e9 communicative. Il est charmant, joli. Il me pla\u00eet. Il m&rsquo;int\u00e9resse. Je pense \u00e0 lui. Je fais des projets pour lui. Je lui donnerai la s\u0153ur promise. Et je lui apprendrai \u00e0 lire, \u00e0 compter, \u00e0 \u00e9crire en vers, \u00e0 s&rsquo;amuser avec les mots, \u00e0 jongler avec les id\u00e9es, \u00e0 dompter sa passion, comment domestiquer les animaux, affronter la vie de la jungle, de toutes les jungles, \u00e0 se d\u00e9vouer, \u00e0 aimer, \u00e0 honorer sa m\u00e8re, et ses petites amies, et sa femme, et ses camarades de combat, et toutes ses s\u0153urs, et tous ses fr\u00e8res. Il dirigera les nombreuses plantations que nous poss\u00e9derons en Am\u00e9rique du Sud. Il montera \u00e0 cheval, dirigera des mines, conduira son avion, son transatlantique. Ce sera un homme.<\/p>\n<p style=\"text-align: justify;\">Ton chapeau est charmant, mais, je voulais te le dire d\u00e9j\u00e0, il te vieillit un peu. Tu es si mignonne que je ne veux point pour toi de parures trop s\u00e9v\u00e8res. Il te faut des ornements de fantaisie. Du reste, je compte bien, d\u00e8s ma sortie, t&rsquo;habiller somptueusement selon toutes les ressources de mon imagination fertile. Attends-toi \u00e0 \u00eatre aussi bien princesse norv\u00e9gienne que paysanne grecque, et petite matrone romaine. Nous emploierons toutes les ressources de notre art pour vous draper, et vous coiffer, et vous peindre, telle une madone florentine, telle une bourgeoise flamande, telle une femme de grand chef Peau-rouge, telle la fille du Maharadjah.<\/p>\n<p style=\"text-align: justify;\">(\u00c0 tourner la page, il me revient que j&rsquo;ai besoin de buvard. Pensez-y. Qu&rsquo;il soit bon et durable, car j&rsquo;en use terriblement).<\/p>\n<p style=\"text-align: justify;\">Parlons de choses encore plus s\u00e9rieuses : j&rsquo;ai rappel\u00e9 \u00e0 ma m\u00e8re que la poudre d\u2019\u0153ufs, le Nescaf\u00e9, le riz \u00e9tait choses utiles. Qu&rsquo;elle n&rsquo;oublie pas la saccharine en quantit\u00e9 la plus grande possible, car le froid nous oblige \u00e0 boire beaucoup de tisanes. Ma provision de th\u00e9 est \u00e9puis\u00e9e. J&rsquo;ai oubli\u00e9 toutefois de lui rappeler une chose que tu dois pouvoir trouver. On vend chez certains boulangers une sorte de f\u00e9cule d&rsquo;orge ou d&rsquo;avoine (ce sont des paillettes plates, tr\u00e8s l\u00e9g\u00e8res, qui gonflent beaucoup dans l&rsquo;eau. G\u00e9n\u00e9ralement le paquet est de 250 g). Exactement, du <u>flocon d&rsquo;avoine<\/u> !!! Voil\u00e0. J&rsquo;avais oubli\u00e9 le terme. Peux-tu m&rsquo;en faire mettre un paquet par semaine. Je m&rsquo;en servirai pour corser un menu d\u00e9ficient, car la soupe ici se fait plus congrue. Un paquet de 250 g me fera au moins quatre ou cinq entremets substantiels. Je pense que cela passera facilement dans le colis sans trop supprimer de choses. En tout cas, le riz et le flocon d&rsquo;avoine me feront beaucoup plus de profits que les champignons par exemple (mang\u00e9s en une fois), o\u00f9 le g\u00e2teau de riz (trop lourd). Ne m&rsquo;envoyez pas des aliments gonfl\u00e9s d&rsquo;eau.<\/p>\n<p style=\"text-align: justify;\">Je n&rsquo;ai pas encore re\u00e7u les 2<sup>\u00e8me<\/sup> et 3<sup>\u00e8me<\/sup> visites annonc\u00e9es. Et je travaille en attendant. Que faire pendant une travers\u00e9e un peu longue, sinon patienter et attendre que le bateau avance jusqu&rsquo;\u00e0 la mer calm\u00e9e. On t&rsquo;aime, on pense \u00e0 toi, on t&rsquo;esp\u00e8re patiente et tendre, on construit sur toi tout l&rsquo;avenir, on te promet <u>tout<\/u> ce qu&rsquo;on tiendra, on veut ton sourire et ton bonheur, on veut ton d\u00e9vouement et ton repos, on \u00e9pouse toute ta sinc\u00e9rit\u00e9, on est ton ami et ton amant, et ton mari,\u00a0 Mamzelle. On est tout ce qu&rsquo;il faut pour que ta vie soit compl\u00e8te. On a pris ta main pour la garder. Tu m&#8217;embrasses ? Oui ? Ne pense \u00e0 rien. Pas de soucis&#8230; Mais des grandes r\u00e9v\u00e9lations de bonheur frais. Et patience ! Au bout du chemin, il y a la r\u00e9ussite, la d\u00e9livrance, le renouveau, la solution. La vie n&rsquo;est jamais finie. La libert\u00e9 revient toujours quand on l&rsquo;affirme. Dors bien, ma ch\u00e9rie. Dans mon \u00e9paule. C&rsquo;est ta place.<\/p>\n<h1 style=\"text-align: justify;\"><u>Lundi 14h<\/u>.<\/h1>\n<p style=\"text-align: justify;\">Tes \u0153illets roses sont m\u00e9lang\u00e9s aux rouges qui tiennent encore. Tout roses comme la vie, quand on la voit belle, quand les peuples sont en paix, quand le printemps est libre. J&rsquo;ai r\u00eav\u00e9 cette nuit une chose bizarre. (Il m&rsquo;arrive de r\u00eaver beaucoup en ce moment, et surtout de me rappeler mes r\u00eaves). J&rsquo;\u00e9tais lib\u00e9r\u00e9 et je me promenais avec une demie menotte au bras gauche, encore serr\u00e9e sur le poignet, mais dont la cha\u00eene \u00e9tait cass\u00e9e. C&rsquo;\u00e9tait une sorte de bijou (en aluminium il est vrai). J&rsquo;avais \u00e9galement la cl\u00e9 pour l&rsquo;ouvrir. Si les r\u00eaves sont pr\u00e9monitoires que signifie celui-ci ? N&rsquo;ach\u00e8te pas pour cela la cl\u00e9 des songes, et ne va pas interroger les m\u00e9diums, mais n&rsquo;est-ce pas peut-\u00eatre le sentiment d&rsquo;une libert\u00e9 qui revient dans un mental assagi par l&rsquo;exp\u00e9rience\u00a0? Je t&rsquo;avoue qu&rsquo;il me plairait assez de sortir dans quelques temps. Il semble que les esprits s&rsquo;apaisent. La vie reprend le cours plus tranquille \u00e0 moins que de grands \u00e9v\u00e9nements se d\u00e9cha\u00eenent \u00e0 nouveau.<\/p>\n<p style=\"text-align: justify;\">J&rsquo;ai re\u00e7u ce matin la deuxi\u00e8me visite. Tr\u00e8s gentil. Je lui ai dit combien j&rsquo;\u00e9tais furieux contre mon avocat et combien je voulais \u00e0 tout prix \u00eatre jug\u00e9. Car toutes ces man\u0153uvres m&rsquo;agacent. On veut briser ma carri\u00e8re politique. Il faut que je sois condamn\u00e9 \u00e0 mort, pour \u00eatre plus tard le martyr d&rsquo;une cause. Si par hasard je suis graci\u00e9 je pourrais prouver la fausset\u00e9 des accusations port\u00e9es contre nous. Pers\u00e9cut\u00e9s par les Juifs et les ma\u00e7ons, je tiens \u00e0 \u00eatre leur victime qui du haut d&rsquo;une Empyr\u00e9e o\u00f9 ils ne peuvent p\u00e9n\u00e9trer saura les foudroyer par injonction divine. N&rsquo;ai-je pas raison ?<\/p>\n<h1 style=\"text-align: justify;\">17h30<\/h1>\n<p style=\"text-align: justify;\">Apr\u00e8s d\u00eener (car nous mangeons \u00e0 17h comme au r\u00e9giment). Ton colis est plus que parfait. J&rsquo;ai travaill\u00e9 \u00e0 <em>Lancelot <\/em>toute la journ\u00e9e. Je vois Parise <a href=\"#_ftn1\" name=\"_ftnref1\">[1]<\/a> \u00e0 travers toi. De m\u00eame <em>Hypodamie<\/em>. Toutes jeunes femmes fr\u00eales minces et de vigueur d&rsquo;amantes d\u00e9cupl\u00e9e. On se prend souvent \u00e0 figurer des femmes id\u00e9ales, des personnages de f\u00e9erie qui prennent la figure de ceux qu&rsquo;on aime. C&rsquo;est pourquoi mes h\u00e9ro\u00efnes sont toutes menues et toutes tendres et prodigieusement passionn\u00e9es et simples. Elles sont toi.<\/p>\n<p style=\"text-align: justify;\">Ta morue est bienvenue. Elle bouclera ma fin de semaine. Ne m&rsquo;envoie pas de poivre. D\u00e9fendu par le r\u00e8glement. As-tu d\u00e9j\u00e0 travaill\u00e9 au <em>Jour et la nuit\u00a0<\/em>? Et mes feuilles de remplacement pour les <em>Barreaux <\/em>? Donnes-les vite pour le dossier.<\/p>\n<p style=\"text-align: justify;\">Je re\u00e7ois ta lettre \u00e0 l&rsquo;instant. Eh oui, je sais bien que tu as couru toute la semaine pour moi, et je ne t&rsquo;en voudrais jamais de n e pas m&rsquo;\u00e9crire, car si tu ne peux, c&rsquo;est que le temps a d\u00fb \u00eatre employ\u00e9 utilement \u00e0 autre chose. Ne t\u2019impatiente jamais avec Fr\u00e9d\u00e9ric. Ne cherche pas \u00e0 le faire ob\u00e9ir \u00e0 ta volont\u00e9, mais \u00e0 la loi la meilleure pour tous, la patience, la joie, le d\u00e9veloppement dans la bont\u00e9 qui est toujours gaie, etc&#8230; <u>Un enfant n&rsquo;est pas la propri\u00e9t\u00e9 d&rsquo;une m\u00e8re. Tu es g\u00e9rante, tr\u00e8s provisoire, d&rsquo;un petit esprit d&rsquo;homme que tu es charg\u00e9e d&rsquo;amener \u00e0 maturit\u00e9<\/u>. Il faut l&rsquo;aider \u00e0 \u00eatre ce qu&rsquo;il est, ce qu&rsquo;il sera, un homme complet avec toutes ses qualit\u00e9s, et pour cela, il faut une patience infinie, comme en a avec nous la vie merveilleuse qui gu\u00e9rit tout, qui pardonne tout, qui offre toujours tout aux hommes de bonne volont\u00e9.<\/p>\n<p style=\"text-align: justify;\">Pour mon camarade, j\u2019esp\u00e8re que ce sera toi qui feras ses travaux pour gagner quelque argent (si tu veux, bien s\u00fbr). Tu peux le consid\u00e9rer comme un client possible. Mais il n\u2019est pas encore sorti.<\/p>\n<p style=\"text-align: justify;\">On t\u2019embrasse, autant qu\u2019il faut pour te r\u00e9compenser de tout.<\/p>\n<p style=\"text-align: justify;\">J.<\/p>\n<p style=\"text-align: justify;\"><a href=\"#_ftnref1\" name=\"_ftn1\">[1]<\/a> Parise\u00a0: personnage f\u00e9minin de la pi\u00e8ce de th\u00e9\u00e2tre <em>Lancelot du Lac<\/em> que Jean Mamy est en train de finaliser (note de FGR)<\/p>\n","protected":false},"excerpt":{"rendered":"<p>\u00a0 Dimanche 26 janvier 1947 Ma ch\u00e9rie, Il y a deux ans d\u00e9j\u00e0\u00a0! J&rsquo;\u00e9tais prisonnier dans une des salles vo\u00fbt\u00e9es du fort de Charenton, o\u00f9, avec 36 camarades, et en libert\u00e9 dans ce camp de 300 prisonniers, je faisais force &hellip; <a href=\"https:\/\/monperejeanmamy.fr\/?page_id=2261\">Continuer la lecture <span class=\"meta-nav\">&rarr;<\/span><\/a><\/p>\n","protected":false},"author":2,"featured_media":11,"parent":0,"menu_order":0,"comment_status":"closed","ping_status":"closed","template":"","meta":[],"folder":[],"_links":{"self":[{"href":"https:\/\/monperejeanmamy.fr\/index.php?rest_route=\/wp\/v2\/pages\/2261"}],"collection":[{"href":"https:\/\/monperejeanmamy.fr\/index.php?rest_route=\/wp\/v2\/pages"}],"about":[{"href":"https:\/\/monperejeanmamy.fr\/index.php?rest_route=\/wp\/v2\/types\/page"}],"author":[{"embeddable":true,"href":"https:\/\/monperejeanmamy.fr\/index.php?rest_route=\/wp\/v2\/users\/2"}],"replies":[{"embeddable":true,"href":"https:\/\/monperejeanmamy.fr\/index.php?rest_route=%2Fwp%2Fv2%2Fcomments&post=2261"}],"version-history":[{"count":4,"href":"https:\/\/monperejeanmamy.fr\/index.php?rest_route=\/wp\/v2\/pages\/2261\/revisions"}],"predecessor-version":[{"id":3236,"href":"https:\/\/monperejeanmamy.fr\/index.php?rest_route=\/wp\/v2\/pages\/2261\/revisions\/3236"}],"wp:featuredmedia":[{"embeddable":true,"href":"https:\/\/monperejeanmamy.fr\/index.php?rest_route=\/wp\/v2\/media\/11"}],"wp:attachment":[{"href":"https:\/\/monperejeanmamy.fr\/index.php?rest_route=%2Fwp%2Fv2%2Fmedia&parent=2261"}],"wp:term":[{"taxonomy":"folder","embeddable":true,"href":"https:\/\/monperejeanmamy.fr\/index.php?rest_route=%2Fwp%2Fv2%2Ffolder&post=2261"}],"curies":[{"name":"wp","href":"https:\/\/api.w.org\/{rel}","templated":true}]}}