{"id":2327,"date":"2021-04-23T16:47:19","date_gmt":"2021-04-23T14:47:19","guid":{"rendered":"http:\/\/monperejeanmamy.fr\/?page_id=2327"},"modified":"2021-04-23T17:31:59","modified_gmt":"2021-04-23T15:31:59","slug":"jm-a-jr-fresnes-47-04-27","status":"publish","type":"page","link":"https:\/\/monperejeanmamy.fr\/?page_id=2327","title":{"rendered":"JM \u00e0 JR (Fresnes 47\/04\/27)"},"content":{"rendered":"<p><strong>\u00a0<\/strong><a href=\"http:\/\/monperejeanmamy.fr\/?page_id=2320\"><img loading=\"lazy\" class=\"wp-image-1352 alignleft\" src=\"http:\/\/monperejeanmamy.fr\/wp-content\/uploads\/2021\/03\/Lettre-precedente.jpg\" alt=\"\" width=\"143\" height=\"78\" \/><\/a><a href=\"http:\/\/monperejeanmamy.fr\/?page_id=2325\"><img loading=\"lazy\" class=\"alignright wp-image-1353\" src=\"http:\/\/monperejeanmamy.fr\/wp-content\/uploads\/2021\/03\/Lettre-suivante.jpg\" alt=\"\" width=\"139\" height=\"76\" \/><\/a><\/p>\n<p style=\"text-align: center;\"><strong>Dimanche 27 avril 1947<\/strong><\/p>\n<p style=\"text-align: center;\">Mon moineau ch\u00e9ri,<\/p>\n<p style=\"text-align: justify;\">Tu me fais rire, sourire, et je t\u2019aime bien. Et je t\u2019aime encore mieux, oh\u00a0! Petite fille orgueilleuse qui pr\u00e9tend se passer de tous les conseils et de tous les livres. Et qui a tout trouv\u00e9 sans jamais rien chercher, ni comparer. Par instinct merveilleux. Par instinct quelquefois trop capricieux et imprudent. Heureusement qu\u2019on est plus sage que vous, mamzelle, et que l\u2019exp\u00e9rience nous a m\u00fbri. Je ne te forcerai jamais avec un esprit s\u00e9v\u00e8re, chagrin, grognon, \u00e0 accepter des th\u00e9ories stupides, ennuyeuses, morales, \u00e9troites. Mais je prendrai ta t\u00eate sur ma poitrine, je t\u2019embrasserai les yeux et je laisserai tomber longtemps le silence pour que ton c\u0153ur batte moins vite. Et alors seulement nous parlerons de la vie telle qu\u2019elle est, qui est plus profonde et plus haute, et plus grande, que tout ce que tes yeux si jolis, que les miens si br\u00fbl\u00e9s d\u2019\u00e9preuves, ont pu concevoir. Il est un moment de la vie o\u00f9 il faut monter sur les d\u00e9chets du pass\u00e9. On ne peut ind\u00e9finiment t\u00e2tonner dans les m\u00e9andres des petits pr\u00e9jug\u00e9s humains. Le seul bonheur c\u2019est la vie grande. Tu l\u2019auras. Ne crains rien. Personne n\u2019a jamais dit qu\u2019on devait supprimer les baisers. Bien au contraire. C\u2019est une folie que se priver du meilleur et pour s\u2019aimer mieux faut-il se d\u00e9couvrir tout entier, comprendre ce qui est inalt\u00e9rable, le toujours fid\u00e8le, ce motif du c\u0153ur qui fait que les mots qu\u2019on dit sont vrais, qu\u2019ils durent parce que con\u00e7us de p\u00e2te \u00e9ternelle.<\/p>\n<p style=\"text-align: justify;\">Les serments, les passions humaines sont frivoles. Je tremblerais \u00e0 ta place si je n\u2019\u00e9tais qu\u2019un homme charg\u00e9 d\u2019effluves quotidiens qui, apr\u00e8s avoir d\u00e9charg\u00e9 son go\u00fbt de plaisir, reprenne sa carcasse \u00e9go\u00efste pour mieux jouir d\u2019un silence personnel. Quelle vie affreuse\u00a0 que celle de deux \u00eatres emmur\u00e9s dans leurs contacts de peau qui ne trouvent rien d\u2019autre \u00e0 \u00e9changer que des minutes de sommeil ou des affabilit\u00e9s animales. Tu n\u2019es pas cette femme l\u00e0. Je t\u2019aime pour tes qualit\u00e9s, toutes celles que tu as d\u00e9j\u00e0 prouv\u00e9es, et toutes celles qui vivent ignor\u00e9es et que demain l\u2019on te montrera du doigt. Car tu es infiniment meilleure que tu le crois. \u00c0 t\u2019\u00e9pouser tu commenceras \u00e0 vivre dans l\u2019accouchement d\u2019une nouvelle pens\u00e9e. Si je t\u2019emm\u00e8ne avec moi dans la vie c\u2019est pour l\u2019apprendre toute enti\u00e8re et ne pas se borner \u00e0 un petit bonheur personnel qui ne serait qu\u2019un cercle \u00e9troit, \u00e0 la taille de nos timidit\u00e9 ou de nos pr\u00e9jug\u00e9s. Il faut vivre \u00e0 la taille de la cr\u00e9ation. Il faut oser s\u2019affirmer dans sa pl\u00e9nitude. Et ne pas craindre de regarder les grandes exp\u00e9riences de ceux qui nous ont pr\u00e9c\u00e9d\u00e9 dans ces voies glorieuses. Tout cela est tr\u00e8s s\u00e9rieux. Ce n\u2019est plus de la litt\u00e9rature mais la n\u00e9cessit\u00e9 quotidienne de comprendre son destin, son identit\u00e9. Peut-\u00eatre autre chose que toi-m\u00eame\u00a0? J\u2019exige de toi de te r\u00e9v\u00e9ler absolument. Sans bousculade. Nous avons tous l\u2019\u00e9ternit\u00e9 devant nous pour d\u00e9montrer notre perfection.<\/p>\n<p style=\"text-align: justify;\">Je t\u2019aime bien. Je t\u2019aime beaucoup. Je t\u2019aime infiniment. Je t\u2019aime tout court. Mais ce que j\u2019aime en toi, c\u2019est le toi, c\u2019est la vie, c\u2019est l\u2019intelligence qui est capable de tout comprendre et de tout r\u00e9former, c\u2019est l\u2019ob\u00e9issance \u00e0 la loi. C\u2019est Jeannette qui me donne sa tempe chaude contre mon front et qui promet non seulement des enfants mais de d\u00e9couvrir le meilleur quotidien. Je te mets tr\u00e8s haut dans ma vie. Tu ne seras pas une petite compagne qui suivra comme une sotte et t\u00e2cheras d\u2019accomplir quelques gestes pr\u00e9cis. J\u2019ai besoin d\u2019aimer la perfection de la vie dans toutes ses \u0153uvres. Tu es cette femme l\u00e0. Tu l\u2019as d\u00e9j\u00e0 prouv\u00e9. J\u2019ai confiance en toi parce que tu peux beaucoup. Tu peux tout.<\/p>\n<p style=\"text-align: justify;\">Je ne t\u2019ai jamais promis avec moi une vie \u00ab\u00a0dr\u00f4le\u00a0\u00bb (ce qui ne veut pas dire qu\u2019elle sera sans joies, bien au contraire, toute la joie, toutes les joies). Je ne te promets pas de plaisirs. Au contraire. Nous chercherons le bonheur. Je ne te promets pas de distractions. Que non. Mais la pl\u00e9nitude. Tout ce qui fait ordinairement l\u2019amusement futile des humains, nous le remplacerons par une \u00e9tonnante vision d\u2019une r\u00e9alit\u00e9 si riche en harmonie qu\u2019on en oublie tout le spectacle grotesque de la vie m\u00e9diocre. Plus haut que Mozart, Beethoven, Wagner, qu\u2019il faudra r\u00e9entendre et assimiler jusqu\u2019\u00e0 les d\u00e9passer. Plus haut mille fois que Baudelaire et Villon. Mille et mille fois plus loin que Bouddha et Confucius. \u00c0 cent mille lieues de la politique, de la rue Geoffroy Saint Hilaire et des ann\u00e9es d\u2019\u00e9preuve. Il faut vivre avec le temps qui vient. Tr\u00e8s simplement et avec beaucoup de patience. Et tr\u00e8s cach\u00e9s, mais tr\u00e8s sociables. Pr\u00e9sents partout.<\/p>\n<p style=\"text-align: justify;\">Merci pour tes d\u00e9marches qui peuvent \u00eatre utiles. Elles le sont sans doute. Je pense que le dossier ne sera pas transmis avant quelque temps. Mais nous en bavarderons au parloir. Nous verrons ensemble comment agir au mieux. Je t\u2019attends mercredi sans doute, avec toutes tes boucles, et ton chapeau plein d\u2019ailes.<\/p>\n<h1 style=\"text-align: justify;\"><u>13 heures, apr\u00e8s d\u00e9jeuner<\/u>.<\/h1>\n<p style=\"text-align: justify;\">Campagne noy\u00e9e de lumi\u00e8re douce. Ti\u00e9deur de l\u2019air. Mes deux camarades jouent aux \u00e9checs. J\u2019ai \u00e9puis\u00e9 depuis hier la substance d\u2019un bouquin chinois, plein de r\u00e9cits et de pi\u00e8ces de th\u00e9\u00e2tre, trouv\u00e9 ta petite mythologie insuffisante, vais \u00e9plucher une histoire grecque. Tr\u00e8s vieux bouquins rel\u00e9gu\u00e9s au sommet de la biblioth\u00e8que, et naturellement les meilleurs comme toujours. Bonne affaire que pouvoir lire en tout repos. \u00c0 propos, plus j\u2019y r\u00e9fl\u00e9chis, plus il faut t\u00e2cher de gagner octobre. Arrange-toi avec Floriot. J\u2019ai des projets pour cet \u00e9t\u00e9. Je commence \u00e0 trouver mes sujets. Il faut \u00eatre pr\u00eat pour le jour o\u00f9 l\u2019on nous demandera nos \u0153uvres d\u2019urgence pour tel th\u00e9\u00e2tre en difficult\u00e9 qui aura soup\u00e9 de l\u2019existentialisme ou de la pi\u00e8ce d\u2019apaches. C\u2019est le plus important. Qu\u2019on ne nous ennuie pas avec des proc\u00e8s idiots. Paperasses sans valeur. Est-ce que nous d\u00e9pendons d\u2019un dossier nous autres\u00a0?<\/p>\n<p style=\"text-align: justify;\">Vas-tu au concert\u00a0? As-tu \u00e9t\u00e9 au th\u00e9\u00e2tre\u00a0? Que joue-t-on\u00a0? Qu\u2019\u00e9crit-on\u00a0? Que lit-on\u00a0? Qu\u2019est ce que valent les po\u00e8mes de Pierre Emmanuel <a href=\"#_ftn1\" name=\"_ftnref1\">[1]<\/a>\u00a0? On en fait un plat. La Com\u00e9die Fran\u00e7aise a l\u2019air de sombrer. Quels sont les bons films nouveaux\u00a0? En as-tu vu\u00a0? Comment vont les affaires\u00a0? As-tu de l\u2019argent\u00a0? As-tu mis au point <em>Les Barreaux<\/em>\u00a0? Et <em>Le Jour et la nuit<\/em>\u00a0? Et <em>Lancelot<\/em>\u00a0? Et <em>Hippodamie<\/em>\u00a0? <em>Gabriella<\/em> est quasi termin\u00e9e. Et <em>Empyr\u00e9e<\/em>\u00a0? Tu ne me dis rien\u00a0? Et les \u00e9v\u00e8nements\u00a0? Que dit l\u2019aviation\u00a0? Il semble bien qu\u2019il se pr\u00e9pare quelque chose. Enfin\u00a0! Je persiste \u00e0 croire que je tiendrai ma promesse pour No\u00ebl. Sans doute avant. C\u2019est bien pourquoi il est inutile d\u2019aller faire le jocrisse devant les banquettes du Palais baveux, bavassant, bavant.<\/p>\n<p style=\"text-align: justify;\">Est-ce que tu m\u2019aimerais toujours si j\u2019\u00e9tais condamn\u00e9\u00a0? Est-ce que tu voudrais de quelqu\u2019un qui soit d\u00e9clar\u00e9 \u00ab\u00a0indigne national\u00a0\u00bb, for\u00e7at, traite, bourreau, gestapiste, fasciste, sinistre individu, d\u00e9voy\u00e9, cynique, bon \u00e0 jeter aux cochons qui mangent les petits enfants et le collaborateurs\u00a0? Est-ce que tu serais fi\u00e8re d\u2019accorder ta vie \u00e0 quelqu\u2019un d\u2019aussi m\u00e9prisable, d\u2019aussi unanimement rejet\u00e9\u00a0? Est-ce que tu ne pr\u00e9f\u00e9rerais pas un colonel Fifi \u00e0 six galons et demi\u00a0? Oh\u00a0! Prestige de l\u2019uniforme, grandeur et gloire du vainqueur\u00a0!<\/p>\n<p style=\"text-align: justify;\">Et si le vainqueur c\u2019\u00e9tait moi, qui aurait domin\u00e9 toute la vague de boue avec calme et qui en sorte r\u00e9g\u00e9n\u00e9r\u00e9\u00a0!!! Car la victoire ne s\u2019obtient que sur la laideur ou le mensonge. Apprenez-le, petite fille qui ne voulez que des baisers et pas de tendresse infinie par le chaud enveloppement du c\u0153ur, pas la pri\u00e8re profonde qui atteint jusqu\u2019\u00e0 l\u2019\u00catre, par la douceur d\u2019\u00eatre aim\u00e9e. Je t\u2019embrasse comme tu le m\u00e9rites. Il d\u00e9pend de toi qu\u2019on fasse mieux demain.<\/p>\n<h1 style=\"text-align: justify;\"><u>Lundi<\/u>.<\/h1>\n<p style=\"text-align: justify;\">Tu m\u00e9rites d\u2019\u00eatre embrass\u00e9e cent fois plus. Le b\u00e9ret est parfait, le colis magnifique. Je suis combl\u00e9. Les lilas sont une joie. Et tu es ma joie. Pour la peine je laisserai ma t\u00eate sur ton \u00e9paule tout le temps qu\u2019il faudra pour que tu comprennes tout ce qu\u2019il te faut de bonheur pour aujourd\u2019hui. Nous aurons des r\u00e9compenses d\u2019yeux, de la vie, et de silence, et de doigts serr\u00e9s ou d\u00e9tendus, et de confiance renouvel\u00e9e, et d\u2019enthousiasme secret.<\/p>\n<p style=\"text-align: justify;\">Tu ne m\u2019\u00e9cris pas. Tu ne m\u2019\u00e9cris plus. Mais tu parles si joliment le lundi matin. Il faut toujours dire le meilleur avec des fleurs.<\/p>\n<p style=\"text-align: justify;\">\u00c0 propos, pour lundi prochain\u00a0:<\/p>\n<ol>\n<li style=\"text-align: justify;\">Pas de m\u00e9ta du tout.<\/li>\n<li style=\"text-align: justify;\">Ni pain Hovis, ni flocons d\u2019avoine (pour une semaine seulement).<\/li>\n<li style=\"text-align: justify;\">De la Vaniline <a href=\"#_ftn2\" name=\"_ftnref2\">[2]<\/a> SVP.<\/li>\n<\/ol>\n<p style=\"text-align: justify;\">La couture est tr\u00e8s bien ainsi, pas plus forte. Le b\u00e9ret est parfait (je l\u2019ai d\u00e9j\u00e0 dit, je le redis). Je suis tr\u00e8s tr\u00e8s content. Quel bonheur d\u2019\u00eatre en prison et d\u2019avoir ainsi une femme d\u00e9vou\u00e9e qui se charge de tout. C\u2019est la vie r\u00eav\u00e9e. Dire qu\u2019il va falloir sortir un jour\u00a0! Retrouver le monde avec ses empoisonnements. Nous partirons imm\u00e9diatement vers une autre prison, pas vrai\u00a0? Et tu me feras un collier de tes bras, et des cha\u00eenes de tendresse.<\/p>\n<p style=\"text-align: justify;\">Ce matin, au pr\u00e9au de promenade, nous discutions entre amis de notre soci\u00e9t\u00e9 future apr\u00e8s les terribles \u00e9preuves qui vont soumettre l\u2019humanit\u00e9 \u00e0 la loi commune du progr\u00e8s spirituel in\u00e9luctable. Il se constitue en Am\u00e9rique un \u00ab\u00a0Front mondial chr\u00e9tien\u00a0\u00bb. T\u00e2che d\u2019avoir le plus possible de renseignements dessus. Ici, catholiques, protestants, scientistes (il y en a, notre groupe compte d\u00e9j\u00e0 vingt cinq personnes) sont int\u00e9ress\u00e9s au plus haut point par cette tendance. C\u2019est sous ce signe que se d\u00e9roulera la prochaine croisade. Et nous sommes bien assur\u00e9s de voir le triomphe de la bonne cause. Le monde se r\u00e9veille lentement. Mais il appara\u00eet des signes indiscutables d\u2019\u00e9nergie transcendante. Il faut en finir avec le poison du marxisme o\u00f9 qu\u2019il soit. L\u2019erreur doit \u00eatre pulv\u00e9ris\u00e9e, an\u00e9antie. Et nous reconstruirons des cit\u00e9s neuves avec des hommes r\u00e9g\u00e9n\u00e9r\u00e9s, purs, libres de tous dogmes.<\/p>\n<p style=\"text-align: justify;\">On aurait dit, \u00e0 nous voir mon camarade et moi, deux moines en promenade dans leur couvent. \u00c0 c\u00f4t\u00e9, les ministres et les copains journalistes racontaient des histoires d\u2019hier et d\u2019aujourd\u2019hui. Cousteau et Rebatet sont tr\u00e8s en verve. Pour l\u2019affaire qui nous pr\u00e9occupe j\u2019ai pris ici quelques dispositions dont je te parlerai mercredi au parloir (car tu recevras cette lettre apr\u00e8s m\u2019avoir vu). J\u2019aurai de plus amples d\u00e9tails apr\u00e8s-demain. Il m\u2019appara\u00eet que tout va bien. Si ce qu\u2019on pr\u00e9voit arrive, nous sortirons de cette histoire avec une exp\u00e9rience renouvel\u00e9e.<\/p>\n<p style=\"text-align: justify;\">Voil\u00e0 pour aujourd\u2019hui tout ce que j\u2019ai \u00e0 t\u2019\u00e9crire. De quoi te nourrir le c\u0153ur toute une grande semaine. De quoi te donner pleine ration d\u2019affection stable. De quoi te faire entrevoir de meilleurs jours. De quoi t\u2019assurer qu\u2019aujourd\u2019hui contient d\u00e9j\u00e0 l\u2019essentiel qui est la volont\u00e9 de construire ensemble. Nous n\u2019en n\u2019\u00e9tions pas l\u00e0 il y a deux ans. Tu vois comme les jours s\u2019approchent du meilleur printemps. Les inqui\u00e9tudes, les doutes disparaissent et la Terre tourne du bon c\u00f4t\u00e9. Demain sera le jour d\u2019une meilleure preuve. Il faut aussi que tu te d\u00e9brouilles les deux petits pr\u00e9jug\u00e9s d\u2019orgueil personnel pour acc\u00e9der \u00e0 l\u2019\u00e9tage au dessus o\u00f9 la loi est plus forte et plus large. Tous tes pas dans la vie doivent \u00eatre dirig\u00e9s par une harmonie sup\u00e9rieure. Nous avons tous commis l\u2019imprudence de croire que nous avions invent\u00e9 le monde et qu\u2019il suffisait de vouloir pour que nos souhaits triomphent. Il faut \u00eatre humble devant l\u2019Amour qui ch\u00e2tie ceux qu\u2019il aime. On n\u2019a pas ce que l\u2019on veut mais ce que l\u2019on doit. Petite fille, tu es une si charmante enfant qu\u2019on voudrait te donner tous les jouets qui s\u2019offrent \u00e0 ton d\u00e9sir. Mais tu ne crois plus aux r\u00eaves, heureusement. Pratique, tu t\u2019ing\u00e9nies \u00e0 chercher la vie l\u00e0 o\u00f9 elle est, dans les tr\u00e9sors du c\u0153ur. On ne cesse de t\u2019aimer pour tout ce que tu es. Sois heureuse.<\/p>\n<p style=\"text-align: justify;\">J.<\/p>\n<p style=\"text-align: justify;\"><a href=\"#_ftnref1\" name=\"_ftn1\">[1]<\/a> No\u00ebl Mathieu, plus connu sous le pseudonyme Pierre Emmanuel, n\u00e9 le 3 mai 1916, est un po\u00e8te fran\u00e7ais. Souvent per\u00e7u, par extrapolation, comme un po\u00e8te d&rsquo;inspiration chr\u00e9tienne. R\u00e9fugi\u00e9 dans la Dr\u00f4me pendant l&rsquo;Occupation, il poursuivit ses activit\u00e9s d&rsquo;enseignant et participa \u00e0 la R\u00e9sistance. Il fut chef des services anglais puis am\u00e9ricains de Radiodiffusion-t\u00e9l\u00e9vision fran\u00e7aise de 1945 \u00e0 1959. (note de FGR)<br \/>\n<a href=\"#_ftnref2\" name=\"_ftn2\">[2]<\/a> Vaniline : additif alimentaire aromatisant (vanille). (note de FGR)<\/p>\n","protected":false},"excerpt":{"rendered":"<p>\u00a0 Dimanche 27 avril 1947 Mon moineau ch\u00e9ri, Tu me fais rire, sourire, et je t\u2019aime bien. Et je t\u2019aime encore mieux, oh\u00a0! Petite fille orgueilleuse qui pr\u00e9tend se passer de tous les conseils et de tous les livres. Et &hellip; <a href=\"https:\/\/monperejeanmamy.fr\/?page_id=2327\">Continuer la lecture <span class=\"meta-nav\">&rarr;<\/span><\/a><\/p>\n","protected":false},"author":2,"featured_media":11,"parent":0,"menu_order":0,"comment_status":"closed","ping_status":"closed","template":"","meta":[],"folder":[],"_links":{"self":[{"href":"https:\/\/monperejeanmamy.fr\/index.php?rest_route=\/wp\/v2\/pages\/2327"}],"collection":[{"href":"https:\/\/monperejeanmamy.fr\/index.php?rest_route=\/wp\/v2\/pages"}],"about":[{"href":"https:\/\/monperejeanmamy.fr\/index.php?rest_route=\/wp\/v2\/types\/page"}],"author":[{"embeddable":true,"href":"https:\/\/monperejeanmamy.fr\/index.php?rest_route=\/wp\/v2\/users\/2"}],"replies":[{"embeddable":true,"href":"https:\/\/monperejeanmamy.fr\/index.php?rest_route=%2Fwp%2Fv2%2Fcomments&post=2327"}],"version-history":[{"count":3,"href":"https:\/\/monperejeanmamy.fr\/index.php?rest_route=\/wp\/v2\/pages\/2327\/revisions"}],"predecessor-version":[{"id":2332,"href":"https:\/\/monperejeanmamy.fr\/index.php?rest_route=\/wp\/v2\/pages\/2327\/revisions\/2332"}],"wp:featuredmedia":[{"embeddable":true,"href":"https:\/\/monperejeanmamy.fr\/index.php?rest_route=\/wp\/v2\/media\/11"}],"wp:attachment":[{"href":"https:\/\/monperejeanmamy.fr\/index.php?rest_route=%2Fwp%2Fv2%2Fmedia&parent=2327"}],"wp:term":[{"taxonomy":"folder","embeddable":true,"href":"https:\/\/monperejeanmamy.fr\/index.php?rest_route=%2Fwp%2Fv2%2Ffolder&post=2327"}],"curies":[{"name":"wp","href":"https:\/\/api.w.org\/{rel}","templated":true}]}}