{"id":2401,"date":"2021-04-25T17:20:29","date_gmt":"2021-04-25T15:20:29","guid":{"rendered":"http:\/\/monperejeanmamy.fr\/?page_id=2401"},"modified":"2024-01-22T11:45:06","modified_gmt":"2024-01-22T10:45:06","slug":"jm-a-jr-fresnes-47-08-10","status":"publish","type":"page","link":"https:\/\/monperejeanmamy.fr\/?page_id=2401","title":{"rendered":"JM \u00e0 JR (Fresnes 47\/08\/10)"},"content":{"rendered":"<p><strong>\u00a0<\/strong><a href=\"http:\/\/monperejeanmamy.fr\/?page_id=2396\"><img loading=\"lazy\" class=\"wp-image-1352 alignleft\" src=\"http:\/\/monperejeanmamy.fr\/wp-content\/uploads\/2021\/03\/Lettre-precedente.jpg\" alt=\"\" width=\"143\" height=\"78\" \/><\/a><a href=\"http:\/\/monperejeanmamy.fr\/?page_id=2405\"><img loading=\"lazy\" class=\"alignright wp-image-1353\" src=\"http:\/\/monperejeanmamy.fr\/wp-content\/uploads\/2021\/03\/Lettre-suivante.jpg\" alt=\"\" width=\"139\" height=\"76\" \/><\/a><\/p>\n<p style=\"text-align: center;\"><strong>Dimanche 10 ao\u00fbt 1947<\/strong><\/p>\n<p style=\"text-align: center;\">Ma Jeannette ch\u00e9rie,<\/p>\n<p style=\"text-align: justify;\">Bien re\u00e7u ta bonne lettre du 7 ao\u00fbt. J\u2019ai visit\u00e9 le village et la maison avec toi. J\u2019ai couru avec Fr\u00e9d\u00e9ric dans la cour, j\u2019ai pianot\u00e9 dans la salle \u00e0 manger, taquin\u00e9 la cuisine o\u00f9 les casseroles n\u2019ont pour moi plus de secrets, taill\u00e9 du bois dans le b\u00fbcher, et je me suis couch\u00e9 dans le lit \u00e0 deux places.<\/p>\n<p style=\"text-align: justify;\">Ensuite, j\u2019ai \u00e9t\u00e9 traire les vaches, laver les cochons, taquin\u00e9 les dents des veaux qui t\u00e8tent les doigts comme le pis de leur m\u00e8re, et je suis l\u2019ami de tous les chiens, et de toutes les poules, pour avoir dans mes poches de quoi me faire suivre comme un seigneur persan par tout un peuple affam\u00e9 de grain et de vieux d\u00e9bris de c\u00f4telettes. Naturellement, j\u2019ai \u00e9t\u00e9 r\u00e9veiller les carpes et les tanches de l\u2019\u00e9tang. Elles ne sentent pas trop la vase.<\/p>\n<p style=\"text-align: justify;\">Et puis je t\u2019ai regard\u00e9 dormir. Tu racontais beaucoup de choses \u00e0 une oreille attentive. Je crois m\u00eame que la conversation \u00e9tait anim\u00e9e. Est-tu venue te reposer presque dans mon \u00e9paule\u00a0? Il y avait de \u00e7a. Quelles bonnes vacances nous allons passer.<\/p>\n<p style=\"text-align: justify;\">Ici l\u2019atmosph\u00e8re est toujours tr\u00e8s dure. On fusille sans r\u00e9pit. Un de nos camarades que tous s\u2019attendaient \u00e0 voir graci\u00e9 a \u00e9t\u00e9 emmen\u00e9 \u00e0 Ch\u00e2tillon il y a trois jours. Est-ce que les chaleurs pr\u00e9disposent \u00e0 la vengeance ? Le gouvernement est-il si inquiet de l\u2019avenir qu\u2019il ne puisse se passer de rigueur pr\u00e9sente. On a l\u2019impression que jusqu\u2019au bout l\u2019aventure sera tenue. Je crois que nous n\u2019allons pas vers l\u2019apaisement, mais sans doute vers le \u00ab coup de tabac \u00bb. On sent cela partout. Il faut donc pr\u00e9voir tout et lutter encore. Je pense que d\u2019ici le mois d\u2019octobre, nous verrons plus clair et je crois que nous avons bien fait d\u2019attendre. Il faudra essayer encore de gagner une p\u00e9riode plus s\u00fbre. De toutes fa\u00e7ons nous sommes par\u00e9s pour deux mois.<\/p>\n<p style=\"text-align: justify;\">Les bruits les plus extravagants courent. Il est certain que l\u2019affaire d\u2019Alg\u00e9rie est \u00e9norme <a href=\"#_ftn1\" name=\"_ftnref1\">[1]<\/a>. Un gouvernement pourra-t-il se maintenir si l\u2019Afrique du Nord se d\u00e9tache de la m\u00e9tropole\u00a0? Il semble que nous allons \u00e0 un durcissement de la situation qui pourrait bien se traduire par des troubles. Ce n\u2019est pas souhaitable pour nous et j\u2019aurais pr\u00e9f\u00e9r\u00e9 que tout s\u2019apaise tr\u00e8s vite. Mais ce monde n\u2019est-il pas destin\u00e9 \u00e0 craquer.<\/p>\n<p style=\"text-align: justify;\">Je travaille \u00e0 des compilations bibliques ou autres travaux personnels d\u2019un int\u00e9r\u00eat palpitant. En pleines proph\u00e9ties apocalyptiques. Tout est devenu si clair. On t\u2019expliquera \u00e7a. Je crois que je vais faire coucher ma Bible entre nous deux, \u00e0 moins d\u2019y mettre une \u00e9p\u00e9e comme Tristan et Yseult. Sois tranquille, il y a des nuits sans lune o\u00f9 l\u2019on nous permettra d\u2019\u00f4ter l\u2019\u00e9p\u00e9e.<\/p>\n<p style=\"text-align: justify;\">J\u2019ai vu ma m\u00e8re au parloir. Elle m\u2019a dit beaucoup de bien de toi. Et du Fr\u00e9d\u00e9ric. Elle n\u2019a pas besoin d\u2019insister pour que je pense tout ce qu\u2019il faut. Je sais que tu es d\u00e9vou\u00e9e plus que possible. Ne crains rien. Nous sortirons de tout.<\/p>\n<h1 style=\"text-align: justify;\"><u>19h15<\/u>.<\/h1>\n<p style=\"text-align: justify;\">Ferm\u00e9s plus t\u00f4t que d\u2019habitude ce soir pour raisons d\u2019inspection (dit-on). Je suis toujours tr\u00e8s content d\u2019\u00eatre seul \u00e0 pouvoir travailler, \u00e9crire, sans g\u00eaneurs. Deux ans \u00bd de cellule \u00e0 trois m\u2019ont appris la cohabitation. Un peu de r\u00e9pit est savoureux. Et d\u00e8s cette lettre termin\u00e9e comme un bouquet de fleurs rares, je vais me livrer \u00e0 mon vice favori\u00a0: l\u2019ex\u00e9g\u00e8se\u00a0! Dr\u00f4les de m\u0153urs. En Angleterre je porterais rabat et chapeau rond, et tu aurais des corsages montants boutonn\u00e9s jusqu\u2019aux oreilles. Avec un chapeau plat, \u00e0 fleurs, une ombrelle, et des gants de dentelle, et tu apprendrais \u00e0 tous les Fr\u00e9d\u00e9ric \u00e0 marcher sur la pointe des pieds, \u00e0 embrasser avec correction, \u00e0 saluer c\u00e9r\u00e9monieusement, et \u00e0 ne pas rire devant les grandes personnes.<\/p>\n<p style=\"text-align: justify;\">Et le soir nous chanterions des cantiques, devant un feu de bois, ou nous \u00e9changerions \u00e0 voix basse feutr\u00e9e des souvenirs prudes, et nous parlerions de confitures ou de poneys. Le temps s\u2019\u00e9coulerait comme un fleuve de brume, avec de jolis tintements de cloche de presbyt\u00e8re, et nous serions consid\u00e9r\u00e9s comme respectables par toute une kyrielle de gens honor\u00e9s, ceux \u00e0 cravate raide, \u00e0 col empes\u00e9, \u00e0 chapeau cir\u00e9, \u00e0 chaussures eccl\u00e9siastiques. Le beau roman.<\/p>\n<p style=\"text-align: justify;\">Pr\u00e9f\u00e8res-tu la passion fougueuse du chevalier Tristan qui, dans l\u2019impossibilit\u00e9 d\u2019atteindre sa belle, se d\u00e9p\u00e9rit et menace le ciel et la terre. De temps \u00e0 autres, il peut franchir la garde du roi, venir partager la couche aim\u00e9e, puis il se voit \u00e0 nouveau trahi, forc\u00e9 de ramper dans l\u2019ombre et l\u2019amertume. Ce n\u2019est qu\u2019un combat autour d\u2019un r\u00eave pr\u00e9cieux. Une d\u00e9sesp\u00e9rance ardente. Et leur mort ne les r\u00e9unit que par la volont\u00e9 de poussi\u00e8re.<\/p>\n<p style=\"text-align: justify;\">Tout autre est l\u2019union de Lancelot et Parise que tu connais. Il a gu\u00e9ri la jeune aveugle de son ignorance de la merveille, et c\u2019est elle d\u00e8s lors qui le conduit en avant pour qu\u2019il puisse franchir les dangers du monde. Plus pure qu\u2019une image b\u00e9nie, Parise sait si bien de ses doigts de f\u00e9e d\u00e9livrer Lancelot des \u00e9pines du sentier qu\u2019il ne sent plus gu\u00e8re les souffrances de la terre. Et il la r\u00e9compense \u00e0 flots de baisers.<\/p>\n<p style=\"text-align: justify;\">J\u2019aime mieux <em>Lancelot des bois<\/em> <a href=\"#_ftn2\" name=\"_ftnref2\">[2]<\/a>, que son p\u00e8re Lancelot du lac, trop brutal chevalier, amant de la reine Gueni\u00e8vre et banal amant d\u2019une \u00e9pop\u00e9e grandiose dont le c\u0153ur est Perceval. As-tu toujours le livre que je relus au d\u00e9p\u00f4t, et qui m\u2019est rest\u00e9 cher. Je pense que c\u2019est ma m\u00e8re qui a du le r\u00e9cup\u00e9rer. Pour l\u2019instant, je relis Balzac, sans discontinuer. J\u2019en suis au <em>Lys dans la Vall\u00e9e<\/em>, apr\u00e8s cinq ou six autres. Mais la Bible prend tout mon temps. On ne sait pas ce que contient \u00c9z\u00e9chiel <a href=\"#_ftn3\" name=\"_ftnref3\">[3]<\/a>\u00a0! Et Abdias <a href=\"#_ftn4\" name=\"_ftnref4\">[4]<\/a>\u00a0! Et Zacharie <a href=\"#_ftn5\" name=\"_ftnref5\">[5]<\/a>\u00a0! Et Habacuc <a href=\"#_ftn6\" name=\"_ftnref6\">[6]<\/a>\u00a0! Et j\u2019en suis \u00e0 d\u00e9cortiquer l\u2019Apocalypse ligne \u00e0 ligne. Tous les romans de la terre ne valent pas ce livre inestimable plus que f\u00e9erique.<\/p>\n<p style=\"text-align: justify;\">Ma ch\u00e9rie, j\u2019\u00e9crirai pour toi seule un nouveau <em>Cantique des cantiques<\/em> <a href=\"#_ftn7\" name=\"_ftnref7\">[7]<\/a>. Sans plus m\u2019occuper de <em>L\u2019Eccl\u00e9siaste<\/em> <a href=\"#_ftn8\" name=\"_ftnref8\">[8]<\/a> qui ne croit plus \u00e0 la beaut\u00e9 de la Terre. Notre exp\u00e9rience n\u2019est point termin\u00e9e, \u00e0 peine commenc\u00e9e. Il se peut qu\u2019un jour lointain, apr\u00e8s avoir \u00e9puis\u00e9 tout le cycle de l\u2019exp\u00e9rience humaine, nous en soyons \u00e0 nous dire qu\u2019il faut monter plus haut que notre amour. Pour l\u2019instant il est un sommet divin, dans quoi nous devons inclure toute la puret\u00e9 qu\u2019il faut pour que l\u2019ascension en soit viable. Ce n\u2019est pas du tout commode d\u2019arriver \u00e0 ce point. Il faut tout le d\u00e9sint\u00e9ressement, toute l\u2019humilit\u00e9, toute la patience sans limites pour que les souffles soient du m\u00eame rythme. Ne pas respirer \u00e0 contretemps. Est-ce que ton c\u0153ur bat en mesure\u00a0?<\/p>\n<p style=\"text-align: justify;\">Comment te coiffes-tu dans ta Creuse\u00a0? En paysanne\u00a0? As-tu des sabots\u00a0? Fais-tu la chasse aux papillons\u00a0? Aux scarab\u00e9es\u00a0? Je voudrais que Fr\u00e9d\u00e9ric prenne go\u00fbt \u00e0 conna\u00eetre toutes les b\u00eates. J\u2019avais des collections de sauterelles et d\u2019araign\u00e9es. Y a-t-il des rossignols\u00a0? Comment est le paysage\u00a0? Vallonn\u00e9\u00a0? Des collines\u00a0? De petites failles\u00a0? Quelle altitude\u00a0? Un peu la Suisse normande\u00a0? Ou le Morvan\u00a0? Ou quoi\u00a0? Et les gens\u00a0? Sympathiques\u00a0? Bonne race dure\u00a0?<\/p>\n<p style=\"text-align: justify;\">Je voudrais, \u00e0 la fin de cette lettre que tu sois plus contente que tout, que tu emportes de sa lecture une impression de nouveaut\u00e9 si grande qu\u2019elle soit comme un matin impr\u00e9vu dans une existence d\u00e9j\u00e0 combl\u00e9e. Que faut-il te dire\u00a0? Et faut-il le dire\u00a0? Avec quels mots\u00a0? Avec quels sous-entendus\u00a0? Avec quels silences\u00a0? Et puis ceux d\u2019aujourd\u2019hui ne sont-ils pas les m\u00eames que nous renouvellerons demain. Mais l\u2019eau toujours fra\u00eeche coule sans cesse. De plus en plus vite. Il ne faut donc pas l\u2019arr\u00eater. L\u2019essentiel est de laisser couler, laisser courir. Baigne tes mains, ton front, ton cou, dans nos mots frais, dans ma source ardente. Ils coulent si vite ces mots puissants que le torrent t\u2019en emporte en cascades. Il y a des f\u00e9es \u00e0 tous les \u00e9tages de la vall\u00e9e. Elles t\u2019arr\u00eateront pour te montrer les gouttelettes brillantes de tes cheveux, les perles sur tes doigts, la saveur de la ros\u00e9e sur ta bouche avide. On t\u2019embrasse en torrent et on te roule dans une aube vivante. Et on tourne autour de toi la ronde des lutins et des elfes. Et l\u2019on te b\u00e9nit comme la reine du jour. \u00c0 bient\u00f4t te lire, c&rsquo;est-\u00e0-dire te voir en transparence. Immense baiser.<\/p>\n<p style=\"text-align: justify;\">J.<\/p>\n<p style=\"text-align: justify;\"><a href=\"#_ftnref1\" name=\"_ftn1\">[1]<\/a> Le conseil des ministres adoptera le 27 ao\u00fbt 1947 un \u00ab Statut de l&rsquo;Alg\u00e9rie \u00bb, d\u00e9sormais \u00ab dot\u00e9e de la personnalit\u00e9 civile et de l&rsquo;autonomie financi\u00e8re \u00bb. Une Assembl\u00e9e alg\u00e9rienne de 120 membres, r\u00e9partis en deux \u00ab coll\u00e8ges \u00bb, les citoyens de statut civil fran\u00e7ais dans le premier, les citoyens de statut musulman dans le second, g\u00e8re, avec le gouverneur g\u00e9n\u00e9ral, \u00ab les int\u00e9r\u00eats propres de l&rsquo;Alg\u00e9rie \u00bb.(note de FGR)<br \/>\n<a href=\"#_ftnref2\" name=\"_ftn2\">[2]<\/a> <em>Lancelot des bois\u00a0<\/em>: pi\u00e8ce de mon p\u00e9re, inspir\u00e9e de l\u2019histoire de Lancelot du lac (note de FGR)<br \/>\n<a href=\"#_ftnref3\" name=\"_ftn3\">[3]<\/a> Le livre d&rsquo;\u00c9z\u00e9chiel est un livre du <em>Tanakh<\/em> et de l&rsquo;<em>Ancien Testament <\/em>\u00e9crit par le proph\u00e8te \u00c9z\u00e9chiel parmi les exil\u00e9s de Babylonie. Le livre contient des reproches et des menaces contre les Isra\u00e9lites avant le si\u00e8ge de J\u00e9rusalem, des oracles contre les nations, des consolations pour le peuple d\u00e9port\u00e9, et l&rsquo;annonce d&rsquo;un r\u00e9tablissement religieux et politique en terre d&rsquo;Isra\u00ebl. (note de FGR)<br \/>\n<a href=\"#_ftnref4\" name=\"_ftn4\">[4]<\/a> Le livre d&rsquo;Abdias est une proph\u00e9tie concernant le jugement divin du royaume d&rsquo;\u00c9dom, qui est condamn\u00e9 \u00e0 la ruine, et la revanche que les fils d&rsquo;Isra\u00ebl prendront sur ce royaume. Le texte se compose d&rsquo;un seul chapitre, divis\u00e9 en 21 versets, ce qui en fait le plus court livre dans la Bible h\u00e9bra\u00efque. (note de FGR)<br \/>\n<a href=\"#_ftnref5\" name=\"_ftn5\">[5]<\/a> Le livre de Zacharie est un livre de l&rsquo;<em>Ancien Testament<\/em>. Zacharie est un proph\u00e8te qui v\u00e9cut pendant le r\u00e8gne de Darius 1<sup>er<\/sup>. (note de FGR)<br \/>\n<a href=\"#_ftnref6\" name=\"_ftn6\">[6]<\/a> Habacuc est le huiti\u00e8me des douze petits proph\u00e8tes de la Bible. Il est l&rsquo;auteur d&rsquo;un des livres du <em>Tanakh<\/em> ou <em>Ancien Testament<\/em>. (note de FGR)<br \/>\n<a href=\"#_ftnref7\" name=\"_ftn7\">[7]<\/a> <em>Le Cantique des Cantiques<\/em>, dit aussi <em>Cantique de Salomon<\/em>, est un livre de la Bible. (note de FGR)<br \/>\n<a href=\"#_ftnref8\" name=\"_ftn8\">[8]<\/a> <em>L\u2019Eccl\u00e9siaste<\/em> (\u00ab celui qui s&rsquo;adresse \u00e0 la foule \u00bb), est un livre de la Bible h\u00e9bra\u00efque, faisant partie des <em>Ketouvim. (note de FGR)<br \/>\n<\/em><\/p>\n<p>&nbsp;<\/p>\n","protected":false},"excerpt":{"rendered":"<p>\u00a0 Dimanche 10 ao\u00fbt 1947 Ma Jeannette ch\u00e9rie, Bien re\u00e7u ta bonne lettre du 7 ao\u00fbt. J\u2019ai visit\u00e9 le village et la maison avec toi. J\u2019ai couru avec Fr\u00e9d\u00e9ric dans la cour, j\u2019ai pianot\u00e9 dans la salle \u00e0 manger, taquin\u00e9 &hellip; <a href=\"https:\/\/monperejeanmamy.fr\/?page_id=2401\">Continuer la lecture <span class=\"meta-nav\">&rarr;<\/span><\/a><\/p>\n","protected":false},"author":2,"featured_media":11,"parent":0,"menu_order":0,"comment_status":"closed","ping_status":"closed","template":"","meta":[],"folder":[],"_links":{"self":[{"href":"https:\/\/monperejeanmamy.fr\/index.php?rest_route=\/wp\/v2\/pages\/2401"}],"collection":[{"href":"https:\/\/monperejeanmamy.fr\/index.php?rest_route=\/wp\/v2\/pages"}],"about":[{"href":"https:\/\/monperejeanmamy.fr\/index.php?rest_route=\/wp\/v2\/types\/page"}],"author":[{"embeddable":true,"href":"https:\/\/monperejeanmamy.fr\/index.php?rest_route=\/wp\/v2\/users\/2"}],"replies":[{"embeddable":true,"href":"https:\/\/monperejeanmamy.fr\/index.php?rest_route=%2Fwp%2Fv2%2Fcomments&post=2401"}],"version-history":[{"count":4,"href":"https:\/\/monperejeanmamy.fr\/index.php?rest_route=\/wp\/v2\/pages\/2401\/revisions"}],"predecessor-version":[{"id":3254,"href":"https:\/\/monperejeanmamy.fr\/index.php?rest_route=\/wp\/v2\/pages\/2401\/revisions\/3254"}],"wp:featuredmedia":[{"embeddable":true,"href":"https:\/\/monperejeanmamy.fr\/index.php?rest_route=\/wp\/v2\/media\/11"}],"wp:attachment":[{"href":"https:\/\/monperejeanmamy.fr\/index.php?rest_route=%2Fwp%2Fv2%2Fmedia&parent=2401"}],"wp:term":[{"taxonomy":"folder","embeddable":true,"href":"https:\/\/monperejeanmamy.fr\/index.php?rest_route=%2Fwp%2Fv2%2Ffolder&post=2401"}],"curies":[{"name":"wp","href":"https:\/\/api.w.org\/{rel}","templated":true}]}}