{"id":2497,"date":"2021-04-26T18:18:57","date_gmt":"2021-04-26T16:18:57","guid":{"rendered":"http:\/\/monperejeanmamy.fr\/?page_id=2497"},"modified":"2024-01-22T17:27:10","modified_gmt":"2024-01-22T16:27:10","slug":"jm-a-jr-fresnes-47-12-15","status":"publish","type":"page","link":"https:\/\/monperejeanmamy.fr\/?page_id=2497","title":{"rendered":"JM \u00e0 JR (Fresnes 47\/12\/15)"},"content":{"rendered":"<p><strong>\u00a0<\/strong><a href=\"http:\/\/monperejeanmamy.fr\/?page_id=2493\"><img loading=\"lazy\" class=\"wp-image-1352 alignleft\" src=\"http:\/\/monperejeanmamy.fr\/wp-content\/uploads\/2021\/03\/Lettre-precedente.jpg\" alt=\"\" width=\"143\" height=\"78\" \/><\/a><a href=\"http:\/\/monperejeanmamy.fr\/?page_id=2501\"><img loading=\"lazy\" class=\"alignright wp-image-1353\" src=\"http:\/\/monperejeanmamy.fr\/wp-content\/uploads\/2021\/03\/Lettre-suivante.jpg\" alt=\"\" width=\"139\" height=\"76\" \/><\/a><\/p>\n<p style=\"text-align: center;\"><strong>Lundi 15 d\u00e9cembre 1947<\/strong><\/p>\n<p style=\"text-align: center;\">Ma ch\u00e9rie,<\/p>\n<p style=\"text-align: justify;\">Un bon petit mot de toi hier. Lettre moyennement longue, bien remplie de bonnes choses, un bon c\u00f4t\u00e9 de tendresses \u2013 qui vaut bien l\u2019autre. Je suis sensible \u00e0 tout ce que tu penses. \u00c0 propos tu ne m\u2019as jamais donn\u00e9 ton avis sur les \u00e9crits fameux que tu as tap\u00e9s. Que te semble de <em>La Cuve \u00e0 serpents<\/em> et d\u2019<em>Empyr\u00e9e\u00a0<\/em>? N\u2019aurais-tu point gout\u00e9 de tels exploits\u00a0? Les aimes-tu au moins un peu\u00a0? Un petit peu\u00a0? Est-ce que cela te parait int\u00e9ressant, digne d\u2019une attention f\u00e9minine\u00a0?<\/p>\n<p style=\"text-align: justify;\">Je t\u2019\u00e9cris rapidement ce soir, trop \u00e0 mon gr\u00e9. Un grand nombre de mes meilleurs camarades partent \u00e0 l\u2019instant pour des camps ou prisons en province et j\u2019ai d\u00fb embrasser des tas de braves gens honn\u00eates ; les amis nous quittent, d\u2019autres restent. On se sent plus rattach\u00e9 \u00e0 l\u2019\u00e9ternit\u00e9. J\u2019ai d\u00e9j\u00e0 vu d\u00e9filer tant de gens. Les uns avec qui je me suis f\u00e2ch\u00e9, d\u2019autres qui sont pour l\u2019instant des compagnons de combat et de captivit\u00e9 et pour qui \u00e9videmment j\u2019\u00e9prouve la plus tendre sollicitude, pour ce qu\u2019ils ont \u00e9t\u00e9, pour ce qu\u2019ils seront encore \u2013 car la vie commence \u2013 d\u00e9j\u00e0 lourde d\u2019exp\u00e9rience \u2013 mais remplie de promesses.<\/p>\n<p style=\"text-align: justify;\">Ainsi l\u2019on se connait, ainsi l\u2019on se quitte. Ce sont les m\u00eames que j\u2019ai vus partir pour l\u2019Allemagne, revenir vaincus\u00a0; \u00e9chapper pour la plupart au ch\u00e2timent le plus implacable et s\u2019en aller du m\u00eame pas vers la bataille, vers le tribunal, vers la centrale, vers la vie politique intense, sans jamais cesser d\u2019aimer les id\u00e9es pour lesquelles ils auraient sacrifi\u00e9 leur vie. Les uns les avaient apprises d\u00e8s l\u2019enfance, les autres les ont glan\u00e9es en route, \u00e0 la suite de cruelles exp\u00e9riences, au risque d\u2019\u00eatre durement frapp\u00e9s par la haine aveugle. On se sent parfois ici dans la plus pure exaltation du loyalisme politique dont nous ornions notre drapeau, celui qui comportait des mots d\u2019ordre g\u00e9n\u00e9reux, o\u00f9 l\u2019on voulait vraiment la r\u00e9surrection d\u2019un peuple qui se laisse aujourd\u2019hui lentement engloutir par l\u2019abime.<\/p>\n<p style=\"text-align: justify;\">Un ministre de mes amis me disait tout \u00e0 l\u2019heure que la p\u00e9riode du Directoire avait \u00e9t\u00e9 entach\u00e9e de la m\u00eame corruption, de la m\u00eame ill\u00e9galit\u00e9. Contre toutes les volont\u00e9s nationales un gang s\u2019\u00e9tait install\u00e9 qu\u2019on fut oblig\u00e9 de balayer pour que revive la classe productrice. Les hommes ne changent gu\u00e8re. Les proc\u00e9d\u00e9s de la canaille sont toujours les m\u00eames. Les sectaires restent prisonniers de leur volont\u00e9 partisane. Nous n\u2019avons rien \u00e0 attendre de ceux qui nous accusent. Peut-\u00eatre nous reprochent-ils la m\u00eame intransigeance farouche. Nous n\u2019avons pas toujours \u00e9t\u00e9 tendres. Il est des disputent qui tournent \u00e0 l\u2019aigre. Celle-l\u00e0 va plus loin que les autres. Il semble bien que ce soit la plus grave des crises fran\u00e7aises \u2013 apr\u00e8s les guerres de religion et l\u2019\u00c9dit de Nantes.<\/p>\n<p style=\"text-align: justify;\">Que nous voil\u00e0 loin de nos cheveux blonds de Jeannette toute tendre qui ne vit que pour son Fr\u00e9d\u00e9ric et pour le colis du dimanche peut-\u00eatre. Je te sens arriver tous les lundis. D\u00e8s 7 heures un petit ange frappe \u00e0 ma porte qui me dit des choses que je ne r\u00e9p\u00e8terai point ici pour ne pas effaroucher le papier. Et quelques heures plus tard je trempe pr\u00e9cipitamment dans l\u2019eau les fleurs de l\u2019amour, les tendres dons du c\u0153ur parfait.<\/p>\n<p style=\"text-align: justify;\">Est-ce que tu patientes, aussi calme qu\u2019il le faut\u00a0? Est-ce que tu sais que nous allons bient\u00f4t r\u00e9gler notre vie d\u2019une autre fa\u00e7on\u00a0? Tous les cauchemars passent. Tous les printemps renaissent. Est-ce que tu crois que le P\u00e8re No\u00ebl est une simple annonciation d\u2019une nouvelle phase d\u2019attente, ou bien le r\u00e9alisateur tendre qui tient toujours ses promesses\u00a0? Je ne crois pas que nous en ayons pour bien longtemps \u00e0 soupirer trop. D\u2019ici l\u00e0, aurais-je le temps d\u2019\u00e9crire l\u2019\u0153uvre que je m\u00e9dite\u00a0?<\/p>\n<p style=\"text-align: justify;\">Ma Jeannette, si tu m\u2019\u00e9cris (et tu ne m\u2019\u00e9cris gu\u00e8re) rajoute-moi des fleurs d\u2019amour \u00e0 tes phrases d\u00e9j\u00e0 si tendres. \u00c9cris-moi comme tu joues du violon avec \u00e2me\u00a0! Sais-tu que je me prends quelquefois \u00e0 chanter \u00e0 tue-t\u00eate dans ma cellule\u00a0? Tout seul\u00a0? Ma voix de casserole se forme un peu. Dans les basses j\u2019ai des vibratos russes, dans l\u2019aigu du t\u00e9norino italien\u00a0; et je pousse quelques sons qui doivent faire se r\u00e9veiller les veaux pr\u00e8s de leur m\u00e8re laiteuse.<\/p>\n<p style=\"text-align: justify;\">Le monsieur mercredi t\u2019a-t-il remis le paquet\u00a0? Merci pour tout ce que tu as fait. Tu es mon moineau fid\u00e8le.<\/p>\n<p style=\"text-align: justify;\">Depuis hier je cherche un po\u00e8me qui a disparu. J\u2019ai du le br\u00fbler. Et je ne m\u2019en souviens plus\u00a0! Quelle perte pour l\u2019humanit\u00e9\u00a0! Tr\u00e8s joli mon po\u00e8me. C\u2019\u00e9tait l\u2019histoire de la porte du ciel. Un tout petit trou d\u2019aiguille par o\u00f9 passait la lumi\u00e8re \u00e0 travers un mur d\u2019une \u00e9paisseur incommensurable. Il fallait se r\u00e9duire \u00e0 la dimension du trou. Avec l\u2019humilit\u00e9 voulue on y arrive fort bien. Et je crois que j\u2019\u00e9tais pass\u00e9 de l\u2019autre c\u00f4t\u00e9. Mais mon po\u00e8me a disparu en route. Humilit\u00e9 suppl\u00e9mentaire. Il n\u2019y a plus de support de mati\u00e8re pour rejoindre l\u2019esprit.<\/p>\n<p style=\"text-align: justify;\">On t\u2019embrasse. Tr\u00e8s pieusement, mais aussi tr\u00e8s fougueusement. Et puis avec toute la tendresse qu\u2019il faut pour que tu prennes patience jusqu\u2019au bout de l\u2019\u00e9preuve. On se dit qu\u2019il est des ann\u00e9es qui passent comme l\u2019\u00e9clair et des minutes qui sont des heures. Le malheur ne dure pas, c\u2019est la joie qui est notre \u00e9ternit\u00e9. Je me sens tout jeune et tout petit enfant. Est-ce que tu voudrais de moi pour Fr\u00e9d\u00e9ric\u00a0? Embrasse-le un peu pour moi. Je me rattraperai \u00e0 la sortie. Gros, gros b.<\/p>\n<p style=\"text-align: justify;\">J.<\/p>\n","protected":false},"excerpt":{"rendered":"<p>\u00a0 Lundi 15 d\u00e9cembre 1947 Ma ch\u00e9rie, Un bon petit mot de toi hier. Lettre moyennement longue, bien remplie de bonnes choses, un bon c\u00f4t\u00e9 de tendresses \u2013 qui vaut bien l\u2019autre. Je suis sensible \u00e0 tout ce que tu &hellip; <a href=\"https:\/\/monperejeanmamy.fr\/?page_id=2497\">Continuer la lecture <span class=\"meta-nav\">&rarr;<\/span><\/a><\/p>\n","protected":false},"author":2,"featured_media":11,"parent":0,"menu_order":0,"comment_status":"closed","ping_status":"closed","template":"","meta":[],"folder":[],"_links":{"self":[{"href":"https:\/\/monperejeanmamy.fr\/index.php?rest_route=\/wp\/v2\/pages\/2497"}],"collection":[{"href":"https:\/\/monperejeanmamy.fr\/index.php?rest_route=\/wp\/v2\/pages"}],"about":[{"href":"https:\/\/monperejeanmamy.fr\/index.php?rest_route=\/wp\/v2\/types\/page"}],"author":[{"embeddable":true,"href":"https:\/\/monperejeanmamy.fr\/index.php?rest_route=\/wp\/v2\/users\/2"}],"replies":[{"embeddable":true,"href":"https:\/\/monperejeanmamy.fr\/index.php?rest_route=%2Fwp%2Fv2%2Fcomments&post=2497"}],"version-history":[{"count":4,"href":"https:\/\/monperejeanmamy.fr\/index.php?rest_route=\/wp\/v2\/pages\/2497\/revisions"}],"predecessor-version":[{"id":3260,"href":"https:\/\/monperejeanmamy.fr\/index.php?rest_route=\/wp\/v2\/pages\/2497\/revisions\/3260"}],"wp:featuredmedia":[{"embeddable":true,"href":"https:\/\/monperejeanmamy.fr\/index.php?rest_route=\/wp\/v2\/media\/11"}],"wp:attachment":[{"href":"https:\/\/monperejeanmamy.fr\/index.php?rest_route=%2Fwp%2Fv2%2Fmedia&parent=2497"}],"wp:term":[{"taxonomy":"folder","embeddable":true,"href":"https:\/\/monperejeanmamy.fr\/index.php?rest_route=%2Fwp%2Fv2%2Ffolder&post=2497"}],"curies":[{"name":"wp","href":"https:\/\/api.w.org\/{rel}","templated":true}]}}