{"id":2509,"date":"2021-04-26T18:45:57","date_gmt":"2021-04-26T16:45:57","guid":{"rendered":"http:\/\/monperejeanmamy.fr\/?page_id=2509"},"modified":"2021-04-27T11:49:07","modified_gmt":"2021-04-27T09:49:07","slug":"jm-a-jr-fresnes-48-01-01","status":"publish","type":"page","link":"https:\/\/monperejeanmamy.fr\/?page_id=2509","title":{"rendered":"JM \u00e0 JR (Fresnes 48\/01\/01)"},"content":{"rendered":"<p><strong>\u00a0<\/strong><a href=\"http:\/\/monperejeanmamy.fr\/?page_id=2505\"><img loading=\"lazy\" class=\"wp-image-1352 alignleft\" src=\"http:\/\/monperejeanmamy.fr\/wp-content\/uploads\/2021\/03\/Lettre-precedente.jpg\" alt=\"\" width=\"143\" height=\"78\" \/><\/a><a href=\"http:\/\/monperejeanmamy.fr\/?page_id=2517\"><img loading=\"lazy\" class=\"alignright wp-image-1353\" src=\"http:\/\/monperejeanmamy.fr\/wp-content\/uploads\/2021\/03\/Lettre-suivante.jpg\" alt=\"\" width=\"139\" height=\"76\" \/><\/a><\/p>\n<p style=\"text-align: center;\"><strong>Jeudi 1<sup>er<\/sup> janvier 1948<\/strong><\/p>\n<p style=\"text-align: center;\">Ma ch\u00e9rie,<\/p>\n<p style=\"text-align: justify;\">Bonne ann\u00e9e\u00a0! Cette fois-ci, c\u2019est la bonne. Tous les renseignements co\u00efncident, les c\u00e9lestes et les terrestres. Nous exprimerons sous le ciel bleu la libert\u00e9 que nous n\u2019avons jamais cess\u00e9 de porter dans nos c\u0153urs prudents et d\u00e9daigneux des contingences. Et ce ciel bleu ne sera point la prison de nos r\u00eaves, mais la route de l\u2019infini.<\/p>\n<p style=\"text-align: justify;\">On t\u2019embrasse. On embrasse le Fr\u00e9d\u00e9ric. On te dit qu\u2019il faut patienter (tu le sais). On te remercie pour tout ce que tu fais sans rel\u00e2che.<\/p>\n<p>Je compte te voir bient\u00f4t, te lire demain sans doute. Je compte sur beaucoup plus qu\u2019on imaginait.<\/p>\n<p style=\"text-align: justify;\">Les soucis s\u2019envolent quelquefois. Preuve qu\u2019ils n\u2019existaient pas.<\/p>\n<p style=\"text-align: justify;\">Mes gros, gros baisers.<\/p>\n<p style=\"text-align: justify;\">J.<\/p>\n<p style=\"text-align: justify;\">PS. Veux-tu bien dire \u00e0 ma m\u00e8re qu\u2019elle n\u2019oublie pas dans le colis de linge :<\/p>\n<ol>\n<li style=\"text-align: justify;\">des mouchoirs<\/li>\n<li style=\"text-align: justify;\">des torchons et serviettes de table.<\/li>\n<\/ol>\n","protected":false},"excerpt":{"rendered":"<p>\u00a0 Jeudi 1er janvier 1948 Ma ch\u00e9rie, Bonne ann\u00e9e\u00a0! Cette fois-ci, c\u2019est la bonne. Tous les renseignements co\u00efncident, les c\u00e9lestes et les terrestres. Nous exprimerons sous le ciel bleu la libert\u00e9 que nous n\u2019avons jamais cess\u00e9 de porter dans nos &hellip; <a href=\"https:\/\/monperejeanmamy.fr\/?page_id=2509\">Continuer la lecture <span class=\"meta-nav\">&rarr;<\/span><\/a><\/p>\n","protected":false},"author":2,"featured_media":11,"parent":0,"menu_order":0,"comment_status":"closed","ping_status":"closed","template":"","meta":[],"folder":[],"_links":{"self":[{"href":"https:\/\/monperejeanmamy.fr\/index.php?rest_route=\/wp\/v2\/pages\/2509"}],"collection":[{"href":"https:\/\/monperejeanmamy.fr\/index.php?rest_route=\/wp\/v2\/pages"}],"about":[{"href":"https:\/\/monperejeanmamy.fr\/index.php?rest_route=\/wp\/v2\/types\/page"}],"author":[{"embeddable":true,"href":"https:\/\/monperejeanmamy.fr\/index.php?rest_route=\/wp\/v2\/users\/2"}],"replies":[{"embeddable":true,"href":"https:\/\/monperejeanmamy.fr\/index.php?rest_route=%2Fwp%2Fv2%2Fcomments&post=2509"}],"version-history":[{"count":3,"href":"https:\/\/monperejeanmamy.fr\/index.php?rest_route=\/wp\/v2\/pages\/2509\/revisions"}],"predecessor-version":[{"id":2521,"href":"https:\/\/monperejeanmamy.fr\/index.php?rest_route=\/wp\/v2\/pages\/2509\/revisions\/2521"}],"wp:featuredmedia":[{"embeddable":true,"href":"https:\/\/monperejeanmamy.fr\/index.php?rest_route=\/wp\/v2\/media\/11"}],"wp:attachment":[{"href":"https:\/\/monperejeanmamy.fr\/index.php?rest_route=%2Fwp%2Fv2%2Fmedia&parent=2509"}],"wp:term":[{"taxonomy":"folder","embeddable":true,"href":"https:\/\/monperejeanmamy.fr\/index.php?rest_route=%2Fwp%2Fv2%2Ffolder&post=2509"}],"curies":[{"name":"wp","href":"https:\/\/api.w.org\/{rel}","templated":true}]}}