{"id":2534,"date":"2021-04-27T15:50:43","date_gmt":"2021-04-27T13:50:43","guid":{"rendered":"http:\/\/monperejeanmamy.fr\/?page_id=2534"},"modified":"2024-01-22T17:48:07","modified_gmt":"2024-01-22T16:48:07","slug":"jm-a-jr-fresnes-48-01-26","status":"publish","type":"page","link":"https:\/\/monperejeanmamy.fr\/?page_id=2534","title":{"rendered":"JM \u00e0 JR (Fresnes 48\/01\/26)"},"content":{"rendered":"<p><strong>\u00a0<\/strong><a href=\"http:\/\/monperejeanmamy.fr\/?page_id=2530\"><img loading=\"lazy\" class=\"wp-image-1352 alignleft\" src=\"http:\/\/monperejeanmamy.fr\/wp-content\/uploads\/2021\/03\/Lettre-precedente.jpg\" alt=\"\" width=\"143\" height=\"78\" \/><\/a><a href=\"http:\/\/monperejeanmamy.fr\/?page_id=2539\"><img loading=\"lazy\" class=\"alignright wp-image-1353\" src=\"http:\/\/monperejeanmamy.fr\/wp-content\/uploads\/2021\/03\/Lettre-suivante.jpg\" alt=\"\" width=\"139\" height=\"76\" \/><\/a><\/p>\n<p style=\"text-align: center;\"><strong>Lundi 26 janvier 1948<br \/>\n<\/strong><\/p>\n<p style=\"text-align: center;\">Ma petite fille ch\u00e9rie,<\/p>\n<p style=\"text-align: justify;\">Aujourd\u2019hui, j\u2019\u00e9crirai plus gros. Non point que je n\u2019ai pas beaucoup \u00e0 dire, mais mon travail est sur ma table, et je crains de ne pouvoir terminer ma lettre avant le ramassage du courrier. Ce que c\u2019est que de ne pas penser \u00e0 toi le dimanche, ni le samedi, ni le vendredi, ni jamais. Peut-on penser \u00e0 quelqu\u2019un qui n\u2019\u00e9crit jamais\u00a0? Et qui n\u2019a plus rien \u00e0 me dire\u00a0? M\u2019as-tu vraiment tout dit\u00a0? Je crois qu\u2019il doit y avoir des r\u00e9serves quelque part. Quand le c\u0153ur parle, il est prolixe.<\/p>\n<p style=\"text-align: justify;\">J\u2019ai commenc\u00e9 un nouveau travail dans quoi je suis tout plein lanc\u00e9. Et voil\u00e0 pour deux mois. Il faut bien d\u00e9vider tout ce qui dort dans cette t\u00eate bourr\u00e9e de choses nombreuses. Savoir si ce sont tr\u00e9sors ou jouets de bazar. On ne peut pas savoir ce que contient une mentalit\u00e9 avant qu\u2019elle le crache. \u00c9crire, c\u2019est se v\u00e9rifier.<\/p>\n<p style=\"text-align: justify;\">Le colis\u00a0? Parfait. Plus que parfait. Mes b\u00e9n\u00e9dictions vont vers toi que j\u2019ai entendue venir ce matin \u00e0 petits pas. C\u2019est pourquoi je me suis rendormi jusqu\u2019\u00e0 9 heures tant il me plaisait de prolonger notre conversation. Il me semble que dans ces occasions l\u00e0 tu as beaucoup \u00e0 me dire. J\u2019apprends que le M\u00e9ta a augment\u00e9. Faites provision de pyrog\u00e8ne. J\u2019en br\u00fble pas mal. Je n\u2019ose en demander trop. La vie est si ch\u00e8re que la surcharge que je suis ne doit pas peser encore. J\u2019esp\u00e8re que bient\u00f4t tout cela va finir. Il est temps. Cette situation est ridicule. Elle ne peut se prolonger outre mesure sans d\u00e9g\u00e2ts pour ses auteurs. Il y a des r\u00e9volutions rat\u00e9es qu\u2019il faut liquider rapidement.<\/p>\n<p style=\"text-align: justify;\">J\u2019esp\u00e8re que les gens intelligents commencent \u00e0 comprendre les fautes commises. Quand je dis j\u2019esp\u00e8re, je mens. Au fond, je suis persuad\u00e9 du contraire. Je crois que tout le monde s\u2019en fout. Que chacun ne pense qu\u2019\u00e0 son bifteck. Et que s\u2019il n\u2019y avait pas de femmes exquises et d\u00e9vou\u00e9es qui s\u2019int\u00e9ressent personnellement aux gens que nous sommes, la sarabande avin\u00e9e, la mascarade d\u00e9mocrate et sanglante, continuerait ind\u00e9finiment sous le drapeau sacr\u00e9 de la d\u00e9fense de la personne humaine. Car c\u2019est l\u00e0 le plus vil et le plus tragi-comique de l\u2019histoire. De m\u00eame qu\u2019en 93 on tuait au nom de la libert\u00e9, de m\u00eame aujourd\u2019hui on pi\u00e9tine des milliers, voire des millions, de gens au nom des m\u00eames grands principes par quoi on pr\u00e9tend sauver l\u2019humanit\u00e9. Il n\u2019y a rien de pire que l\u2019id\u00e9alisme. N\u2019oublions jamais que la R\u00e9volution Fran\u00e7aise a \u00e9t\u00e9 faite par des gens qui ont commenc\u00e9 par voter l\u2019abolition de la peine de mort.<\/p>\n<p style=\"text-align: justify;\">Pour moi, ma Bible et tes lettres me suffisent. Heureusement que j\u2019ai la Bible, sinon je n\u2019aurai pas de quoi lire.<\/p>\n<p style=\"text-align: justify;\">Les \u0153illets sont magnifiques. Il y a un bouquin qui vient de paraitre en Am\u00e9rique sur les relations germano-sovi\u00e9tiques de 1939 \u00e0 1941 et le plan commun Hitler-Staline (je te d\u00e9fends d\u2019acheter le livre car je ne veux pas que tu d\u00e9penses davantage d\u2019argent). Veux-tu bien 1\u00b0\/ te renseigner si la traduction en est faite, 2\u00b0\/ Auquel cas tu le feras acheter par ma m\u00e8re ou par Philibert <a href=\"#_ftn1\" name=\"_ftnref1\">[1]<\/a>, mais en aucun cas par toi, non que je refuse les cadeaux, mais tu as d\u00e9j\u00e0 assez de charges. Le bouquin m\u2019int\u00e9resse passionn\u00e9ment. S\u2019il est traduit. Je le souhaite. Donc r\u00e9ponds-moi et j\u2019\u00e9crirai \u00e0 ma m\u00e8re qu\u2019elle l\u2019ach\u00e8te.<\/p>\n<p style=\"text-align: justify;\">Les \u0153illets sont \u00e9mouvants. Je les ai piqu\u00e9s dans tout le feuillage qui me restait, nonobstant l\u2019\u00e9chafaudage composite qui reste en place avec les an\u00e9mones de la semaine derni\u00e8re. Il y en a m\u00eame de l\u2019autre quinzaine et j\u2019ai jet\u00e9 ce matin une marguerite qui avait plus d\u2019un mois. Tu vois le cas que l\u2019on fait de tes fleurs. J\u2019aime autant le feuillage que les fleurs elles-m\u00eames. Il y a tant de vie dans ces nervures, ces foug\u00e8res, ces vernis. Je me sentirai meilleur si j\u2019\u00e9tais asparagus. Quelles pr\u00e9cisions dans ces branchages qui sont construits comme des cristaux. C\u2019est de la neige verte, grossie mille fois. Il y a l\u00e0 aussi un peu du secret de la vie.<\/p>\n<p style=\"text-align: justify;\">Lu <em>Apocalypse<\/em> de Lawrence <a href=\"#_ftn2\" name=\"_ftnref2\">[2]<\/a>. 4 pages intelligentes. Le reste du r\u00e9sidu haut ma\u00e7onnique, Chevalier Radosh anglais. Lu trois bouquins sure les guerres de Vend\u00e9e. Trouv\u00e9 beaucoup d\u2019anecdotes pittoresques. Suis toujours plong\u00e9 dans \u00e9tudes r\u00e9volutionnaires.. Il y a heureusement quelques documents \u00e0 la biblioth\u00e8que. Mais il faudrait l\u2019autre, la Nationale. Si nous restons encore quelques ann\u00e9es ici, il faut nous approvisionner mieux (je suis toujours persuad\u00e9 que nous sortirons cette ann\u00e9e).<\/p>\n<p style=\"text-align: justify;\">Au fond, on est b\u00eate de se tracasser. Ne suis-je pas plus libre ici que beaucoup au dehors qui sont dans les chaines de l\u2019ignorance. Et cette \u00e9preuve aura \u00e9t\u00e9 si b\u00e9n\u00e9fique. Je ne saurai trop en remercier le ciel. Si je n\u2019avais subi ce que par quoi je suis d\u00e9j\u00e0 pass\u00e9, sans pr\u00e9juger de l\u2019avenir, je n\u2019aurai pas tant de go\u00fbt pour la puret\u00e9. Entre l\u2019individu d\u2019hier, pauvre image falote, pr\u00eate \u00e0 toutes les suggestions des puissances du jour, et le patient d\u2019aujourd\u2019hui, blind\u00e9 mais souple, silencieux, d\u00e9termin\u00e9 au supr\u00eame ouvrage, ne craignant plus, d\u00e9livr\u00e9 de toutes limites, il y a un abime franchi.<\/p>\n<p style=\"text-align: justify;\">J\u2019ai encore quelques heures \u00e0 patienter. Je t\u2019embrasse donc jusqu\u2019\u00e0 tout \u00e0 l\u2019heure et j\u2019\u00e9crirai plus fin.<\/p>\n<h1 style=\"text-align: justify;\"><u>21 h<\/u>.<\/h1>\n<p style=\"text-align: justify;\">Bonsoir fille, douce et attentive. Aux grands yeux violets, non gris, non marrons. Ils sont grands, et beaux. Le Fr\u00e9d\u00e9ric a les m\u00eames yeux. Comme il \u00e9tait timide pour venir m\u2019embrasser. Et gentil. Il m\u2019a l\u2019air tr\u00e8s d\u00e9li\u00e9. Pas du tout g\u00ean\u00e9 dans les entournures. Petite frimousse d\u00e9j\u00e0 volontaire. Comme sa m\u00e8re. Pas vrai\u00a0? Un peu t\u00eatue, la Jeannette. Heureusement. T\u00eatue dans le travail, t\u00eatue dans l\u2019amour. T\u00eatue dans le silence. Si tu savais les mots qui dorment en toi et qui te reprocheront un jour de ne pas les avoir r\u00e9veill\u00e9s plus t\u00f4t. Car ils sont impatients de vivre, de voler vers ceux pour qui ils sont destin\u00e9s. Au lieu de les entasser dans ta caverne Ali Baba, tu pourrais me les envoyer de temps en temps par la poste, ces mots dont tu gr\u00e8ves peut-\u00eatre toi-m\u00eame l\u2019immense valeur et qu\u2019il suffit d\u2019accoupler, d\u2019assembler, de chevaucher pour qu\u2019ils soient pr\u00eats\u00a0 \u00e0 monter dans le ciel de l\u2019aventure. Les mots sont comme la mati\u00e8re. On les sculpte pour y mettre le feu du ciel qui \u00e9branle toute la machine. Envoie-moi un avion de mots, une lettre \u00e0 r\u00e9action, ultra rapide, d\u00e9passant la vitesse du son de sorte que je n\u2019entendrai le bruissement vif des rythmes et des images qu\u2019apr\u00e8s son arriv\u00e9e et sa lecture, si apr\u00e8s qu\u2019on est forc\u00e9 de la relire et d\u2019en rechercher l\u2019\u00e2me en tous coins de l\u2019horizon.<\/p>\n<p style=\"text-align: justify;\">Vu annonce de d\u00e9valuation. Le gouvernement a l\u2019air en difficult\u00e9. On pr\u00e9voit la crise. Esp\u00e9rons que nos vicissitudes se termineront avec sa chute. Patience\u00a0! Encore quelques jours.<\/p>\n<p style=\"text-align: justify;\">Je t\u2019embrasse. Je ne devrais pas. Mais au fond puisque cela nous fait plaisir \u00e0 tous les deux. Si tu veux, je m\u2019\u00e9crirai les lettres que tu penses pour moi. Gros, gros b.<\/p>\n<p style=\"text-align: justify;\">J.<\/p>\n<p style=\"text-align: justify;\"><a href=\"#_ftnref1\" name=\"_ftn1\">[1]<\/a> Philibert G\u00e9raud (note de FGR)<br \/>\n<a href=\"#_ftnref2\" name=\"_ftn2\">[2]<\/a> D.H. Lawrence, <em>Apocalypse<\/em>. Publi\u00e9 en 1932, soit deux ans apr\u00e8s sa mort, Apocalypse fait partie des derniers \u00e9crits de David Herbert Lawrence (1885-1930), et rassemble nombre de pr\u00e9occupations de son auteur. Livre nietzsch\u00e9en \u00e0 beaucoup d\u00b4\u00e9gards. R\u00e9\u00e9valuation en profondeur et sans concession de la religion chr\u00e9tienne et surtout de sa d\u00e9gradation historique \u2014 le dernier livre de la Bible \u00e9tant le point culminant de cette d\u00e9gradation pour Lawrence \u2014, ce texte pol\u00e9mique est autant tourn\u00e9 vers le pass\u00e9 que vers l\u00b4avenir, et t\u00e2che de r\u00e9veiller le paganisme encore latent dans l\u00b4<em>Apocalypse<\/em>. (note de FGR)<\/p>\n","protected":false},"excerpt":{"rendered":"<p>\u00a0 Lundi 26 janvier 1948 Ma petite fille ch\u00e9rie, Aujourd\u2019hui, j\u2019\u00e9crirai plus gros. Non point que je n\u2019ai pas beaucoup \u00e0 dire, mais mon travail est sur ma table, et je crains de ne pouvoir terminer ma lettre avant le &hellip; <a href=\"https:\/\/monperejeanmamy.fr\/?page_id=2534\">Continuer la lecture <span class=\"meta-nav\">&rarr;<\/span><\/a><\/p>\n","protected":false},"author":2,"featured_media":11,"parent":0,"menu_order":0,"comment_status":"closed","ping_status":"closed","template":"","meta":[],"folder":[],"_links":{"self":[{"href":"https:\/\/monperejeanmamy.fr\/index.php?rest_route=\/wp\/v2\/pages\/2534"}],"collection":[{"href":"https:\/\/monperejeanmamy.fr\/index.php?rest_route=\/wp\/v2\/pages"}],"about":[{"href":"https:\/\/monperejeanmamy.fr\/index.php?rest_route=\/wp\/v2\/types\/page"}],"author":[{"embeddable":true,"href":"https:\/\/monperejeanmamy.fr\/index.php?rest_route=\/wp\/v2\/users\/2"}],"replies":[{"embeddable":true,"href":"https:\/\/monperejeanmamy.fr\/index.php?rest_route=%2Fwp%2Fv2%2Fcomments&post=2534"}],"version-history":[{"count":4,"href":"https:\/\/monperejeanmamy.fr\/index.php?rest_route=\/wp\/v2\/pages\/2534\/revisions"}],"predecessor-version":[{"id":3263,"href":"https:\/\/monperejeanmamy.fr\/index.php?rest_route=\/wp\/v2\/pages\/2534\/revisions\/3263"}],"wp:featuredmedia":[{"embeddable":true,"href":"https:\/\/monperejeanmamy.fr\/index.php?rest_route=\/wp\/v2\/media\/11"}],"wp:attachment":[{"href":"https:\/\/monperejeanmamy.fr\/index.php?rest_route=%2Fwp%2Fv2%2Fmedia&parent=2534"}],"wp:term":[{"taxonomy":"folder","embeddable":true,"href":"https:\/\/monperejeanmamy.fr\/index.php?rest_route=%2Fwp%2Fv2%2Ffolder&post=2534"}],"curies":[{"name":"wp","href":"https:\/\/api.w.org\/{rel}","templated":true}]}}