{"id":2563,"date":"2021-04-29T16:07:19","date_gmt":"2021-04-29T14:07:19","guid":{"rendered":"http:\/\/monperejeanmamy.fr\/?page_id=2563"},"modified":"2024-01-22T18:17:47","modified_gmt":"2024-01-22T17:17:47","slug":"jm-a-jr-fresnes-48-03-07","status":"publish","type":"page","link":"https:\/\/monperejeanmamy.fr\/?page_id=2563","title":{"rendered":"JM \u00e0 JR (Fresnes 48\/03\/07)"},"content":{"rendered":"<p><strong>\u00a0<\/strong><a href=\"http:\/\/monperejeanmamy.fr\/?page_id=2559\"><img loading=\"lazy\" class=\"wp-image-1352 alignleft\" src=\"http:\/\/monperejeanmamy.fr\/wp-content\/uploads\/2021\/03\/Lettre-precedente.jpg\" alt=\"\" width=\"143\" height=\"78\" \/><\/a><a href=\"http:\/\/monperejeanmamy.fr\/?page_id=2568\"><img loading=\"lazy\" class=\"alignright wp-image-1353\" src=\"http:\/\/monperejeanmamy.fr\/wp-content\/uploads\/2021\/03\/Lettre-suivante.jpg\" alt=\"\" width=\"139\" height=\"76\" \/><\/a><\/p>\n<p style=\"text-align: center;\"><strong>Dimanche 7 <\/strong><strong>mars<\/strong><strong> 1948<br \/>\n<\/strong><\/p>\n<p style=\"text-align: center;\">Ma ch\u00e9rie,<\/p>\n<p style=\"text-align: justify;\">Fait nuit. Lumi\u00e8re \u00e9teinte. Donc bougie. Travaille comme n\u00e8gre depuis tout \u00e0 l\u2019heure. Trois bouquins d\u00e9pouill\u00e9s sur les vingt qui sont sur ma table, pour chercher trois phrases parmi faits historiques. Gros d\u00e9pe\u00e7age documents. Ai travaill\u00e9 un peu mon dossier\u00a0! Quelle id\u00e9e\u00a0! Pour quoi faire\u00a0?<\/p>\n<p style=\"text-align: justify;\">Pas lettre de toi de toute cette semaine. Tr\u00e8s m\u00e9chant oubli. Aurai demain sans doute. Pas d\u2019imagination, Jeannette\u00a0? Rien \u00e0 dire\u00a0? Au contraire. Tout \u00e0 dire. Mais oubli\u00e9.<\/p>\n<p style=\"text-align: justify;\">Toutes les fleurs sont tous p\u00e9tales dehors. Fait temps printemps. Douceur. Grande douceur. T\u2019aime beaucoup. Pense \u00e0 toi. Tendresse.<\/p>\n<p style=\"text-align: justify;\">As-tu vu m\u00e8re\u00a0? Donne nouvelles. La crois un peu fatigu\u00e9e. Doit se tourmenter. Pourquoi\u00a0? Tout va tr\u00e8s bien. Quel calme. Jamais \u00e9t\u00e9 aussi tranquille. Pens\u00e9e pure. Limpide. Confiance absolue. Suis toute joie. Sens toutes sortes bonnes choses.<\/p>\n<p style=\"text-align: justify;\">Sommeil. Vais me coucher dans peau de mouton. C\u00f4t\u00e9 de toi. M\u00eame oreiller pour deux t\u00eates. Te parlerai \u00e0 l\u2019oreille. Sage. Patience. Beaucoup patience. R\u00e9compense certaine. Engraisseras beaucoup. Deviendras grosse fermi\u00e8re. Beaucoup d\u2019avenir dans \u00e9levage. Beaux cochons. Couv\u00e9e.<\/p>\n<p style=\"text-align: justify;\">En attendant beaux r\u00eaves. T\u2019embrasse. Un, deux, trois, cinq, dix mille fois. A demain matin. Tu es l\u2019amour lui-m\u00eame, l\u2019ange bleu. Toute lumi\u00e8re.<\/p>\n<h1 style=\"text-align: justify;\"><u>Lundi midi<\/u>.<\/h1>\n<p style=\"text-align: justify;\">Deux lettres de toi, arriv\u00e9es ensemble. Quel cadeau\u00a0! Je lis, relis, devine, imagine, t\u00e2te le papier, hume l\u2019enveloppe, regarde \u00e0 l\u2019envers, examine l\u2019\u00e9criture, vois d\u00e9filer des images, d\u2019hier, de demain, pince les l\u00e8vres, fronce le nez, prends les quatre pages, les tourne et retourne, me replonge dans les d\u00e9tails, mille antennes pour vous, madame, mille radars, et je deviens si distrait que j\u2019en allais tremper ma plume dans mon caf\u00e9.<\/p>\n<p style=\"text-align: justify;\">Tu as raison\u00a0: c\u2019est le Girard qui est la cause de la courte lettre de l\u2019autre jour. Int\u00e9ressant et m\u00e9chant Girard.<\/p>\n<p style=\"text-align: justify;\">Je n\u2019ai plus de papier \u00e0 lettre convenable. Avis. Quelques feuilles seulement. Pour les quelques semaines qui nous restent \u00e0 demeurer en ces lieux.<\/p>\n<p style=\"text-align: justify;\">Le colis est parfait. Les \u00ab\u00a0fraisiers\u00a0\u00bb sont tr\u00e8s jolis. Ma deuxi\u00e8me jacinthe s\u2019ouvre. Elle est mauve. L\u2019autre est lie de vin. Resplendissante.<\/p>\n<p style=\"text-align: justify;\">Nous attendons tous les d\u00e9tails du discours. Les bruits courent ici. On sent vraiment la volont\u00e9 d\u2019un changement. Parce que n\u00e9cessit\u00e9. Il nous semble que tout va se d\u00e9cider bient\u00f4t. Les meilleures esp\u00e9rances. Enfin on va pouvoir travailler avec plus d\u2019efficacit\u00e9. Il nous faut reprendre tout ce que nous avons perdu et plus encore. (tout, c&rsquo;est-\u00e0-dire la puissance, l\u2019efficience, l\u2019autorit\u00e9 et ce qui s\u2019ensuit).<\/p>\n<p style=\"text-align: justify;\">Pour Th\u00e9mis, je ne suis pas d\u2019accord avec les nouvelles que tu me donnes. D\u2019apr\u00e8s Flo. il parait que le juge est d\u00e9j\u00e0 d\u00e9sign\u00e9. Il m\u2019en a donn\u00e9 le nom. Se trompe-t-il\u00a0? D\u2019autre part il ne s\u2019agit pas de la note Clamart mais d\u2019une liste fournie par un avocat. Vois Flo. pour cela. Et renseigne-toi. Tu as raison, il faut gagner les vacances. Je pense m\u00eame que tout cela sera fini avant.<\/p>\n<p style=\"text-align: justify;\">A tout \u00e0 l\u2019heure. A la nuit. On est plus tranquille pour se raconter des histoires tranquilles. Bonne journ\u00e9e.<\/p>\n<h1 style=\"text-align: justify;\">20 heures.<\/h1>\n<p style=\"text-align: justify;\">Et bien ! Le discours est excellent. Du P\u00e9tain en tous points. Une sorte de n\u00e9ofascisme d\u00e9sesp\u00e9r\u00e9 qui, lorsque tout est foutu, essaie de revivre sur les ruines&gt;. On a l\u2019impression d\u2019un sauveteur qui fait force efforts pour ramener sur la berge ceux qu\u2019il a pouss\u00e9 \u00e0 l\u2019eau. L\u2019histoire mettra tout au point. Les noy\u00e9s aussi.<\/p>\n<p style=\"text-align: justify;\">Mais la situation parait plus grave que ne le disent les mots. Pour en venir l\u00e0, il faut que le p\u00e9ril soit extr\u00eame. On s\u2019en doutait, nous autres, qui avons les yeux grand-ouverts depuis longtemps. Il n\u2019y a que les gogos qui l\u2019ignoraient. Quel dommage qu\u2019on n\u2019arrange pas les choses avec des discours.<\/p>\n<p style=\"text-align: justify;\">Nous discutions tout \u00e0 l\u2019heure sur les possibilit\u00e9s de travail en Argentine. Je crois que ces pays neufs sont ouverts aux pionniers. On peut y b\u00e2tir l\u00e0-bas avec plus de s\u00e9curit\u00e9 que dans les remous de foules europ\u00e9ens. Car l\u2019Europe est devenue vraiment une cohue. On y \u00e9touffe. A voir la carte, on s\u2019aper\u00e7oit que la densit\u00e9 de population est \u00e0 l\u2019inverse de la puissance des peuples. 250 millions d\u2019Europ\u00e9ens sont battus parce qu\u2019ils n\u2019ont pas assez de place et de mati\u00e8res premi\u00e8res par d\u2019autres gens mieux munis. Nous irons nous mettre \u00e0 l\u2019abri, loin du \u00ab\u00a0no man\u2019s land\u00a0\u00bb. D\u00e9fendre ses traditions, c\u2019est les emporter avec soi. Le sol ne vaut que ce que vaut le peuple. Ceux qui ont b\u00e2ti le Panth\u00e9on sont morts. Ainsi de Karnak. Ainsi de Chartres et Bourges. Et de Chambord. Et de Versailles. Le monde est enserr\u00e9 entre Moscou et Chicago.\u00a0 Tueurs pour tueurs. On cherche un coin o\u00f9 abriter son \u00e2me. C\u2019est peut-\u00eatre bien en prison. Si tu savais comme ma cellule est pleine de vie. C\u2019est un torrent d\u2019anges qui d\u00e9file sans cesse, un fleuve d\u2019or, un prodigieux paradis. De joie en joie. Je n\u2019aurais jamais \u00e9t\u00e9 aussi heureux. Parce que r\u00e9prouv\u00e9 du monde. Parce que lib\u00e9r\u00e9 de toute mondanit\u00e9. Parce qu\u2019accul\u00e9 \u00e0 l\u2019Esprit. Il fait bon porter sa croix. C\u2019est une dignit\u00e9 qui attend tout homme au moment de l\u2019\u00e9preuve. Nos calvaires sont glorieux.<\/p>\n<p style=\"text-align: justify;\">Tu te r\u00e9jouis petite fille des lenteurs de Th\u00e9mis et tu fais des plans. Je me r\u00e9jouis de ce que tu sois calme, ob\u00e9issante, et que tu ne regardes que le pr\u00e9sent. Car il est d\u2019une pl\u00e9nitude absolu. Il faut t\u2019habituer \u00e0 vivre un bonheur ind\u00e9pendant des circonstances et des pr\u00e9sences humaines. Notre t\u00e2che n\u2019est point de d\u00e9sirer mais de donner. C\u2019est nous qui transportons le ciel sur nos \u00e9paules, qui v\u00e9hiculons l\u2019Amour, qui distribuons la Sagesse. Nous sommes donc si pleins de gratitude pour les merveilles que nous recevons \u00e0 chaque minute que notre horizon s\u2019\u00e9largit encore davantage, que nos forces sont multipli\u00e9es, que tous nos dons sont b\u00e9nis \u00e0 foison. Si tu veux vivre avec moi comme il se doit, il faut t\u2019habituer \u00e0 cette pens\u00e9e continuellement en \u00e9veil vers la vie pure et g\u00e9n\u00e9reuse, enfant du ciel. Et ouvrir les livres sacr\u00e9s. Et m\u00e9diter sur la Parole. Et accomplir des \u0153uvres. Et r\u00e9pandre autour de soi les bienfaits. Et respirer la bont\u00e9, l\u2019altruisme, la perfection immat\u00e9rielle. Et rompre avec l\u2019Adam, sa propre nature charnelle. Et \u00e9pouser l\u2019id\u00e9e juste, la lumi\u00e8re permanente, l\u2019esprit ensoleill\u00e9. Et attendre dans le silence la R\u00e9v\u00e9lation continue\u2026<\/p>\n<p style=\"text-align: justify;\">Tu as toutes choses dans tes mains d\u00e8s maintenant. R\u00e9veille-toi \u00e0 l\u2019aujourd\u2019hui qui brille. Demain ne sera pas plus beau.<\/p>\n<h1 style=\"text-align: justify;\"><span style=\"text-decoration: underline;\">22h<\/span>.<\/h1>\n<p style=\"text-align: justify;\">Bonsoir, fillette. Il y a une vieille chanson de Ted Lewis, valse am\u00e9ricaine que la radio r\u00e9p\u00e8te sans cesse, \u00ab\u00a0<em>Good Night\u00a0<\/em>\u00bb, et qui revient souvent dans mes oreilles priv\u00e9es de concert (je me joue \u00e0 moi-m\u00eame des symphonies extraordinaires \u2013ce qu\u2019on peut faire avec une bouche ferm\u00e9e et deux poings sur la table). Ted Lewis ! Je l\u2019ai vu \u00e0 l\u2019Apollo une fois vers\u2026 1925 peut-\u00eatre. Soir\u00e9e merveilleuse. Vieux souvenirs. J\u2019\u00e9tais \u00e0 l\u2019Atelier. Un soir o\u00f9 je ne jouais pas. On me conduisit vers le chanteur c\u00e9l\u00e8bre. Il \u00e9tait ind\u00e9passable pour ces sortes de romances banales, mais si riches d\u2019\u00e9motions. <em>Good night, my love\u00a0! Good night, darling<\/em>. Je vous embrasse le bout des doigts, le front sage, les cheveux aim\u00e9s. Et j\u2019embrasse le Fr\u00e9d\u00e9ric, gar\u00e7on qui sera l\u2019homme le plus parfait de sa g\u00e9n\u00e9ration. On vous aime, madame, parce que vous \u00eates vous\u00a0!<\/p>\n<p style=\"text-align: justify;\">J.<\/p>\n","protected":false},"excerpt":{"rendered":"<p>\u00a0 Dimanche 7 mars 1948 Ma ch\u00e9rie, Fait nuit. Lumi\u00e8re \u00e9teinte. Donc bougie. Travaille comme n\u00e8gre depuis tout \u00e0 l\u2019heure. Trois bouquins d\u00e9pouill\u00e9s sur les vingt qui sont sur ma table, pour chercher trois phrases parmi faits historiques. Gros d\u00e9pe\u00e7age &hellip; <a href=\"https:\/\/monperejeanmamy.fr\/?page_id=2563\">Continuer la lecture <span class=\"meta-nav\">&rarr;<\/span><\/a><\/p>\n","protected":false},"author":2,"featured_media":11,"parent":0,"menu_order":0,"comment_status":"closed","ping_status":"closed","template":"","meta":[],"folder":[],"_links":{"self":[{"href":"https:\/\/monperejeanmamy.fr\/index.php?rest_route=\/wp\/v2\/pages\/2563"}],"collection":[{"href":"https:\/\/monperejeanmamy.fr\/index.php?rest_route=\/wp\/v2\/pages"}],"about":[{"href":"https:\/\/monperejeanmamy.fr\/index.php?rest_route=\/wp\/v2\/types\/page"}],"author":[{"embeddable":true,"href":"https:\/\/monperejeanmamy.fr\/index.php?rest_route=\/wp\/v2\/users\/2"}],"replies":[{"embeddable":true,"href":"https:\/\/monperejeanmamy.fr\/index.php?rest_route=%2Fwp%2Fv2%2Fcomments&post=2563"}],"version-history":[{"count":4,"href":"https:\/\/monperejeanmamy.fr\/index.php?rest_route=\/wp\/v2\/pages\/2563\/revisions"}],"predecessor-version":[{"id":3268,"href":"https:\/\/monperejeanmamy.fr\/index.php?rest_route=\/wp\/v2\/pages\/2563\/revisions\/3268"}],"wp:featuredmedia":[{"embeddable":true,"href":"https:\/\/monperejeanmamy.fr\/index.php?rest_route=\/wp\/v2\/media\/11"}],"wp:attachment":[{"href":"https:\/\/monperejeanmamy.fr\/index.php?rest_route=%2Fwp%2Fv2%2Fmedia&parent=2563"}],"wp:term":[{"taxonomy":"folder","embeddable":true,"href":"https:\/\/monperejeanmamy.fr\/index.php?rest_route=%2Fwp%2Fv2%2Ffolder&post=2563"}],"curies":[{"name":"wp","href":"https:\/\/api.w.org\/{rel}","templated":true}]}}