{"id":2595,"date":"2021-05-13T10:11:44","date_gmt":"2021-05-13T08:11:44","guid":{"rendered":"http:\/\/monperejeanmamy.fr\/?page_id=2595"},"modified":"2024-01-22T18:32:59","modified_gmt":"2024-01-22T17:32:59","slug":"jm-a-jr-fresnes-48-03-28-2","status":"publish","type":"page","link":"https:\/\/monperejeanmamy.fr\/?page_id=2595","title":{"rendered":"JM \u00e0 JR (Fresnes 48\/04\/04)"},"content":{"rendered":"<p><strong>\u00a0<\/strong><a href=\"http:\/\/monperejeanmamy.fr\/?page_id=2581\"><img loading=\"lazy\" class=\"wp-image-1352 alignleft\" src=\"http:\/\/monperejeanmamy.fr\/wp-content\/uploads\/2021\/03\/Lettre-precedente.jpg\" alt=\"\" width=\"143\" height=\"78\" \/><\/a><a href=\"http:\/\/monperejeanmamy.fr\/?page_id=2600\"><img loading=\"lazy\" class=\"alignright wp-image-1353\" src=\"http:\/\/monperejeanmamy.fr\/wp-content\/uploads\/2021\/03\/Lettre-suivante.jpg\" alt=\"\" width=\"139\" height=\"76\" \/><\/a><\/p>\n<p style=\"text-align: center;\"><strong>Dimanche 4 avril<\/strong><strong> 1948<br \/>\n<\/strong><\/p>\n<p style=\"text-align: center;\">Ma petite fille ch\u00e9rie,<\/p>\n<p style=\"text-align: justify;\">Alors, tu ne crois pas que je vais d\u00e9barquer un jour sans crier gare dans ton home situ\u00e9 sur le boulevard encyclop\u00e9diste\u00a0? A-t-on id\u00e9e de se nicher ainsi chez le pire des ath\u00e9es, franc-ma\u00e7on, grand illumin\u00e9 du XVIII<sup>\u00e8me<\/sup> si\u00e8cle, p\u00e8re de toutes les erreurs modernes\u00a0! Passe encore pour le <em>Paradoxe<\/em> qui ne touche que les gens de th\u00e9\u00e2tre, mais les autres ouvrages si mauvais, cette d\u00e9testable <em>Religieuse<\/em>, ce stupide <em>Fils naturel<\/em>. Pour d\u00e9molir quelques pr\u00e9jug\u00e9s, il a pulv\u00e9ris\u00e9 des palais. Hum ! On en conna\u00eet qui ont fait mieux depuis\u2026 Donc, tu n\u2019as pas la foi ! Ou bien pas de pressentiments. Les voil\u00e0 bien les gens d\u00e9sign\u00e9s du doigt moqueur par le proph\u00e8te : ils ont des yeux et ne voient pas, des oreilles et n\u2019entendent point. Et bien, nous te ferons la surprise. Tu en seras quitte pour la confusion.<\/p>\n<p style=\"text-align: justify;\">Chaque fois que je pense \u00e0 toi je regarde mes fleurs. Chaque fois que je regarde mes fleurs\u2026 et m\u00eame sans les regarder, je pense \u00e0 toi d\u00e9licieusement. A travers des prismes. Comme \u00e0 une source, en humant la violette. Je me rappelle tes yeux, certains de tes airs, ton chapeau, tes boucles d\u2019oreilles, un manteau tr\u00e8s large, un air si timide de vous dire \u00ab\u00a0<em>bonjour<\/em>\u00a0\u00bb et si content, dans une moue. n pense \u00e0 toi comme \u00e0 un printemps o\u00f9 il fait ti\u00e8de et nuit. La t\u00eate dans la poitrine, on entend tic-tac. C\u2019est le c\u0153ur, horloge qui bat la campagne. Il est fou de joie. Il sonne minuit tout le temps. Par plaisir. Quel c\u0153ur immense. C\u2019est l\u00e0 o\u00f9 on te distingue sans doute amour. Le c\u0153ur est d\u2019or pur, serti de diamants d\u2019une eau sans reproches. Moineau. Bijou. Il y a des cailloux chantants qui sont br\u00fblants de tendresse.<\/p>\n<p style=\"text-align: justify;\">Alors mon moineau, tu t\u2019inqui\u00e8tes de ma derni\u00e8re sortie\u00a0? Te voici rassur\u00e9e. On ne pr\u00e9cipite point. Je n\u2019ai pas de nouvelles. Surtout ne pas r\u00e9veiller le monsieur qui dort. Il a tout son temps. Pendant son sommeil les \u00e9v\u00e8nements courent et nous arrivons tranquillement dans la p\u00e9riode o\u00f9 les cerveaux vont brinqueballer. Les cerveaux comme les barreaux. Point trop vite s\u2019il vous plait. Nous avons encore de la patience. Il est si bon de vivre la qui\u00e9tude d\u2019une conscience pure.<\/p>\n<p style=\"text-align: justify;\">Je passe mon temps \u00e0 mugir quelques impr\u00e9cations politiques contre des adversaires suppos\u00e9s, puis \u00e0 me calmer \u00e0 haute dose d\u2019infini. Le communisme, les francs-ma\u00e7ons sont pulv\u00e9ris\u00e9s contre mon mur de salp\u00eatre et Dieu appara\u00eet qui efface mes propos d\u2019une \u00e9ponge d\u2019amour. Et voici que la vie recommence dans la po\u00e9sie riche de valeurs surnaturelles. La mer tumultueuse des propos d\u00e9ments s\u2019est mu\u00e9e en lac impassible, impavide, o\u00f9 se refl\u00e8te un soleil br\u00fblant de douceur. A toutes voiles mon navire y trace un sillage de bonheur pendant que les matelots chantent dans les focs et les hunes. C\u2019est ainsi qu\u2019apparaissent aux horizons les plus recul\u00e9s et les plus attendus toutes les Croix du Sud, brillantes de force tandis que les poissons phosphorescents animent les vagues d\u2019une lumi\u00e8re transcendante.<\/p>\n<p style=\"text-align: justify;\">La vie sup\u00e9rieure de l\u2019Esprit est une parole ph\u00e9nom\u00e9nale. On s\u2019y prom\u00e8ne comme dans l\u2019\u00c9den. Point de serpent parleur. Point d\u2019\u00c8ve tentatrice. Point de pomme corruptrice. Le mal n\u2019y a pas cours. On ne saurait go\u00fbter que la saveur d\u2019un \u00e9ternel \u00e9t\u00e9. Voici maintenant le temps de la moisson \u2026! C\u2019est pourquoi ce soir, il fait ti\u00e8de, au son des violons, et que j\u2019ai pris ta taille pour suivre la farandole\u2026<\/p>\n<p style=\"text-align: justify;\">\u2026On se perd en route. Je t\u2019ai quitt\u00e9e cinq minutes. J\u2019ai r\u00eav\u00e9 que je jouais des r\u00f4les\u00a0: le Bourgeois Gentilhomme, le Malade Imaginaire, Scapin, G\u00e9ronte, et m\u00eame \u0152dipe. Et me revoil\u00e0 devant toi. Quel voyage\u00a0! C\u2019est inimaginable ce que je peux faire de trajet dans une journ\u00e9e.<\/p>\n<p style=\"text-align: justify;\">Ainsi, avant-hier, j\u2019\u00e9tais \u00e0 Londres avec <em>le M\u00e9decin de la Citadelle<\/em> (grand roman anglais) et hier jusqu\u2019aujourd\u2019hui midi, je suivais en 1836 un voyage de Boers en Afrique du Sud, avec bataille contre les Zoulous, grand carnage de blancs, ruines et deuils. Tout ceci entrecoup\u00e9 de cultes protestants, de parties de cartes, de discussions politiques, d\u2019articles atomiques, de conversations litt\u00e9raires (nous avons mis au point cet apr\u00e8s-midi toute la litt\u00e9rature moderne), de reconstructions sociales (en un quart d\u2019heure nous avons d\u00e9mont\u00e9 et remont\u00e9 le monde avec Aristote et Montesquieu). Avant de me coucher ce soir je vais sans doute filer en Norv\u00e8ge \u00e0 cheval sur un roman de Sigfrid Humset. Mais entre-temps bien s\u00fbr je reviendrai \u00e0 la J\u00e9rusalem biblique pour prendre quelques forces. Je dois te dire aussi que je m\u2019occupe un peu de la R\u00e9publique de Venise et du Conseil des Dix.<\/p>\n<p style=\"text-align: justify;\">J\u2019ai \u00e9galement eu quelques rapports avec la cuisine.. La soupe \u00e0 l\u2019oignon m\u2019a repos\u00e9 de discussions astrales.<\/p>\n<p style=\"text-align: justify;\">Veux-tu \u00e9crire \u00e0 Phil que je le remercie de sa bonne lettre et que je vais lui r\u00e9pondre. Redonne-moi son adresse au parloir de jeudi.<\/p>\n<p style=\"text-align: justify;\">Car, oui ou zut\u00a0? Tu viens jeudi\u00a0? Je commence \u00e0 en avoir assez des gens qui prennent continuellement ta place. Nous allons proc\u00e9der \u00e0 une \u00e9limination rigoureuse.<\/p>\n<p style=\"text-align: justify;\">Bonsoir fillette. Je vais m\u2019occuper d\u2019un tas de choses urgentes.<\/p>\n<ol>\n<li style=\"text-align: justify;\">Primo : la vaisselle.<\/li>\n<li style=\"text-align: justify;\">Secundo un po\u00e8me en gestation.<\/li>\n<li style=\"text-align: justify;\">Tertio : une lettre d\u2019amour \u00e0 la d\u00e9nomm\u00e9e Marie-Madeleine de <em>l\u2019\u00c9vangile.<\/em><\/li>\n<li style=\"text-align: justify;\">Quatro : quelques r\u00e9flexions personnelles \u00e0 noter.<\/li>\n<li style=\"text-align: justify;\">Cinque : (prononcer \u00ab tchinkou\u00e9 \u00bb : une r\u00e9ussite compliqu\u00e9e \u00e0 104 cartes ?<\/li>\n<li style=\"text-align: justify;\">Sei (dire \u00ab c\u00e9-i \u00bb le d\u00e9pucelage dudit romain.<\/li>\n<li style=\"text-align: justify;\">Sette : un formidable envol dans l\u2019Empyr\u00e9e bien connue des initi\u00e9s.<\/li>\n<li style=\"text-align: justify;\">Otto : le \u00ab plume \u00bb, peau de mouton, petit oreiller, dodo.<\/li>\n<\/ol>\n<p>Ma ch\u00e9rie, tu es l\u2019\u00e2me de ma joie.<\/p>\n<h1 style=\"text-align: justify;\"><span style=\"text-decoration: underline;\">Lundi 20 h<\/span>.<\/h1>\n<p style=\"text-align: justify;\">Bien re\u00e7u colis. Fleurs superbes. Tout parfait et lettre samedi. J\u2019esp\u00e8re que tu as compris que ma sortie de l\u2019autre jeudi n\u2019\u00e9tait pas pour moi mais pour un t\u00e9moignage dans une autre affaire. J\u2019attends toujours avec le sentiment que nous n\u2019aurons plus grand-chose \u00e0 nous dire, mon nouveau juge et moi. Je compte lui d\u00e9crire la beaut\u00e9 particuli\u00e8re des tulipes fris\u00e9es. Nous parlerons aussi de la rotondit\u00e9 relative de la terre et des derni\u00e8res d\u00e9couvertes m\u00e9taphysiques concernant l\u2019essence de Dieu. Je lui signifierai absolument la volont\u00e9 d\u2019en Haut de ne point s\u2019emp\u00eatrer des passions politiques locales et de traiter les probl\u00e8mes d\u2019\u00e9puration par le m\u00e9pris jupit\u00e9rien le plus absolu.<\/p>\n<p style=\"text-align: justify;\">Sur ce fillette je vais me coucher si tu le permets car j\u2019ai depuis tout \u00e0 l\u2019heure un fort mal de t\u00eate qu\u2019il s\u2019agit de chasser sans d\u00e9lai. La peau de mouton va s\u2019y pr\u00eater et aussi le bon bouquin que je suis en train de manger goul\u00fbment, \u00e0 moins que je m\u2019endorme illico, non sans penser que ta t\u00eate est sur mon oreiller.<\/p>\n<p style=\"text-align: justify;\">Crois moi tout bien. J\u2019ai une furieuse envie de jouer avec le Fr\u00e9d\u00e9ric. Attends quelques mois et je me charge de le dresser vite. Mes gros gros baisers. Bonne nuit petite fille. On t\u2019aime.<\/p>\n<p style=\"text-align: justify;\">J.<\/p>\n","protected":false},"excerpt":{"rendered":"<p>\u00a0 Dimanche 4 avril 1948 Ma petite fille ch\u00e9rie, Alors, tu ne crois pas que je vais d\u00e9barquer un jour sans crier gare dans ton home situ\u00e9 sur le boulevard encyclop\u00e9diste\u00a0? A-t-on id\u00e9e de se nicher ainsi chez le pire &hellip; <a href=\"https:\/\/monperejeanmamy.fr\/?page_id=2595\">Continuer la lecture <span class=\"meta-nav\">&rarr;<\/span><\/a><\/p>\n","protected":false},"author":2,"featured_media":11,"parent":0,"menu_order":0,"comment_status":"closed","ping_status":"closed","template":"","meta":[],"folder":[],"_links":{"self":[{"href":"https:\/\/monperejeanmamy.fr\/index.php?rest_route=\/wp\/v2\/pages\/2595"}],"collection":[{"href":"https:\/\/monperejeanmamy.fr\/index.php?rest_route=\/wp\/v2\/pages"}],"about":[{"href":"https:\/\/monperejeanmamy.fr\/index.php?rest_route=\/wp\/v2\/types\/page"}],"author":[{"embeddable":true,"href":"https:\/\/monperejeanmamy.fr\/index.php?rest_route=\/wp\/v2\/users\/2"}],"replies":[{"embeddable":true,"href":"https:\/\/monperejeanmamy.fr\/index.php?rest_route=%2Fwp%2Fv2%2Fcomments&post=2595"}],"version-history":[{"count":5,"href":"https:\/\/monperejeanmamy.fr\/index.php?rest_route=\/wp\/v2\/pages\/2595\/revisions"}],"predecessor-version":[{"id":3271,"href":"https:\/\/monperejeanmamy.fr\/index.php?rest_route=\/wp\/v2\/pages\/2595\/revisions\/3271"}],"wp:featuredmedia":[{"embeddable":true,"href":"https:\/\/monperejeanmamy.fr\/index.php?rest_route=\/wp\/v2\/media\/11"}],"wp:attachment":[{"href":"https:\/\/monperejeanmamy.fr\/index.php?rest_route=%2Fwp%2Fv2%2Fmedia&parent=2595"}],"wp:term":[{"taxonomy":"folder","embeddable":true,"href":"https:\/\/monperejeanmamy.fr\/index.php?rest_route=%2Fwp%2Fv2%2Ffolder&post=2595"}],"curies":[{"name":"wp","href":"https:\/\/api.w.org\/{rel}","templated":true}]}}