{"id":261,"date":"2021-02-18T11:18:40","date_gmt":"2021-02-18T10:18:40","guid":{"rendered":"http:\/\/monperejeanmamy.fr\/?page_id=261"},"modified":"2021-03-07T18:48:32","modified_gmt":"2021-03-07T17:48:32","slug":"le-ciel-daujourdhui","status":"publish","type":"page","link":"https:\/\/monperejeanmamy.fr\/?page_id=261","title":{"rendered":"Le Ciel d&rsquo;aujourd&rsquo;hui"},"content":{"rendered":"<p style=\"text-align: justify;\"><em>Le Ciel d&rsquo;aujourd&rsquo;hui,<\/em> suivi de <em>Extravagances d&rsquo;un autre monde<\/em>, a \u00e9t\u00e9 publi\u00e9 sous le pseudonyme de Jean-Charles-Marie en avril 1940 aux \u00e9ditions du Sagittaire (anciennes \u00e9ditions Kra), fond\u00e9es en 1919 et disparues en 1979<\/p>\n<h1>Premi\u00e8re des 10 strophes d\u2019un po\u00e8me extrait du \u00ab\u00a0<em>Ciel d\u2019aujourd\u2019hui\u00a0\u00bb<\/em>.<\/h1>\n<p style=\"padding-left: 40px;\">\u00c9ternit\u00e9, \u00f4 corde \u00e0 linge<br \/>\nDont l\u2019humain est le lambeau p\u00e2le<br \/>\nLe lambeau meurt, ma corde reste<br \/>\nTendue aux bouts de l\u2019infini<\/p>\n<h1><em>Mariage Bourgeois, <\/em>extrait in extenso de \u00ab <em>Extravagances d\u2019un autre monde<\/em>\u00a0\u00bb.<\/h1>\n<p style=\"padding-left: 40px; text-align: justify;\">\u2014 Psstt\u00a0! Gar\u00e7on\u00a0!<\/p>\n<p style=\"padding-left: 40px; text-align: justify;\"><img loading=\"lazy\" class=\"alignright size-medium wp-image-273\" src=\"http:\/\/monperejeanmamy.fr\/wp-content\/uploads\/2021\/02\/Le-Ciel-d-aujourd-hui-209x300.jpg\" alt=\"\" width=\"209\" height=\"300\" srcset=\"https:\/\/monperejeanmamy.fr\/wp-content\/uploads\/2021\/02\/Le-Ciel-d-aujourd-hui-209x300.jpg 209w, https:\/\/monperejeanmamy.fr\/wp-content\/uploads\/2021\/02\/Le-Ciel-d-aujourd-hui.jpg 680w\" sizes=\"(max-width: 209px) 100vw, 209px\" \/>Ma fianc\u00e9e, je vous prie. Elle est sur un porte-manteau au vestiaire. Voici mon num\u00e9ro. D\u00e9p\u00eachez-vous, je suis press\u00e9\u00a0!<\/p>\n<p style=\"padding-left: 40px; text-align: justify;\">Trois heures moins le quart\u00a0!<\/p>\n<p style=\"padding-left: 40px; text-align: justify;\">Je dois prendre l&rsquo;express de Rome \u00e0 4 heures. Avant, il nous faut passer \u00e0 la mairie, pour les formalit\u00e9s, le contrat, les signatures, le petit discours du bedonnant ceintur\u00e9 de tricolore.<\/p>\n<p style=\"padding-left: 40px; text-align: justify;\">Est-elle brune, blonde ou rousse ? Je l&rsquo;ignore. Je me souviens seulement que j&rsquo;ai inscrit sur mon carnet \u00e0 la date d&rsquo;aujourd&rsquo;hui :<\/p>\n<p style=\"padding-left: 40px; text-align: justify;\">Fian\u00e7ailles\u00a0: 2 heures.<br \/>\nMariage\u00a0: 3 heures.<br \/>\nD\u00e9part\u00a0: 4 heures.<br \/>\nArriv\u00e9e Rome : demain 4 heures.<br \/>\nVisite \u00e0 la ville \u00e9ternelle.<\/p>\n<p style=\"padding-left: 40px; text-align: left;\">R\u00e9flexions. Sensations. Positions. G\u00e9nuflexions. Exasp\u00e9rations. Digestions. Conceptions. Suggestions.<\/p>\n<p style=\"padding-left: 40px; text-align: justify;\">Dispersions\u00a0! Illusions ! D\u00e9sillusions !<br \/>\nPuis Naples.<br \/>\nLa Gr\u00e8ce.<br \/>\nConstantinople.<br \/>\nL&rsquo;\u00c9gypte.<br \/>\nUne photo devant le Sphinx.<br \/>\nDe profondes m\u00e9ditations devant toutes ces curiosit\u00e9s.<\/p>\n<p style=\"padding-left: 40px; text-align: left;\">Ensuite nous rentrons \u00e0 Paris.<br \/>\nLes affaires,<br \/>\nLes enfants en cours.<br \/>\nD\u00e9p\u00eachons-nous.<br \/>\nLes appartements \u00e0 louer,<br \/>\nLes couturiers.<br \/>\nQue d&rsquo;argent d\u00e9pens\u00e9 !<br \/>\n\u00c0 ce moment, j&rsquo;aurai mang\u00e9 sa dot !<br \/>\nMais je me serai fait une situation convenable,<br \/>\nDes tas de relations,<br \/>\nEt j&rsquo;aurai pay\u00e9 mon tailleur.<br \/>\nAlors, nous divorcerons,<br \/>\nBons amis.<br \/>\nEst-elle brune, blonde ou rousse ?<br \/>\nJe me souviens seulement que sa voix est sonore comme celle d&rsquo;un capitaine de gendarmerie,<br \/>\nEt qu&rsquo;elle a un poil dur au menton.<\/p>\n<p style=\"padding-left: 40px; text-align: left;\">Ah ! La voil\u00e0 ! C&rsquo;est elle I<br \/>\nBonjour ch\u00e9rie !<br \/>\nExcusez-moi de vous avoir enferm\u00e9e dans ce vilain vestiaire,<br \/>\nJ&rsquo;avais soif !<br \/>\nPartons pour la mairie.<br \/>\nMontez dans le spider, j&rsquo;ai des manies,<br \/>\nLa place \u00e0 c\u00f4t\u00e9 du chauffeur est r\u00e9serv\u00e9e aux femmes aux cheveux verts.<br \/>\nAvez-vous votre ch\u00e8que ?<br \/>\nMerci !<br \/>\nJe vous ai retenu une malle armoire pour le trajet,<br \/>\nVous y serez fort bien pli\u00e9e en quatre,<br \/>\n\u00c0 moins que vous ne pr\u00e9f\u00e9riez un essieu<br \/>\nComme ce jeune polonais<br \/>\nQui voulait se battre en Espagne<br \/>\nEt voyagea de la sorte \u00e0 travers l&rsquo;Europe sur les roues des wagons.<br \/>\n\u00c0 propos, comment vous appelez-vous ?<br \/>\nMarguerite ! C&rsquo;est laid !<br \/>\nMoi ? Quel est mon pr\u00e9nom ?<br \/>\nJe vous le dirai un jour,<br \/>\nQuand nous aurons l&rsquo;occasion de bavarder un peu ! Un jour de pluie o\u00f9 j&rsquo;aurai le temps.<\/p>\n<p style=\"padding-left: 40px; text-align: justify;\">En route !<\/p>\n<p>&nbsp;<\/p>\n","protected":false},"excerpt":{"rendered":"<p>Le Ciel d&rsquo;aujourd&rsquo;hui, suivi de Extravagances d&rsquo;un autre monde, a \u00e9t\u00e9 publi\u00e9 sous le pseudonyme de Jean-Charles-Marie en avril 1940 aux \u00e9ditions du Sagittaire (anciennes \u00e9ditions Kra), fond\u00e9es en 1919 et disparues en 1979 Premi\u00e8re des 10 strophes d\u2019un po\u00e8me &hellip; <a href=\"https:\/\/monperejeanmamy.fr\/?page_id=261\">Continuer la lecture <span class=\"meta-nav\">&rarr;<\/span><\/a><\/p>\n","protected":false},"author":1,"featured_media":1142,"parent":0,"menu_order":0,"comment_status":"closed","ping_status":"closed","template":"","meta":[],"folder":[],"_links":{"self":[{"href":"https:\/\/monperejeanmamy.fr\/index.php?rest_route=\/wp\/v2\/pages\/261"}],"collection":[{"href":"https:\/\/monperejeanmamy.fr\/index.php?rest_route=\/wp\/v2\/pages"}],"about":[{"href":"https:\/\/monperejeanmamy.fr\/index.php?rest_route=\/wp\/v2\/types\/page"}],"author":[{"embeddable":true,"href":"https:\/\/monperejeanmamy.fr\/index.php?rest_route=\/wp\/v2\/users\/1"}],"replies":[{"embeddable":true,"href":"https:\/\/monperejeanmamy.fr\/index.php?rest_route=%2Fwp%2Fv2%2Fcomments&post=261"}],"version-history":[{"count":4,"href":"https:\/\/monperejeanmamy.fr\/index.php?rest_route=\/wp\/v2\/pages\/261\/revisions"}],"predecessor-version":[{"id":275,"href":"https:\/\/monperejeanmamy.fr\/index.php?rest_route=\/wp\/v2\/pages\/261\/revisions\/275"}],"wp:featuredmedia":[{"embeddable":true,"href":"https:\/\/monperejeanmamy.fr\/index.php?rest_route=\/wp\/v2\/media\/1142"}],"wp:attachment":[{"href":"https:\/\/monperejeanmamy.fr\/index.php?rest_route=%2Fwp%2Fv2%2Fmedia&parent=261"}],"wp:term":[{"taxonomy":"folder","embeddable":true,"href":"https:\/\/monperejeanmamy.fr\/index.php?rest_route=%2Fwp%2Fv2%2Ffolder&post=261"}],"curies":[{"name":"wp","href":"https:\/\/api.w.org\/{rel}","templated":true}]}}