{"id":2623,"date":"2021-05-13T15:54:30","date_gmt":"2021-05-13T13:54:30","guid":{"rendered":"http:\/\/monperejeanmamy.fr\/?page_id=2623"},"modified":"2024-01-22T18:59:29","modified_gmt":"2024-01-22T17:59:29","slug":"jm-a-jr-fresnes-48-05-10","status":"publish","type":"page","link":"https:\/\/monperejeanmamy.fr\/?page_id=2623","title":{"rendered":"JM \u00e0 JR (Fresnes 48\/05\/10)"},"content":{"rendered":"<p><strong>\u00a0<\/strong><a href=\"http:\/\/monperejeanmamy.fr\/?page_id=2614\"><img loading=\"lazy\" class=\"wp-image-1352 alignleft\" src=\"http:\/\/monperejeanmamy.fr\/wp-content\/uploads\/2021\/03\/Lettre-precedente.jpg\" alt=\"\" width=\"143\" height=\"78\" \/><\/a><a href=\"http:\/\/monperejeanmamy.fr\/?page_id=2628\"><img loading=\"lazy\" class=\"alignright wp-image-1353\" src=\"http:\/\/monperejeanmamy.fr\/wp-content\/uploads\/2021\/03\/Lettre-suivante.jpg\" alt=\"\" width=\"139\" height=\"76\" \/><\/a><\/p>\n<p style=\"text-align: center;\"><strong>Lundi 10 mai<\/strong><strong> 1948<br \/>\n<\/strong><\/p>\n<p style=\"text-align: center;\">Ma ch\u00e9rie,<\/p>\n<p style=\"text-align: justify;\">Je viens \u00e0 peine de d\u00e9jeuner apr\u00e8s avoir d\u00e9ball\u00e9 le colis et illico je bondi sur le papier. Pas une feuille hier soir pour commencer ma lettre. J\u2019avais des choses si belles \u00e0 dire. D\u2019autant que je suis seul de nous deux \u00e0 parler sans arr\u00eat. Pas le moindre signe de vie cette semaine ! Mais je sais que tu penses tellement de choses gentilles pour moi que tu n\u2019as pas le temps de les \u00e9crire. Et moi, de mon c\u00f4t\u00e9, je ne cesse de penser \u00e0 cette petite fille qui se croit si popotte et qui est si f\u00e9e. Et au blondin dont on me d\u00e9crit les charmes. Il parait qu\u2019il enthousiasme tout le monde. C\u2019est Demeury qui m\u2019en a parl\u00e9 encore avec admiration. Tu vois que quand je fais des cadeaux ils sont r\u00e9ussis. Et tu verras plus tard, se d\u00e9veloppant dans le meilleur sens comme il sera gentil. Pr\u00e9venant, doux pour sa m\u00e8re, courageux, travailleur. J\u2019ai mis toutes les qualit\u00e9s dans son berceau. Et d\u2019une intelligence ! Et d\u2019une simplicit\u00e9 ! Car il faut \u00eatre tr\u00e8s simple quand on a beaucoup de dons, sinon, la vanit\u00e9, l\u2019insolence\u2026 Mais pas du tout. Le Fr\u00e9d\u00e9ric est le meilleur des gar\u00e7ons, le chef d\u2019\u0153uvre de la cr\u00e9ation, la joie de vivre manifest\u00e9e \u00e0 l\u2019infini. C\u2019est aussi qu\u2019il a une m\u00e8re adorable, la plus charmante des compagnes, la plus fid\u00e8le des \u00e9pouses, la plus jolie des filles de tout un continent et la plus aim\u00e9e. J\u2019ai pour toi un fleuve de tendresse. Tu veux bien de mon eau fra\u00eeche ? De mes reflets de soleil ? De tous mes bateaux, de tous mes poissons chantants ?<\/p>\n<p style=\"text-align: justify;\">Je n\u2019ai jamais rencontr\u00e9 femme plus d\u00e9vou\u00e9e que toi. Et si patiente. Et si habile. Et si bonne. Et si c\u00e2line. Tu sais que je vois tout \u00e0 travers les murs. Je devine comme un aveugle sent le soleil sur sa peau. Ils voient beaucoup plus clair que nous, ceux qui ne vivent que pour la musique int\u00e9rieure. J\u2019ai mis mon oreille contre le mur et j\u2019entends d\u2019ici le battement pr\u00e9cipit\u00e9 de ton c\u0153ur d\u2019enfant qui r\u00eave \u00e0 des paradis entrevus. Le paradis c\u2019est toi et moi, la main dans la main. Ne t\u2019inqui\u00e8te de rien.<\/p>\n<p style=\"text-align: justify;\">Pas de nouvelles de l\u2019affaire. J\u2019ai \u00e9crit \u00e0 Flo pour demander qu\u2019on m\u2019entende \u00e0 l\u2019instruction. Je ne sais si le juge voudra. De trois c\u00f4t\u00e9s on affirme que les cours sont supprim\u00e9es d\u00e8s les vacances. Mais\u2026 Moi, je ne me refuse \u00e0 aucune enqu\u00eate. On peut bien \u00e9plucher, soupeser, juger tant qu\u2019on veut. La r\u00e9alit\u00e9 n\u2019est pas dans les faits humains mais dans les motifs qui inspirent les actes. Or, peu \u00e0 peu, la v\u00e9rit\u00e9 se fait jour. Il faut qu\u2019elle gagne. La pente est dure \u00e0 remonter, mais il faut aller jusqu\u2019au bout et vaincre. Au parloir, jeudi, je te dirai beaucoup de choses. Viens de bonne heure. Qu\u2019on ait le temps de se dire tout.<img loading=\"lazy\" class=\" wp-image-2631 alignright\" src=\"http:\/\/monperejeanmamy.fr\/wp-content\/uploads\/2021\/05\/Pain-Hovis-238x300.jpg\" alt=\"\" width=\"201\" height=\"251\" \/><\/p>\n<p style=\"text-align: justify;\">Tu peux mettre \u00e0 nouveau de temps \u00e0 autre un pain Hovis dans le colis. Pense-y pour un de ces mardis. Gr\u00e2ce \u00e0 toi je suis toujours florissant et gras. Nous jouons au Bouddha. Ce que c\u2019est que la b\u00e9atitude divine. Tu me raconteras la journ\u00e9e de jeudi avec ma m\u00e8re. Elle me semble mieux physiquement. Nous parlerons d\u2019elle avec pr\u00e9cision. Je te dirai mon avis. Je ne veux pas que tu sois troubl\u00e9e sur des questions qui peuvent te para\u00eetre encore douteuses.<\/p>\n<p style=\"text-align: justify;\">Excuse-moi d\u2019insister pour <em>E de R<\/em>. J\u2019en ai vraiment besoin. Alors que les autres choses pi\u00e9tinent, celle-l\u00e0 est demand\u00e9e. Vois donc si tu peux distraire un peu de ton temps. Ce ne sera pas perdu. Je vais d\u2019autre part donner l\u2019ordre \u00e0 ma m\u00e8re de r\u00e9cup\u00e9rer toutes les autres choses pour que toi seule en ai la possession. Car, de l\u2019autre c\u00f4t\u00e9, on n\u2019a pas abouti et il ne convient pas de les laisser l\u00e0. As-tu \u00e9t\u00e9 chercher <em>B d\u2019O<\/em> chez Flo\u00a0? Bonne occasion pour bavarder avec lui, de tout un peu.<\/p>\n<p style=\"text-align: justify;\">A ce soir. Je suis tr\u00e8s content de t\u2019avoir \u00e9crit ces pattes de mouches sous le soleil de midi qui lave ma table d\u2019un pinceau blond. Les oiseaux chantent. Et moi aussi.<\/p>\n<h1 style=\"text-align: justify;\"><u>19h15<\/u>.<\/h1>\n<p style=\"text-align: justify;\">Enfin, j\u2019ai re\u00e7u ta lettre. Elle est fort gentille et contient des tas de choses int\u00e9ressantes. Discussions sur la peinture et surtout renseignements sur les prix qui montent. Tr\u00e8s important.<\/p>\n<p style=\"text-align: justify;\">Tout d\u2019abord s\u00e9rions les questions. Pour <em>E de R<\/em> abandonner d\u2019urgence <em>Gabr<\/em>. Ce n\u2019est pas du tout si long que tu crois. A un chapitre par jour, il y en a pour 20 jours. Et c\u2019est le d\u00e9lai qui m\u2019est utile. Tu verras que tu seras toute surprise quand tu seras arriv\u00e9e au bout tr\u00e8s vite. Note qu\u2019il faut expurger tout ce qui concerne le 2<sup>\u00e8me<\/sup> bouquin intercal\u00e9, c&rsquo;est-\u00e0-dire les douze simili-po\u00e8mes s\u00e9rieux qui y sont inclus. <em>E de R<\/em> seulement, c&rsquo;est-\u00e0-dire le pamphlet. Il doit y avoir une vingtaine de textes. Surtout respecte la ponctuation hach\u00e9e. Donc voil\u00e0. Je t\u2019en parlerai encore jeudi. Indispensable pour ma d\u00e9fense.<\/p>\n<p style=\"text-align: justify;\">Merci \u00e0 l\u2019ami Amp\u00e8re. Dis-lui combien il est gentil et comme je lui souhaite de r\u00e9ussir. Il se peut que tout cela soit utile un jour. Moi aussi j\u2019ai des projets.<\/p>\n<p style=\"text-align: justify;\">Pour la peinture moderne, voil\u00e0 mon avis : comme de juste je pr\u00e9f\u00e8re les anciens et surtout les primitifs. Il n\u2019y a rien qui d\u00e9passe Michel Ange, Fra Angelico, Rembrandt et la Pi\u00e9ta d\u2019Avignon, et Jean Clouet et Vinci et le Caravage et Botticelli\u2026 Et aussi Le Sueur et Poussin, et aussi Goya et Manet. Depuis cinquante ans on a voulu friser tous les poncifs, car ces \u00e9coles fameuses s\u2019\u00e9taient install\u00e9es et on peignait \u00ab pompier \u00bb. Dans la fureur de faire nouveau on a eut toutes les audaces. Cela ne veut pas dire que cela soit bon. Bien au contraire. N\u2019importe quel barbouilleur a trouv\u00e9 plus commode d\u2019exploiter le snobisme de bourgeois en leur flaquant sous le nez des r\u00e9bus tout comme les po\u00e8tes surr\u00e9alistes parlent en b\u00e9gayant ou en se complaisant dans un herm\u00e9tisme \u00e9rotique. La beaut\u00e9 a \u00e9t\u00e9 consacr\u00e9e par ceux-l\u00e0 d\u00e8s que l\u2019expression de leur pinceau, de leur plume, a rev\u00eatu la forme vulgaire de l\u2019incompr\u00e9hensible. De sorte que les gens simples se trouvent devant des manifestations saugrenues de petits voyous des caf\u00e9s litt\u00e9raires qui pr\u00e9tendent tout r\u00e9volutionner en imposant \u00e0 la foule na\u00efve les d\u00e9jections de leur esprit. Il ne faut pas g\u00e9n\u00e9raliser pour cela. Des peintre comme Picasso, Matisse, sont de tr\u00e8s grands peintres quand ils ne c\u00e8dent pas au snobisme contemporain. Ils savent admirablement dessiner et employer la couleur et sont capables d\u2019\u00e9galer les classiques. Mais l\u2019\u00e9poque les engage vers une continuelle et dangereuse folie de sorte que leur talent se dilue, se <u>c\u00e9r\u00e9bralise<\/u>. Combien vaudrait-il mieux atteindre la perfection absolue de l\u2019expression juste, en \u00e9liminant tout malaise mental. L\u2019artiste ne doit jamais \u00eatre <u>troubl\u00e9<\/u> par un quelconque mal du si\u00e8cle, mais <u>purifier<\/u> sa facture et sa conception. Les grands artistes tendent tous \u00e0 la clart\u00e9, la simplicit\u00e9, la pr\u00e9cision de la forme, l\u2019id\u00e9e de plus en plus \u00e9lev\u00e9e dans le choix du sujet. Il ne faut pas s\u2019\u00e9carter de la foule par l\u2019incoh\u00e9rence mais par la qualit\u00e9. Plus l\u2019\u00e9poque est troubl\u00e9e, plus le cr\u00e9ateur doit tendre \u00e0 \u00eatre stable. On a quelquefois moins de succ\u00e8s imm\u00e9diat mais le retentissement profond de l\u2019\u0153uvre vient plus tard (voir Arno Brecker<a href=\"#_ftn1\" name=\"_ftnref1\">[1]<\/a>, le sculpteur moderne qui rejoint r\u00e9ellement Phidias\u00a0; voir certains architectes allemands, en litt\u00e9rature Montherlant\u2026). Les primitifs italiens n\u2019\u00e9taient pas des photographes. Quelles expressions lumineuses de la r\u00e9alit\u00e9 intime. Quelle construction fantastique de lignes et de couleurs. Quel style dans les personnages\u00a0! Est-ce que D\u00fcrer est un peintre \u00ab\u00a0abstrait\u00a0\u00bb\u00a0? Tout cet amas surr\u00e9aliste me semble l\u2019\u0153uvre de malades, d\u2019ivrognes, de primaires, de pr\u00e9tentieux, d\u2019incapables et de violents. Je les connais depuis vingt ans. J\u2019ai v\u00e9cu \u00e0 fond dans ce milieu. Rien de tout cela ne durera et il n\u2019y en a pas un qui soit s\u00e9rieux. On ne voit que Cocteau, Picasso et quelques autres tr\u00e8s rares qui surnageront et appara\u00eetront comme des ph\u00e9nom\u00e8nes bizarres, des \u00ab\u00a0champignons artistiques\u00a0\u00bb sur la grande construction esth\u00e9tique humaine. Car il faut revenir au temple grec, \u00e0 l\u2019\u00e9gyptien, \u00e0 la cath\u00e9drale, au rythme, \u00e0 la proportion, \u00e0 <u>l\u2019ordre<\/u> (qui n\u2019est jamais ni poncif ni vulgaire. Toute abstraction est d\u00e9sordre, l\u2019art est <u>concr\u00e9tisation<\/u>).<\/p>\n<p style=\"text-align: justify;\">Voil\u00e0. As-tu eu ta le\u00e7on de critique. Continue \u00e0 aller au Louvre. C\u2019est tr\u00e8s bien. Vois surtout la salle du XV<sup>\u00e8me<\/sup> si\u00e8cle, les primitifs fran\u00e7ais et suis ton go\u00fbt le meilleur. Pour \u00e9liminer le mauvais regarde si le peintre a \u00e9t\u00e9 s\u00e9duit par la facilit\u00e9 et surtout la n\u00e9cessit\u00e9 de plaire \u00e0 un public de plus en plus m\u00e9diocre. Les grands si\u00e8cles ont \u00e9t\u00e9 anim\u00e9s par les grands rois. L\u2019art moderne est r\u00e9publicain, chaotique, c\u2019est pourquoi quelques individualit\u00e9s ont de la valeur, mais, dans l\u2019ensemble, toutes leurs manifestations sont tr\u00e8s pauvres. La foule ne produit jamais rien d\u2019elle-m\u00eame. En art aussi il faut des chefs, et les chefs d\u2019\u0153uvres n\u2019ont pas \u00e9t\u00e9 produits sans combat.<\/p>\n<p style=\"text-align: justify;\">Voila qu\u2019il me reste peu de place pour t\u2019embrasser comme il convient. Vois-tu la vie qui nous attend. Regarde cette page de lettre\u00a0: tout pour l\u2019art, peu pour l\u2019amour frivole car je ne veux plus mettre ici que des mots profond\u00e9ment s\u00e9rieux, joyeux, des affirmations positives. Nous sommes trop grand gar\u00e7on et grande fille pour nous complaire \u00e0 des b\u00eatises de jeunesse. Il nous faut de la barbe et du lorgnon, du pantalon pliss\u00e9 et de la blouse montante et des airs pinc\u00e9s. Devant le monde, bien entendu. Chez soi on se met \u00e0 quatre pattes pour jouer avec Fr\u00e9d\u00e9ric et on passe autour du cou de Jeannette des colliers de fleurs tahitiennes. C\u2019est moi Tarzan. Et tu es la jeune fille aux grands cheveux qu\u2019on sauve de la for\u00eat vierge en franchissant des flammes et des buissons pleins de serpents. Tu fermes les yeux juste pour voir le soleil se coucher sur la plage. Nous mangeons du poisson grill\u00e9, enfil\u00e9 sur des baguettes de bois pr\u00e9cieux et cuit sur des cailloux rougis. Et puis nous allons sur l\u2019eau sans craindre les requins, au son des guitares, avec des fleurs plein les oreilles. Bonne nuit ma ch\u00e9rie. A jeudi. On t\u2019embrasse. Et surtout, on est heureux quand on pense \u00e0 toi. Mes gros b.<\/p>\n<p style=\"text-align: justify;\">J.<\/p>\n<p style=\"text-align: justify;\"><a href=\"#_ftnref1\" name=\"_ftn1\">[1]<\/a> Arno Breker est un sculpteur allemand est surtout connu pour ses \u0153uvres publiques r\u00e9alis\u00e9es sous le Troisi\u00e8me Reich, o\u00f9 elles ont \u00e9t\u00e9 promues par les autorit\u00e9s nazies comme l&rsquo;antith\u00e8se de l&rsquo;\u00ab art d\u00e9g\u00e9n\u00e9r\u00e9 \u00bb.<\/p>\n<p>&nbsp;<\/p>\n","protected":false},"excerpt":{"rendered":"<p>\u00a0 Lundi 10 mai 1948 Ma ch\u00e9rie, Je viens \u00e0 peine de d\u00e9jeuner apr\u00e8s avoir d\u00e9ball\u00e9 le colis et illico je bondi sur le papier. Pas une feuille hier soir pour commencer ma lettre. J\u2019avais des choses si belles \u00e0 &hellip; <a href=\"https:\/\/monperejeanmamy.fr\/?page_id=2623\">Continuer la lecture <span class=\"meta-nav\">&rarr;<\/span><\/a><\/p>\n","protected":false},"author":2,"featured_media":11,"parent":0,"menu_order":0,"comment_status":"closed","ping_status":"closed","template":"","meta":[],"folder":[],"_links":{"self":[{"href":"https:\/\/monperejeanmamy.fr\/index.php?rest_route=\/wp\/v2\/pages\/2623"}],"collection":[{"href":"https:\/\/monperejeanmamy.fr\/index.php?rest_route=\/wp\/v2\/pages"}],"about":[{"href":"https:\/\/monperejeanmamy.fr\/index.php?rest_route=\/wp\/v2\/types\/page"}],"author":[{"embeddable":true,"href":"https:\/\/monperejeanmamy.fr\/index.php?rest_route=\/wp\/v2\/users\/2"}],"replies":[{"embeddable":true,"href":"https:\/\/monperejeanmamy.fr\/index.php?rest_route=%2Fwp%2Fv2%2Fcomments&post=2623"}],"version-history":[{"count":4,"href":"https:\/\/monperejeanmamy.fr\/index.php?rest_route=\/wp\/v2\/pages\/2623\/revisions"}],"predecessor-version":[{"id":3275,"href":"https:\/\/monperejeanmamy.fr\/index.php?rest_route=\/wp\/v2\/pages\/2623\/revisions\/3275"}],"wp:featuredmedia":[{"embeddable":true,"href":"https:\/\/monperejeanmamy.fr\/index.php?rest_route=\/wp\/v2\/media\/11"}],"wp:attachment":[{"href":"https:\/\/monperejeanmamy.fr\/index.php?rest_route=%2Fwp%2Fv2%2Fmedia&parent=2623"}],"wp:term":[{"taxonomy":"folder","embeddable":true,"href":"https:\/\/monperejeanmamy.fr\/index.php?rest_route=%2Fwp%2Fv2%2Ffolder&post=2623"}],"curies":[{"name":"wp","href":"https:\/\/api.w.org\/{rel}","templated":true}]}}