{"id":2634,"date":"2021-05-14T10:07:31","date_gmt":"2021-05-14T08:07:31","guid":{"rendered":"http:\/\/monperejeanmamy.fr\/?page_id=2634"},"modified":"2024-01-22T19:06:03","modified_gmt":"2024-01-22T18:06:03","slug":"jm-a-jr-fresnes-48-05-30","status":"publish","type":"page","link":"https:\/\/monperejeanmamy.fr\/?page_id=2634","title":{"rendered":"JM \u00e0 JR (Fresnes 48\/05\/30)"},"content":{"rendered":"<p><strong>\u00a0<\/strong><a href=\"http:\/\/monperejeanmamy.fr\/?page_id=2628\"><img loading=\"lazy\" class=\"wp-image-1352 alignleft\" src=\"http:\/\/monperejeanmamy.fr\/wp-content\/uploads\/2021\/03\/Lettre-precedente.jpg\" alt=\"\" width=\"143\" height=\"78\" \/><\/a><a href=\"http:\/\/monperejeanmamy.fr\/?page_id=2638\"><img loading=\"lazy\" class=\"alignright wp-image-1353\" src=\"http:\/\/monperejeanmamy.fr\/wp-content\/uploads\/2021\/03\/Lettre-suivante.jpg\" alt=\"\" width=\"139\" height=\"76\" \/><\/a><\/p>\n<p style=\"text-align: center;\"><strong>Dimanche 30 mai<\/strong><strong> 1948<br \/>\n<\/strong><\/p>\n<p style=\"text-align: center;\">Petite fille ch\u00e9rie<\/p>\n<p style=\"text-align: justify;\">Enfin un bon grand parloir pour nous deux, bien qu\u2019\u00e9court\u00e9 au d\u00e9but. Je t\u2019ai retrouv\u00e9e toute gentille sous un chapeau \u00e0 plume de coq (je crois, peut-\u00eatre de faisan, peu importe) et nous avons dit sous les mots tout ce que nous voulions nous dire. Car les mots ne disent rien. C\u2019est le ton, l\u2019\u00e9lan, la joie qui dit tout. Un sourire d\u2019une demi-minute, c\u2019est une \u00e9ternit\u00e9.<\/p>\n<p style=\"text-align: justify;\">J\u2019ai bien re\u00e7u tout ce qu\u2019il me fallait. Le buvard \u00e9tait particuli\u00e8rement bienvenu. Nous travaillons dur. Te dirai-je que, de plus en plus, je me d\u00e9tache de l\u2019\u00e9poque, pour m\u2019attacher \u00e0 des r\u00e9alit\u00e9s plus substantielles. La vie est pleine de s\u00e8ve, l\u00e0 o\u00f9 l\u2019humain ne corrompt plus. Des tas d\u2019id\u00e9es nous viennent substantielles, heureuses, souveraines. Voil\u00e0 de quoi vivre.<\/p>\n<p style=\"text-align: justify;\">Ce matin, petite sc\u00e8ne risible qui heureusement n\u2019a pas trop de cons\u00e9quences. J\u2019ai \u00e9t\u00e9 frapp\u00e9 par un fou, qu\u2019on laisse se promener en libert\u00e9 depuis des mois. Il ne paraissait pas trop dangereux, mais il a ses crises, le pauvre. Et ce soir je suis oblig\u00e9 de me tamponner un peu l\u2019\u0153il enfl\u00e9. Tu sais que je n\u2019attache gu\u00e8re d\u2019importance \u00e0 ces b\u00eatises. J\u2019esp\u00e8re que l\u2019administration va le ramener \u00e0 Villejuif, d\u2019o\u00f9 il \u00e9tait sorti. On ne choisit pas toujours ses voisins. J\u2019en serai quitte pour me marquer pendant quelques jours. A moins que tout ne soit fini dans une heure. Tout est possible.<\/p>\n<p style=\"text-align: justify;\">Tes marguerites sont toujours belles. Elles m\u2019ont racont\u00e9 des histoires toute la semaine. Il parait que tu les avais charg\u00e9es de tas de choses. Du moins le disent-elles.<\/p>\n<h1 style=\"text-align: justify;\"><u>Midi<\/u>.<\/h1>\n<p style=\"text-align: justify;\">D\u00e8s 8h30, on pense \u00e0 t\u2019\u00e9crire. Parce qu\u2019on te sent si pr\u00e8s qu\u2019il faut te crier par-dessus le mur des choses aimables. J\u2019ai toujours devant mes yeux une certaine photo o\u00f9 sur un pont une jeune femme maintient ses cheveux dans le vent, dans un d\u00e9cor prodigieux de petite ville de montagne\u00a0: maisons bourgeoises de pierre grise, aux volets clos, balustres charg\u00e9s de lierre, rivi\u00e8re anim\u00e9e par le soleil doux, et vieux fond d\u2019arbres grimpant jusqu\u2019au sommet de l\u2019image. On ne sait quoi les surplombe. Peut-\u00eatre un Himalaya.<\/p>\n<p style=\"text-align: justify;\">Est-ce que quelquefois tu penses pr\u00e9cis\u00e9ment \u00e0 ce que pourra \u00eatre la vie \u00e0 c\u00f4t\u00e9 d\u2019un tel bougre tel que moi\u00a0? Je t\u00e2che bien de me d\u00e9barrasser des innombrables d\u00e9fauts que nous donne en naissant notre f\u00e9e Carabosse. C\u2019est une lessive continuelle de l\u2019esprit. Il faut une patience d\u2019ange. Il semble qu\u2019on soit en train de nettoyer \u00e0 jamais le coin de sol o\u00f9 repara\u00eet toujours la tache fatidique (vieux romans moyen\u00e2geux<em>, Le stigmate<\/em>\u00a0!). Quelquefois (tr\u00e8s souvent) une \u00e9claircie de soleil dans cette chambre noire o\u00f9 l\u2019on essaie de photographier l\u2019infini par les trous de serrure. Alors ce sont des \u00e9lucubrations po\u00e9tiques qui paraissent insens\u00e9es. Le sont-elles tant\u00a0? Les po\u00e8tes parlent la langue du ciel. C\u2019est peut-\u00eatre bien la seule langue r\u00e9elle qu\u2019on puisse parler. Sinon, en bas, ce sont des bafouillis de fourmis.<\/p>\n<p style=\"text-align: justify;\">Seulement, pourras-tu admettre qu\u2019on te parle continuellement en vers, ou en prose rythm\u00e9e. A la rigueur, tu vois si je t\u2019aime, je consentirai peut-\u00eatre \u00e0 ne plus faire de politique. C&rsquo;est-\u00e0-dire \u00e0 m\u2019occuper uniquement d\u2019affaires s\u00e9rieuses, commerciales\u00a0: livres, films, commerce d\u2019orange, fleurs et plumes. Note bien qu\u2019il ne s\u2019agit pas l\u00e0 d\u2019un engagement formel. Peut-\u00eatre une tendance. De toutes fa\u00e7ons, il me faudra r\u00e9aliser au moins encore une chose. Et puis ce sera peut-\u00eatre tout. De plus en plus je vois qu\u2019il est inutile de chercher \u00e0 r\u00e9aliser un \u00ab\u00a0gouvernement par l\u2019ext\u00e9rieur\u00a0\u00bb. Ce qui doit \u00eatre corrig\u00e9 c\u2019est l\u2019\u00e2me humaine, la compr\u00e9hension profonde de la vie qui d\u00e9termine le comportement.<\/p>\n<h1 style=\"text-align: justify;\"><u>20h<\/u>.<\/h1>\n<p style=\"text-align: justify;\">Bien re\u00e7u ta lettre du 29 mai. Quand le docteur t\u2019aurait auscult\u00e9e mille fois, il n\u2019aurait jamais vu que la forme humaine d\u2019une petite bonne femme dont le v\u00e9ritable moi est infiniment sup\u00e9rieur \u00e0 cette carcasse. On ne doit jamais s\u2019inqui\u00e9ter pour soi. Tout va tr\u00e8s bien quand on sait o\u00f9 appuyer sa pens\u00e9e. Mais pour cela, il faut abandonner les pr\u00e9jug\u00e9s courants. La science de la vie est aussi difficile \u00e0 apprendre que la musique. Il y a peu de virtuoses. La plupart des gens ne savent pas jouer avec un doigt.<\/p>\n<p style=\"text-align: justify;\">Les renseignements sur les Cours me semblent pertinents. C\u2019est tout \u00e0 fait mon avis. Cela co\u00efncide avec une s\u00e9rie de faits que nous voyons se d\u00e9rouler tous les jours. Je t\u2019en parlerai la prochaine fois.<\/p>\n<p style=\"text-align: justify;\">Je re\u00e7ois \u00e0 ton sujet une lettre acrimonieuse et pleine de criailleries. Il parait que cela g\u00e8ne quelqu\u2019un que nous nous voyons. Tant pis. Nous nous verrons.<\/p>\n<p style=\"text-align: justify;\">Tes \u0153illets sont superbes.<\/p>\n<p style=\"text-align: justify;\">Tu m\u2019excuseras pour ce soir. Je dois penser un peu \u00e0 moi-m\u00eame. Cet imb\u00e9cile de fou m\u2019a mis l\u2019\u0153il dans un \u00e9tat peu grave mais g\u00eanant et je n\u2019ai pas toute la libert\u00e9 qu\u2019il faut pour pondre des mots. Tu ne m\u2019en veux pas de t\u2019embrasser trop vite et d\u2019aller me reposer, c&rsquo;est-\u00e0-dire r\u00e9aliser que tout est tr\u00e8s bien dans le meilleur des mondes, celui que nous ne voyons pas avec nos yeux.<\/p>\n<p style=\"text-align: justify;\">On t\u2019embrasse et le Fr\u00e9d\u00e9ric.<\/p>\n<p style=\"text-align: justify;\">J.<\/p>\n","protected":false},"excerpt":{"rendered":"<p>\u00a0 Dimanche 30 mai 1948 Petite fille ch\u00e9rie Enfin un bon grand parloir pour nous deux, bien qu\u2019\u00e9court\u00e9 au d\u00e9but. Je t\u2019ai retrouv\u00e9e toute gentille sous un chapeau \u00e0 plume de coq (je crois, peut-\u00eatre de faisan, peu importe) et &hellip; <a href=\"https:\/\/monperejeanmamy.fr\/?page_id=2634\">Continuer la lecture <span class=\"meta-nav\">&rarr;<\/span><\/a><\/p>\n","protected":false},"author":2,"featured_media":11,"parent":0,"menu_order":0,"comment_status":"closed","ping_status":"closed","template":"","meta":[],"folder":[],"_links":{"self":[{"href":"https:\/\/monperejeanmamy.fr\/index.php?rest_route=\/wp\/v2\/pages\/2634"}],"collection":[{"href":"https:\/\/monperejeanmamy.fr\/index.php?rest_route=\/wp\/v2\/pages"}],"about":[{"href":"https:\/\/monperejeanmamy.fr\/index.php?rest_route=\/wp\/v2\/types\/page"}],"author":[{"embeddable":true,"href":"https:\/\/monperejeanmamy.fr\/index.php?rest_route=\/wp\/v2\/users\/2"}],"replies":[{"embeddable":true,"href":"https:\/\/monperejeanmamy.fr\/index.php?rest_route=%2Fwp%2Fv2%2Fcomments&post=2634"}],"version-history":[{"count":4,"href":"https:\/\/monperejeanmamy.fr\/index.php?rest_route=\/wp\/v2\/pages\/2634\/revisions"}],"predecessor-version":[{"id":3276,"href":"https:\/\/monperejeanmamy.fr\/index.php?rest_route=\/wp\/v2\/pages\/2634\/revisions\/3276"}],"wp:featuredmedia":[{"embeddable":true,"href":"https:\/\/monperejeanmamy.fr\/index.php?rest_route=\/wp\/v2\/media\/11"}],"wp:attachment":[{"href":"https:\/\/monperejeanmamy.fr\/index.php?rest_route=%2Fwp%2Fv2%2Fmedia&parent=2634"}],"wp:term":[{"taxonomy":"folder","embeddable":true,"href":"https:\/\/monperejeanmamy.fr\/index.php?rest_route=%2Fwp%2Fv2%2Ffolder&post=2634"}],"curies":[{"name":"wp","href":"https:\/\/api.w.org\/{rel}","templated":true}]}}