{"id":2749,"date":"2021-05-17T08:52:55","date_gmt":"2021-05-17T06:52:55","guid":{"rendered":"http:\/\/monperejeanmamy.fr\/?page_id=2749"},"modified":"2024-11-03T17:10:09","modified_gmt":"2024-11-03T16:10:09","slug":"jm-a-jr-fresnes-48-09-26","status":"publish","type":"page","link":"https:\/\/monperejeanmamy.fr\/?page_id=2749","title":{"rendered":"JM \u00e0 JR (Fresnes 48\/09\/26)"},"content":{"rendered":"<p><strong>\u00a0<\/strong><a href=\"http:\/\/monperejeanmamy.fr\/?page_id=3347\"><img loading=\"lazy\" class=\"wp-image-1352 alignleft\" src=\"http:\/\/monperejeanmamy.fr\/wp-content\/uploads\/2021\/03\/Lettre-precedente.jpg\" alt=\"\" width=\"143\" height=\"78\" \/><\/a><a href=\"http:\/\/monperejeanmamy.fr\/?page_id=2753\"><img loading=\"lazy\" class=\"alignright wp-image-1353\" src=\"http:\/\/monperejeanmamy.fr\/wp-content\/uploads\/2021\/03\/Lettre-suivante.jpg\" alt=\"\" width=\"139\" height=\"76\" \/><\/a><\/p>\n<p style=\"text-align: center;\"><strong>Dimanche 26 septembre 1948<br \/>\n<\/strong><\/p>\n<p style=\"text-align: center;\">Ma ch\u00e9rie,<\/p>\n<p style=\"text-align: justify;\">Ma cellule pue le p\u00e9trole car j\u2019ai fait d\u00e9sinfecter ce matin ma nouvelle paillasse o\u00f9 les punaises avaient \u00e9lu un domicile somptueux et je vais dormir dans les \u00e9manations de Bakou mais, pour une fois, sur une couche sinon confortable du moins un peu plus molle, ce qui ne m\u2019est gu\u00e8re arriv\u00e9 depuis quatre ans. Il me semble que je serai ahuri quand je retrouverai un lit. Comment se peut-il qu\u2019on couche sur des ressorts\u00a0? Et sur des matelas\u00a0? De laine ou crin\u00a0! C\u2019est un plus.<\/p>\n<p style=\"text-align: justify;\">J\u2019ai vu ma m\u00e8re au parloir, alors que je t\u2019attendais\u00a0! J\u2019esp\u00e8re qu\u2019on t\u2019a fait la commission pour les <em>B. d\u2019Or<\/em>. Je voudrais profiter du temps encore libre pour mettre au point le brouillon. On ne se relit jamais assez. Et de six mois en six mois, on rode jusqu\u2019au point de satisfaction.<\/p>\n<p style=\"text-align: justify;\">Ma m\u00e8re m\u2019a fait de grands compliments de toi. Je lui ai dit bien plus. Elle en a rajout\u00e9. J\u2019ai surench\u00e9ri. et je n\u2019ai pas dit le centi\u00e8me de ce que je pense. Pas d\u2019orgueil\u00a0! Les compliments sont comme l\u2019eau fra\u00eeche, n\u00e9cessaires tous les jours.<\/p>\n<p style=\"text-align: justify;\">Tes fleurs tiennent encore. Bon moral ces reines-marguerites. Comme leur patron. Jusqu\u2019au bout, et par del\u00e0 encore.<\/p>\n<p style=\"text-align: justify;\">R\u00e9ponds-moi au sujet du Palais. Je voudrais savoir si le dossier est toujours chez le juge. J\u2019esp\u00e8re que oui. Sinon F. m\u2019aurait pr\u00e9venu.<\/p>\n<p style=\"text-align: justify;\">Au fond, pas d\u2019inqui\u00e9tude. J\u2019ai si peu de soucis. Uniquement celui de te retrouver bient\u00f4t. Il semble que c\u2019est demain, ce soir. Ces ann\u00e9es auront pass\u00e9 comme un \u00e9clair. Ma m\u00e8re \u00e9tait toute confiante. Elle m\u2019a rapport\u00e9 de bons propos. J\u2019enregistre \u00e9galement tout ce qu\u2019on t\u2019a dit du c\u00f4t\u00e9 de l\u2019aviation. Tout cela pourra servir sous peu.<\/p>\n<p style=\"text-align: justify;\">Donc, je m\u2019en vais me coucher et mettre ma t\u00eate sur la peau de mouton en pensant \u00e0 Jeannette. Bonsoir fillette. Tu es comme un printemps fid\u00e8le. On est heureux contre ta tempe.<\/p>\n<p style=\"text-align: justify;\">Il m\u2019a fallu aller d\u00e9placer un broc plein d\u2019eau et le poser sur un certain trou car les rats bouffent mon plancher. Ils sont \u00e9normes, des demi-chats. Mais on est si tranquille au milieu de cette faune. Ma conscience est pure. Gros baisers.<\/p>\n<h1 style=\"text-align: justify;\"><u>Lundi<\/u>.<\/h1>\n<p style=\"text-align: justify;\">Bien re\u00e7u colis (parfait) et lettre (parfaite, si gentille, tout juste ce qu\u2019il faut). V\u00e9rifie Palais. Comme je te le dis plus haut le dossier doit \u00eatre encore \u00e0 l\u2019instruction. Voir F. s\u2019il le faut. Savoir quelle suite a \u00e9t\u00e9 donn\u00e9e \u00e0 mon pneumatique du 20 ao\u00fbt. Surtout ne rien presser.<\/p>\n<p style=\"text-align: justify;\">Les \u00e9v\u00e8nements tournent \u00e0 une cadence dont nous ne voyons pas nous m\u00eame la rapidit\u00e9. Nous serons tout surpris dans peu de temps de voir combien tout cela a \u00e9t\u00e9 court. Il s\u2019agit d\u2019utiliser le temps qui nous reste pour produire des \u0153uvres constructives. De la sorte rien de perdu.<\/p>\n<p style=\"text-align: justify;\">La chaleur est revenue aujourd\u2019hui. Voil\u00e0 que nous rentrons \u00e0 nouveau dans l\u2019\u00e9t\u00e9. Je quitte chandail et robe de chambre (Envoie-moi un peu de laine grenat pour raccommoder mon pull-over, c\u2019est un grenat presque rouge tirant sur le lie-de-vin).<\/p>\n<p style=\"text-align: justify;\">Je suis content que mon sujet de pi\u00e8ce te plaise. Je le mets lentement sur pied. Il faut que le sujet soit tr\u00e8s m\u00fbr. [si d\u2019occasion, et pas cher, tu trouves \u00ab\u00a0<em>Les trente-six situations dramatiques <\/em><a href=\"#_ftn1\" name=\"_ftnref1\">[1]<\/a>\u00a0\u00bb de Georges Polti, prends-le. C\u2019est une des meilleures \u00e9tudes sur l\u2019art dramatique qu\u2019on ait \u00e9crit. Et elle contient pas mal d\u2019id\u00e9es].<\/p>\n<p style=\"text-align: justify;\">Naturellement, les gens n\u2019y comprendront rien \u00e0 ma pi\u00e8ce. Ils ne comprennent rien \u00e0 rien. S\u2019ils avaient compris quelque chose \u00e0 quoi que ce soit, ils seraient tous ou en prison ou en monarchie. Sortis de leurs com\u00e9dies bourgeoises (adult\u00e8res ou cochonneries sp\u00e9ciales), de leurs drames larmoyants, de <em>La Porteuse de pain <\/em><a href=\"#_ftn2\" name=\"_ftnref2\">[2]<\/a> ou du <em>Contr\u00f4leur des Wagons-lits<\/em> <a href=\"#_ftn3\" name=\"_ftnref3\">[3]<\/a>, ils ne comprennent pas, ils subissent. De temps en temps, ils sont sensibles \u00e0 la mauvaise musique\u00a0: Manon, Werther, Faust. Quels sont les succ\u00e8s de librairie\u00a0? Les pornographies sensationnelles\u00a0: Miller, <em>Ainsi soit-il <\/em>(dont l\u2019auteur est ici), <em>J\u2019irai cracher sur vos tombes<\/em>. Quel est le grand auteur dramatique moderne\u00a0: le juif Bernstein <a href=\"#_ftn4\" name=\"_ftnref4\">[4]<\/a> qui leur a offert un tas de pi\u00e8ces stupides sur des questions sexuelles. Les gens n\u2019ont jamais vu que tous les personnages qu\u2019on leur montrait \u00e9taient juifs. On leur a fabriqu\u00e9 un ghetto. Ils ne lisent rien, ni Racine, ni Moli\u00e8re, mais <em>Samedi Soir<\/em>, <em>La semaine de Mimi<\/em> ou <em>Franc-Tireur<\/em>. Ils ne pensent qu\u2019\u00e0 la motocyclette ou au bon restaurant et ils n\u2019appr\u00e9cient un bouquin qu\u2019apr\u00e8s la critique. Incapables de d\u00e9couvrir, de sentir, de penser. Il faut qu\u2019on leur montre, qu\u2019on leur dise : voil\u00e0 du blanc, voil\u00e0 du noir. Aveugles, bouch\u00e9s, tortues p\u00e9destres, europ\u00e9ens, pas sortis de Trou-sur-Chose, s\u2019imaginant toujours le nombril du monde, Descartes et la lune, Rousseau et la R\u00e9volution. Et \u00e7a pr\u00e9tend en remontrer \u00e0 Dieu le P\u00e8re. Tout concierge en sait davantage que l\u2019acad\u00e9micien (qui ne sait m\u00eame pas compter jusqu\u2019\u00e0 quarante). Exemple : demande \u00e0 cent personnes, \u00e0 br\u00fble-pourpoint dans la rue, les trois principales \u0153uvres de Descartes ? Allons, r\u00e9pondez ! Cinq pi\u00e8ces de Racine ? Je vous \u00e9coute ! Trois pi\u00e8ces de Corneille ? Qu\u2019entends-je ? Le titre d\u2019un roman de Voltaire ? S\u2019il vous plait. Qui est Stendhal ? Comment ? Un vers de Musset ? Le titre d\u2019une pi\u00e8ce de Beaudelaire ? Qui est l\u2019auteur d\u2019<em>Hernani\u00a0<\/em>? De quel sexe est Le Pir\u00e9e\u00a0?<\/p>\n<p style=\"text-align: justify;\">Ils ne savent rien. Rien de rien. Rien du tout de rien du tout. C\u2019est pourquoi ils sont incapables de discerner entre le mensonge et la v\u00e9rit\u00e9.<\/p>\n<h1 style=\"text-align: justify;\"><u>21 h<\/u>.<\/h1>\n<p style=\"text-align: justify;\">\u00c0 tout prendre, ceux qui savent ne savent pas grand-chose non plus. Et celui qui aurait aval\u00e9 le dictionnaire ne saurait rien du tout. Et m\u00eame celui qui saurait un peu plus. Et tu sais bien davantage avec ton bon sens que beaucoup d\u2019acad\u00e9miciens. Et Fr\u00e9d\u00e9ric, avec ses joues superbes, est beaucoup plus pr\u00e8s de la science absolue que nombre de p\u00e9dants. Car le savoir est surtout de bonne humeur (le gay savoir). La science de la vie n\u2019est que de joie, joie ravie, acquise \u00e0 force de simplicit\u00e9. C\u2019est tr\u00e8s difficile, ou tout naturel.<\/p>\n<p style=\"text-align: justify;\">On nous annonce ce soir que les difficult\u00e9s les plus graves surgissent \u00e0 propos de Berlin. Tout se d\u00e9roule comme pr\u00e9vu. Je le sais depuis longtemps. Churchill annonce depuis quelques mois que la guerre sera l\u00e0 avant la fin de l\u2019ann\u00e9e. Doubl\u00e9e sans doute de r\u00e9volution (ou contre-r\u00e9volution). Je persiste \u00e0 penser, contre l\u2019avis de tous, que les Russes ne viendront plus ici maintenant. Trop occup\u00e9s ailleurs, et trop d\u00e9munis de p\u00e9trole. C\u2019est le Moyen-Orient qui sera le grand th\u00e9\u00e2tre des op\u00e9rations.<\/p>\n<p style=\"text-align: justify;\">\u00c0 cette heure, un d\u00e9fil\u00e9 de tanks s\u2019entend sur la route, \u00e0 trois cents m\u00e8tres. \u00c7a recommence. Nous sommes une g\u00e9n\u00e9ration vernie.<\/p>\n<p style=\"text-align: justify;\">\u00c0 bient\u00f4t te lire, te voir, t\u2019entendre. Mais, pour ce soir, d\u00e9j\u00e0 t\u2019embrasser. Plus que jamais.<\/p>\n<p style=\"text-align: justify;\">J.<\/p>\n<p style=\"text-align: justify;\"><a href=\"#_ftnref1\" name=\"_ftn1\">[1]<\/a> <em>36 situations dramatiques<\/em>\u00a0: th\u00e9orie propos\u00e9e par Georges Polti (1867-1946) selon laquelle il existe, pour tout type de sc\u00e9nario, 36 situations dramatiques de base avec, pour chacune, les r\u00f4les ou \u00ab \u00e9l\u00e9ments dynamiques indispensables \u00bb qu&rsquo;elle implique. Ainsi par exemple, la situation \u00ab\u00a0Implorer\u00a0\u00bb demande un Pers\u00e9cuteur, un Suppliant et une Puissance ind\u00e9cise. Les Situations sont ensuite d\u00e9taill\u00e9es en nuances (\u00ab Fugitifs implorant un puissant contre leurs ennemis \u00bb), et pour chaque nuance sont donn\u00e9s des exemples dans le th\u00e9\u00e2tre de toutes les \u00e9poques et tous les continents, les contes, le roman ou la vie r\u00e9elle. Polti a catalogu\u00e9 plus de 1 200 \u0153uvres. Les Situations ne sont cependant pas des cat\u00e9gories bien tranch\u00e9es puisque certaines nuances d&rsquo;une Situation peuvent toucher \u00e0 une autre Situation. Ainsi on peut \u00ab augmenter l&rsquo;horreur \u00bb de la situation 17 \u00ab D\u00e9couvrir le d\u00e9shonneur des siens \u00bb avec la Situation 3 \u00ab Venger un crime \u00bb et ainsi aboutir \u00e0 la situation 4 \u00ab Venger un proche \u00bb. Ainsi encore les Situations 15 \u00ab Adult\u00e8re meurtrier \u00bb et 25 \u00ab Adult\u00e8re \u00bb. Par ailleurs la m\u00eame \u0153uvre peut \u00eatre rang\u00e9e dans deux Situations distinctes (Hamlet est \u00e0 la fois cit\u00e9 dans la Situation 4 et la Situation 13).<br \/>\n<a href=\"#_ftnref2\" name=\"_ftn2\">[2]<\/a> <em>La Porteuse de pain<\/em> est un roman-feuilleton de l&rsquo;\u00e9crivain fran\u00e7ais Xavier de Mont\u00e9pin, paru d&rsquo;abord dans Le Petit Journal \u00e0 partir du 15 juin 1884. Il connut un important succ\u00e8s populaire et fut r\u00e9\u00e9dit\u00e9 et adapt\u00e9 \u00e0 plusieurs reprises pour le th\u00e9\u00e2tre, le cin\u00e9ma et plus r\u00e9cemment pour la t\u00e9l\u00e9vision.<br \/>\n<a href=\"#_ftnref3\" name=\"_ftn3\">[3]<\/a> <em>Le Contr\u00f4leur des wagons-lits<\/em>\u00a0: film franco-allemand r\u00e9alis\u00e9 en 1934 par Richard Eichberg.<br \/>\n<a href=\"#_ftnref4\" name=\"_ftn4\">[4]<\/a> Henri Bernstein (1876-1953) est un dramaturge fran\u00e7ais du th\u00e9\u00e2tre de boulevard. Il devint c\u00e9l\u00e8bre en 1906 gr\u00e2ce au succ\u00e8s de son drame bourgeois <em>Le Voleur<\/em>.<\/p>\n","protected":false},"excerpt":{"rendered":"<p>\u00a0 Dimanche 26 septembre 1948 Ma ch\u00e9rie, Ma cellule pue le p\u00e9trole car j\u2019ai fait d\u00e9sinfecter ce matin ma nouvelle paillasse o\u00f9 les punaises avaient \u00e9lu un domicile somptueux et je vais dormir dans les \u00e9manations de Bakou mais, pour &hellip; <a href=\"https:\/\/monperejeanmamy.fr\/?page_id=2749\">Continuer la lecture <span class=\"meta-nav\">&rarr;<\/span><\/a><\/p>\n","protected":false},"author":2,"featured_media":11,"parent":0,"menu_order":0,"comment_status":"closed","ping_status":"closed","template":"","meta":[],"folder":[],"_links":{"self":[{"href":"https:\/\/monperejeanmamy.fr\/index.php?rest_route=\/wp\/v2\/pages\/2749"}],"collection":[{"href":"https:\/\/monperejeanmamy.fr\/index.php?rest_route=\/wp\/v2\/pages"}],"about":[{"href":"https:\/\/monperejeanmamy.fr\/index.php?rest_route=\/wp\/v2\/types\/page"}],"author":[{"embeddable":true,"href":"https:\/\/monperejeanmamy.fr\/index.php?rest_route=\/wp\/v2\/users\/2"}],"replies":[{"embeddable":true,"href":"https:\/\/monperejeanmamy.fr\/index.php?rest_route=%2Fwp%2Fv2%2Fcomments&post=2749"}],"version-history":[{"count":6,"href":"https:\/\/monperejeanmamy.fr\/index.php?rest_route=\/wp\/v2\/pages\/2749\/revisions"}],"predecessor-version":[{"id":3352,"href":"https:\/\/monperejeanmamy.fr\/index.php?rest_route=\/wp\/v2\/pages\/2749\/revisions\/3352"}],"wp:featuredmedia":[{"embeddable":true,"href":"https:\/\/monperejeanmamy.fr\/index.php?rest_route=\/wp\/v2\/media\/11"}],"wp:attachment":[{"href":"https:\/\/monperejeanmamy.fr\/index.php?rest_route=%2Fwp%2Fv2%2Fmedia&parent=2749"}],"wp:term":[{"taxonomy":"folder","embeddable":true,"href":"https:\/\/monperejeanmamy.fr\/index.php?rest_route=%2Fwp%2Fv2%2Ffolder&post=2749"}],"curies":[{"name":"wp","href":"https:\/\/api.w.org\/{rel}","templated":true}]}}