{"id":276,"date":"2021-02-18T11:40:58","date_gmt":"2021-02-18T10:40:58","guid":{"rendered":"http:\/\/monperejeanmamy.fr\/?page_id=276"},"modified":"2021-03-07T18:49:00","modified_gmt":"2021-03-07T17:49:00","slug":"les-barreaux-dor","status":"publish","type":"page","link":"https:\/\/monperejeanmamy.fr\/?page_id=276","title":{"rendered":"Les Barreaux d&rsquo;Or"},"content":{"rendered":"<p style=\"text-align: justify;\">Extrait du recueil de po\u00e8mes, \u00e9crits en prison, d\u00e9di\u00e9 \u00ab \u00e0 tous les prisonniers politiques du monde \u00bb, intitul\u00e9 <em>Les Barreaux d&rsquo;Or, po\u00e8mes de prison<\/em>, publi\u00e9, sous le pseudonyme Roncevaux, \u00e0 titre posthume, en 1963 \u00e0 compte d&rsquo;auteur par son fils, Bernard Mamy, aux \u00e9ditions du Ch\u00e2teau (Sion, Suisse).<a href=\"#_ftn2\" name=\"_ftnref2\"><\/a><\/p>\n<p style=\"text-align: center;\">:<strong>Sous les crachats<\/strong><\/p>\n<p style=\"padding-left: 40px;\">Sous les crachats d&rsquo;or et de pierreries<img loading=\"lazy\" class=\"alignright size-medium wp-image-274\" src=\"http:\/\/monperejeanmamy.fr\/wp-content\/uploads\/2021\/02\/Les-barreaux-d-or-221x300.jpg\" alt=\"\" width=\"221\" height=\"300\" srcset=\"https:\/\/monperejeanmamy.fr\/wp-content\/uploads\/2021\/02\/Les-barreaux-d-or-221x300.jpg 221w, https:\/\/monperejeanmamy.fr\/wp-content\/uploads\/2021\/02\/Les-barreaux-d-or-754x1024.jpg 754w, https:\/\/monperejeanmamy.fr\/wp-content\/uploads\/2021\/02\/Les-barreaux-d-or-768x1043.jpg 768w, https:\/\/monperejeanmamy.fr\/wp-content\/uploads\/2021\/02\/Les-barreaux-d-or.jpg 839w\" sizes=\"(max-width: 221px) 100vw, 221px\" \/><br \/>\nLes potentats de la grimacerie<br \/>\nImp\u00e9rators, emplumaill\u00e9s, pachas,<br \/>\nEt grands bouffis que l&rsquo;orgueil cravacha<br \/>\nVont tripotant leur bimbeloterie<br \/>\nSous les crachats<\/p>\n<p style=\"padding-left: 40px;\">Jusqu&rsquo;au jour faste o\u00f9 leur hydropisie<br \/>\nFera p\u00e9ter les passementeries<br \/>\nDes corbillards que Borniol harnacha<br \/>\nSous les crachats<\/p>\n<p style=\"padding-left: 40px;\">Pour nous, insoumis aux immondes furies<br \/>\nDes \u00e9ternels massacreurs de messies<br \/>\nNous pr\u00e9f\u00e9rons la route que joncha<br \/>\nLa pluie des coeurs avides de rachats<br \/>\nCombien plus pure est notre eucharistie<br \/>\nSous les crachats<\/p>\n","protected":false},"excerpt":{"rendered":"<p>Extrait du recueil de po\u00e8mes, \u00e9crits en prison, d\u00e9di\u00e9 \u00ab \u00e0 tous les prisonniers politiques du monde \u00bb, intitul\u00e9 Les Barreaux d&rsquo;Or, po\u00e8mes de prison, publi\u00e9, sous le pseudonyme Roncevaux, \u00e0 titre posthume, en 1963 \u00e0 compte d&rsquo;auteur par son &hellip; <a href=\"https:\/\/monperejeanmamy.fr\/?page_id=276\">Continuer la lecture <span class=\"meta-nav\">&rarr;<\/span><\/a><\/p>\n","protected":false},"author":1,"featured_media":1142,"parent":0,"menu_order":0,"comment_status":"closed","ping_status":"closed","template":"","meta":[],"folder":[],"_links":{"self":[{"href":"https:\/\/monperejeanmamy.fr\/index.php?rest_route=\/wp\/v2\/pages\/276"}],"collection":[{"href":"https:\/\/monperejeanmamy.fr\/index.php?rest_route=\/wp\/v2\/pages"}],"about":[{"href":"https:\/\/monperejeanmamy.fr\/index.php?rest_route=\/wp\/v2\/types\/page"}],"author":[{"embeddable":true,"href":"https:\/\/monperejeanmamy.fr\/index.php?rest_route=\/wp\/v2\/users\/1"}],"replies":[{"embeddable":true,"href":"https:\/\/monperejeanmamy.fr\/index.php?rest_route=%2Fwp%2Fv2%2Fcomments&post=276"}],"version-history":[{"count":3,"href":"https:\/\/monperejeanmamy.fr\/index.php?rest_route=\/wp\/v2\/pages\/276\/revisions"}],"predecessor-version":[{"id":280,"href":"https:\/\/monperejeanmamy.fr\/index.php?rest_route=\/wp\/v2\/pages\/276\/revisions\/280"}],"wp:featuredmedia":[{"embeddable":true,"href":"https:\/\/monperejeanmamy.fr\/index.php?rest_route=\/wp\/v2\/media\/1142"}],"wp:attachment":[{"href":"https:\/\/monperejeanmamy.fr\/index.php?rest_route=%2Fwp%2Fv2%2Fmedia&parent=276"}],"wp:term":[{"taxonomy":"folder","embeddable":true,"href":"https:\/\/monperejeanmamy.fr\/index.php?rest_route=%2Fwp%2Fv2%2Ffolder&post=276"}],"curies":[{"name":"wp","href":"https:\/\/api.w.org\/{rel}","templated":true}]}}