{"id":2823,"date":"2021-05-18T10:44:52","date_gmt":"2021-05-18T08:44:52","guid":{"rendered":"http:\/\/monperejeanmamy.fr\/?page_id=2823"},"modified":"2024-11-04T16:26:57","modified_gmt":"2024-11-04T15:26:57","slug":"jm-a-jr-fresnes-48-12-30","status":"publish","type":"page","link":"https:\/\/monperejeanmamy.fr\/?page_id=2823","title":{"rendered":"JM \u00e0 JR (Fresnes 48\/12\/30)"},"content":{"rendered":"<p><strong>\u00a0<\/strong><a href=\"http:\/\/monperejeanmamy.fr\/?page_id=2819\"><img loading=\"lazy\" class=\"wp-image-1352 alignleft\" src=\"http:\/\/monperejeanmamy.fr\/wp-content\/uploads\/2021\/03\/Lettre-precedente.jpg\" alt=\"\" width=\"143\" height=\"78\" \/><\/a><a href=\"http:\/\/monperejeanmamy.fr\/?page_id=2828\"><img loading=\"lazy\" class=\"alignright wp-image-1353\" src=\"http:\/\/monperejeanmamy.fr\/wp-content\/uploads\/2021\/03\/Lettre-suivante.jpg\" alt=\"\" width=\"139\" height=\"76\" \/><\/a><\/p>\n<p style=\"text-align: center;\"><strong>Jeudi 30 d\u00e9cembre 1948<br \/>\n<\/strong><\/p>\n<p style=\"text-align: center;\">Ma Jeannette ch\u00e9rie,<\/p>\n<p style=\"text-align: justify;\">Je re\u00e7ois toutes tes lettres et m\u2019aper\u00e7ois que tu n\u2019as pas eu celle de dimanche <a href=\"#_ftn1\" name=\"_ftnref1\">[1]<\/a>. Je ne comprends rien \u00e0 la poste. Ou bien la censure\u00a0? Pourtant on me l\u2019aurait dit.<\/p>\n<p style=\"text-align: justify;\">Simplement pour te confirmer mon calme absolu, ma tranquillit\u00e9 parfaite. D\u00e8s la premi\u00e8re heure. Pas du tout \u00e9mu. Je me suis senti d\u00e9livr\u00e9 d\u2019un immense poids. Rupture avec le monde. Effacement des spectres de haine. Contre qui je n\u2019avais pas de haine. J\u2019ai essay\u00e9 m\u00eame d\u2019avoir de la piti\u00e9 pour eux, mais j\u2019ai compris qu\u2019ils ne souffraient pas de douleur, mais de haine. Ils d\u00e9testaient celui qui les avait emp\u00each\u00e9 d\u2019accomplir leur \u0153uvre de destruction. Celui qui s\u2019\u00e9tait interpos\u00e9 entre leur volont\u00e9 de tuer et l\u2019adversaire. Ils me d\u00e9testaient d\u2019autant plus que le geste \u00e9tait pur, d\u00e9sint\u00e9ress\u00e9, logique. Je les avais surpris dans leurs manigances. J\u2019avais devin\u00e9 leur jeu. Celui qui se dissimule dans l\u2019ombre n\u2019aime pas qu\u2019on lui projette la lumi\u00e8re dans les yeux.<\/p>\n<p style=\"text-align: justify;\">En redescendant, apr\u00e8s le verdict, j\u2019ai eu une grande heure de lucidit\u00e9 parfaite. Tout semblait si clair. Je n\u2019ai pas de place dans ce monde-l\u00e0. Il faut monter beaucoup plus haut. Vivre \u00e0 une altitude o\u00f9 la haine ne vous atteint plus. Refuser toute compromission, tout contact. Repousser toute invite. Que les hommes organisent comme ils le veulent leur d\u00e9bauche, leur d\u00e9sordre. Pour moi, c\u2019est fini. Je ne c\u00e9derai jamais \u00e0 la foule. Il faut la m\u00e2ter ou s\u2019en \u00e9carter. La vie haute exige un d\u00e9sint\u00e9ressement total, une puret\u00e9 inconcevable en bas\u00a0? Savaient-ils, ces furieux, que pendant cinq jours, tandis que les r\u00e9ponses et les demandes se croisaient entre les juges, les t\u00e9moins et moi, je priais tranquillement. J\u2019\u00e9tais si loin au-dessus de tout ce cauchemar.<\/p>\n<p style=\"text-align: justify;\">Tu as \u00e9t\u00e9 magnifique. Leroy, G\u00e9ranton, m\u2019ont dit tout ton courage. Et j\u2019ai bien senti, en prenant ta t\u00eate contre la mienne, dans ces meilleures minutes de notre vie, que tu \u00e9tais mienne compl\u00e8tement, n\u2019approuvant pas les combats, mais respectant les motifs, souffrant des gestes du guerrier, mais sachant qu\u2019il n\u2019a pas failli \u00e0 un id\u00e9al \u00e9lev\u00e9. Et tu \u00e9tais heureuse au milieu de la temp\u00eate. Car celui qui dirige tout ne nous pousse pas \u00e0 la c\u00f4te pour nous briser. Mais nous entrerons au port paisible, \u00e0 travers tous les tracas.<\/p>\n<p style=\"text-align: justify;\">Ne te tourmente pas pour les colis. J\u2019ai dit \u00e0 ma m\u00e8re : si vous pouvez, elle et toi ensemble, m\u2019assurer \u00e0 peu pr\u00e8s l\u2019argent d\u00e9pens\u00e9 pour les colis, je crois que ce sera largement suffisant. Il me semble m\u00eame que ce sera trop. Mais je te le dirai au bout d\u2019un mois. Nous pouvons acheter en cantine au dehors. La nourriture n\u2019est pas mauvaise. Laisse-moi m\u2019organiser quelques jours <a href=\"#_ftn2\" name=\"_ftnref2\">[2]<\/a>.<\/p>\n<p style=\"text-align: justify;\">Je t\u2019ai d\u00e9j\u00e0 pr\u00e9par\u00e9 une note pour Leroy, que je lui confierai. Je crois \u00e9galement qu\u2019il serait peut-\u00eatre utile dans le dossier litt\u00e9raire de pr\u00e9senter un exemplaire de l\u2019<em>Oreste<\/em>. Si tu peux la taper d\u2019ici fin janvier. Il est vraisemblable que le pourvoi en cassation nous reviendra vers cette date et que nous pr\u00e9senterons alors le recours en gr\u00e2ce.<\/p>\n<p style=\"text-align: justify;\">D\u2019autre part, si tu tapes la plaidoirie de Leroy, mets-en 4 ex. suppl\u00e9mentaires dont j\u2019ai besoin, ainsi que 4 ex. du recours en gr\u00e2ce quand il sera pr\u00eat. J\u2019ai des relations \u00e0 faire jouer.<\/p>\n<p style=\"text-align: justify;\">Vois G\u00e9ranton qui est de bon conseil. Il te tuyautera aussi.<\/p>\n<p style=\"text-align: justify;\">Oui, je suis certain que 1949 nous d\u00e9livrera. Et je suis certain aussi que tous les deux nous nous sommes mieux compris et que nous avons trouv\u00e9 notre raison de vivre ensemble. Je crois t\u2019apporter beaucoup. Et toi, tu me donnes tout. Un amour magnifique. Un c\u0153ur si sinc\u00e8re. Un courage si absolu. Apr\u00e8s ce que nous avons pass\u00e9, nous pouvons construire quelque chose de tr\u00e8s fort.<\/p>\n<p style=\"text-align: justify;\">J\u2019ai commenc\u00e9 \u00e0 travailler depuis hier. Deux ou trois heures par jour sur une pi\u00e8ce qui sera \u00e9crite dans deux mois. Pour le reste, absolument tranquille. L\u2019esprit est d\u2019un calme total.<\/p>\n<p style=\"text-align: justify;\">Je crois que nous rirons un jour de toutes ces pauvres choses. Il m\u2019appara\u00eetra aussi combien il \u00e9tait inutile de se battre. \u00c0 quoi aboutissent les guerres, sinon \u00e0 plus de d\u00e9sordre, de mis\u00e8re, de ch\u00f4mage, et de tourments\u00a0? Nous irons chercher un pays lointain o\u00f9 les hommes ne soient plus hant\u00e9s par la volont\u00e9 de s\u2019entre-d\u00e9truire.<\/p>\n<p style=\"text-align: justify;\">J\u2019ai re\u00e7u de bonnes lettres de camarades qui m\u2019encouragent. Ils connaissent la duret\u00e9 et la l\u00e2chet\u00e9 des temps. Et ils sont rares ceux qui peuvent savoir r\u00e9ellement ce qui s\u2019est pass\u00e9. Quand la v\u00e9rit\u00e9 \u00e9clatera sur les \u00e9v\u00e8nements de 43 \u00e0 45, on verra que nous n\u2019avons pas \u00e9t\u00e9 des acharn\u00e9s, mais des d\u00e9fenseurs de l\u2019ordre.<\/p>\n<p style=\"text-align: justify;\">Je ne sais plus rien de ce qui se passe au dehors. Il semble que tout soit tr\u00e8s vaseux. Budget difficile. Prix ruineux. D\u00e9b\u00e2cle des esprits. Impuissance du pays \u00e0 r\u00e9agir. Pas d\u2019am\u00e9lioration. Le timbre \u00e0 15 Frs. Les imp\u00f4ts \u00e0 n\u2019en plus finir. La catastrophe. Mais elle dure depuis de longs mois cette catastrophe. Et l\u2019on condamne toujours. Et les m\u00eames sont toujours l\u00e0.<\/p>\n<p style=\"text-align: justify;\">Je t\u2019embrasse mieux qu\u2019avec tendresse. Avec compr\u00e9hension de toi. J\u2019ai l\u2019impression de voir clair \u00e0 travers toi. On lit. On voit tout ce que tu penses de doux et de simple. C\u2019est merveilleux. Et moi aussi je suis tout simple devant toi, d\u00e9pouill\u00e9 de toute morgue. Je n\u2019ai pas de secrets pour toi. Une vitre, voil\u00e0 ce qu\u2019il faut \u00eatre pour que la bont\u00e9 vous traverse.<\/p>\n<p style=\"text-align: justify;\">Mes gros baisers, petite fille ch\u00e9rie. Tu sais combien je te veux heureuse.<\/p>\n<p style=\"text-align: justify;\">J.<\/p>\n<p style=\"text-align: justify;\"><a href=\"#_ftnref1\" name=\"_ftn1\">[1]<\/a> Il s\u2019agirait de la lettre du dimanche 26 d\u00e9cembre 1948 (note de FGR)<br \/>\n<a href=\"#_ftnref2\" name=\"_ftn2\">[2]<\/a> Le r\u00e9gime des condamn\u00e9s \u00e0 mort change par rapport au r\u00e9gime pr\u00e9c\u00e9dent\u00a0: d\u2019un c\u00f4t\u00e9 il est mis aux fers, les deux pieds entrav\u00e9s de lourdes chaines, mais de l\u2019autre il peut maintenant \u00e9crire une lettre quotidienne au lieu de deux par semaine\u00a0; en revanche, il n\u2019a plus droit aux colis hebdomadaires que ma m\u00e8re et ma grand-m\u00e8re lui confectionnaient avec amour (note de FGR).<\/p>\n","protected":false},"excerpt":{"rendered":"<p>\u00a0 Jeudi 30 d\u00e9cembre 1948 Ma Jeannette ch\u00e9rie, Je re\u00e7ois toutes tes lettres et m\u2019aper\u00e7ois que tu n\u2019as pas eu celle de dimanche [1]. Je ne comprends rien \u00e0 la poste. Ou bien la censure\u00a0? Pourtant on me l\u2019aurait dit. &hellip; <a href=\"https:\/\/monperejeanmamy.fr\/?page_id=2823\">Continuer la lecture <span class=\"meta-nav\">&rarr;<\/span><\/a><\/p>\n","protected":false},"author":2,"featured_media":11,"parent":0,"menu_order":0,"comment_status":"closed","ping_status":"closed","template":"","meta":[],"folder":[],"_links":{"self":[{"href":"https:\/\/monperejeanmamy.fr\/index.php?rest_route=\/wp\/v2\/pages\/2823"}],"collection":[{"href":"https:\/\/monperejeanmamy.fr\/index.php?rest_route=\/wp\/v2\/pages"}],"about":[{"href":"https:\/\/monperejeanmamy.fr\/index.php?rest_route=\/wp\/v2\/types\/page"}],"author":[{"embeddable":true,"href":"https:\/\/monperejeanmamy.fr\/index.php?rest_route=\/wp\/v2\/users\/2"}],"replies":[{"embeddable":true,"href":"https:\/\/monperejeanmamy.fr\/index.php?rest_route=%2Fwp%2Fv2%2Fcomments&post=2823"}],"version-history":[{"count":4,"href":"https:\/\/monperejeanmamy.fr\/index.php?rest_route=\/wp\/v2\/pages\/2823\/revisions"}],"predecessor-version":[{"id":3361,"href":"https:\/\/monperejeanmamy.fr\/index.php?rest_route=\/wp\/v2\/pages\/2823\/revisions\/3361"}],"wp:featuredmedia":[{"embeddable":true,"href":"https:\/\/monperejeanmamy.fr\/index.php?rest_route=\/wp\/v2\/media\/11"}],"wp:attachment":[{"href":"https:\/\/monperejeanmamy.fr\/index.php?rest_route=%2Fwp%2Fv2%2Fmedia&parent=2823"}],"wp:term":[{"taxonomy":"folder","embeddable":true,"href":"https:\/\/monperejeanmamy.fr\/index.php?rest_route=%2Fwp%2Fv2%2Ffolder&post=2823"}],"curies":[{"name":"wp","href":"https:\/\/api.w.org\/{rel}","templated":true}]}}