{"id":2855,"date":"2021-05-19T10:21:24","date_gmt":"2021-05-19T08:21:24","guid":{"rendered":"http:\/\/monperejeanmamy.fr\/?page_id=2855"},"modified":"2024-11-04T17:09:11","modified_gmt":"2024-11-04T16:09:11","slug":"jm-a-jr-fresnes-49-01-26","status":"publish","type":"page","link":"https:\/\/monperejeanmamy.fr\/?page_id=2855","title":{"rendered":"JM \u00e0 JR (Fresnes 49\/01\/26)"},"content":{"rendered":"<p><strong>\u00a0<\/strong><a href=\"http:\/\/monperejeanmamy.fr\/?page_id=2846\"><img loading=\"lazy\" class=\"wp-image-1352 alignleft\" src=\"http:\/\/monperejeanmamy.fr\/wp-content\/uploads\/2021\/03\/Lettre-precedente.jpg\" alt=\"\" width=\"143\" height=\"78\" \/><\/a><a href=\"http:\/\/monperejeanmamy.fr\/?page_id=2860\"><img loading=\"lazy\" class=\"alignright wp-image-1353\" src=\"http:\/\/monperejeanmamy.fr\/wp-content\/uploads\/2021\/03\/Lettre-suivante.jpg\" alt=\"\" width=\"139\" height=\"76\" \/><\/a><\/p>\n<p style=\"text-align: center;\"><strong>Mercredi 26 janvier 1949<br \/>\n<\/strong><\/p>\n<p style=\"text-align: center;\">Ma ch\u00e9rie,<\/p>\n<p style=\"text-align: justify;\">J&rsquo;ai re\u00e7u ta bonne lettre de dimanche tout \u00e0 l&rsquo;heure. J&rsquo;esp\u00e9rais voir le pasteur aujourd&rsquo;hui. Pas venu ! Je me renseignerai demain pour savoir s&rsquo;il est venu \u00e0 Fresnes. Il m&rsquo;aurait apport\u00e9 de tes bonnes nouvelles.<\/p>\n<p style=\"text-align: justify;\">J&rsquo;esp\u00e8re que ma lettre de dimanche ne t&rsquo;impressionne pas. Mon moral est parfait. C&rsquo;est \u00e0 dire qu&rsquo;il plafonne. Plus encore. Il cr\u00e8ve le plafond. Le propre d&rsquo;un bon moral est de d\u00e9truire tous soucis, tous ennuis, toutes craintes, tous cauchemars. Donc, en face de tous tes efforts, de mon c\u00f4t\u00e9, moi, je travaille pour que ma sant\u00e9 spirituelle vous aide. J&rsquo;ai confiance. Il faut vaincre la haine, manifester tant de perfection simple que le mal s&rsquo;\u00e9croule. Si tu savais (si mes adversaires savaient !) combien tous les \u00e9v\u00e9nements terrestres apparaissent petits, d&rsquo;une cellule de condamn\u00e9. On regarde l&rsquo;histoire. On consid\u00e8re les agitations humaines. On se dit : \u00ab <em>comme ce serait plus simple de revenir \u00e0 des lois naturelles : la g\u00e9n\u00e9rosit\u00e9, l&rsquo;entraide, l&rsquo;oubli des torts, la compr\u00e9hension, l&rsquo;ordre, le d\u00e9vouement au bien public, le go\u00fbt de la puret\u00e9, et tout et tout&#8230;<\/em>\u00a0\u00bb.<\/p>\n<p style=\"text-align: justify;\">Ta lettre est r\u00e9confortante. Je sais bien que tu fais toutes d\u00e9marches pour arriver au but. Pas vu Leroy non plus ces trois jours. Sans doute travaille-t-il aussi. Je n&rsquo;ai pas besoin de voir quiconque : il me suffit de savoir qu&rsquo;on fait ce qu&rsquo;il faut.<\/p>\n<p style=\"text-align: justify;\">Ce qu&rsquo;il faut c&rsquo;est obtenir une enqu\u00eate. Voil\u00e0 le but de vos efforts. Vous arriverez plus vite \u00e0 condition de faire ce d\u00e9tour. Sinon vous risquez d&rsquo;\u00eatre d\u00e9bord\u00e9s. Je crois que peu \u00e0 peu vous arriverez \u00e0 contenir l&rsquo;esprit de pr\u00e9cipitation qui voudrait bien se rassasier \u00e0 mes d\u00e9pens. Donc patience, t\u00e9nacit\u00e9. Ne c\u00e9dez pas sur ce point.<\/p>\n<p style=\"text-align: justify;\">Si tu crois qu&rsquo;il est utile de donner quelque chose \u00e0 Leroy, vos cela. Moi je ne sais pas quels sont les usages. Est-ce que cela peut aboutir \u00e0 mieux ? Tu es seule juge.<\/p>\n<p style=\"text-align: justify;\">Que Crey. fasse ce qu&rsquo;il faut pour Pierre. C&rsquo;est assez important. Re\u00e7u bonne lettre de G\u00e9ranton. Y r\u00e9pondrais. Remercie-le. Tous les copains sont \u00e9patants. Je sais bien qu&rsquo;ils font des v\u0153ux. Ce qui nous sert le plus, ce sont les campagnes de presse et les livres \u00e9dit\u00e9s \u00e0 l&rsquo;\u00e9tranger. Il est extr\u00eamement difficile de r\u00e9tablir la v\u00e9rit\u00e9. L&rsquo;acharnement des parties en pr\u00e9sence est encore au plus haut. C&rsquo;est pourquoi jusqu&rsquo;au dernier jour, nous risquons tout. L&rsquo;apaisement ne peut venir que de la bonne volont\u00e9. Il en faut beaucoup de part et d&rsquo;autre.<\/p>\n<p style=\"text-align: justify;\">Je pense comme toi que nous serons tr\u00e8s heureux et que nous vivrons de longs jours la main dans la main. J&rsquo;ai trouv\u00e9 en toi l&rsquo;id\u00e9al humain qu&rsquo;on peut attendre d&rsquo;une compagne. Et d\u00e8s le moment o\u00f9 la confiance est absolue chez moi, le flot de tendresse se d\u00e9verse, renouvel\u00e9 chaque jour. Tu n&rsquo;as rien \u00e0 craindre pour le trop plein du c\u0153ur. Il est certain que tu me demanderas peut-\u00eatre de ne pas exag\u00e9rer mes transports. J&rsquo;ai beaucoup d&rsquo;ann\u00e9es \u00e0 rattraper.<\/p>\n<p style=\"text-align: justify;\">J&rsquo;ai fini ma pi\u00e8ce (ou presque ; quelques pages seront termin\u00e9es demain). Je vais pouvoir me livrer \u00e0 un autre travail. J&rsquo;ai des id\u00e9es po\u00e9tiques. Une s\u00e9rie de petits po\u00e8mes tr\u00e8s courts \u00e0 la mani\u00e8re japonaise. Je crois que je commencerai demain. Un par jour. Pendant combien de jours ? Apr\u00e8s ? J&rsquo;ai du travail dans la t\u00eate au moins pour dix ans, vingt ans, toujours. Car dans la vie \u00e9ternelle nous travaillons \u00e9ternellement \u00e0 des t\u00e2ches sublimes toujours mieux inspir\u00e9es, avec des r\u00e9compenses de plus en plus belles. Ne crois-tu pas que c&rsquo;est une grosse r\u00e9compense pour moi de t&rsquo;avoir trouv\u00e9e ? C&rsquo;est la meilleure chose du monde. Moi, je ne demandais rien d&rsquo;autre, et je crois que nous irons encore beaucoup plus loin que pr\u00e9vu. Le bonheur ce n&rsquo;est pas seulement de vivre ensemble, mais penser de la m\u00eame fa\u00e7on avec la m\u00eame sensibilit\u00e9 transcendante, le m\u00eame amour des choses parfaites, la m\u00eame puret\u00e9 dans le regard, le m\u00eame \u00e9merveillement en face de la nature divine, la m\u00eame patience \u00e0 se d\u00e9couvrir, \u00e0 se cultiver, \u00e0 reconna\u00eetre son chemin.<\/p>\n<p style=\"text-align: justify;\">Me voila tout calme \u00e0 l&rsquo;id\u00e9e que tu es heureuse dans le bien commun. Les \u00e9preuves auront r\u00e9veill\u00e9 en nous un sens d&rsquo;unit\u00e9 avec la vie. Nous sommes tellement plus forts devant les \u00e9v\u00e9nements ou les hommes quand nous nous appuyons sur un principe plus grand que nous, qui commande tout et tous. Si nous sommes dans l&rsquo;harmonie, nous ne pouvons \u00eatre dans les soucis. Aucun bonheur r\u00e9el ne peut \u00eatre troubl\u00e9 par des m\u00e9chants. Il faut que notre bonheur soit purement spirituel, soit plac\u00e9 entre les mains de l&rsquo;Esprit pour qu&rsquo;il dure, et qu&rsquo;il puisse franchir toute \u00e9preuve.<\/p>\n<p style=\"text-align: justify;\">Je t&#8217;embrasse avec tant de baisers et d&rsquo;affection. Tu es ma toute ch\u00e9rie. Je t&rsquo;aime infiniment.<\/p>\n<p style=\"text-align: justify;\">J.<\/p>\n","protected":false},"excerpt":{"rendered":"<p>\u00a0 Mercredi 26 janvier 1949 Ma ch\u00e9rie, J&rsquo;ai re\u00e7u ta bonne lettre de dimanche tout \u00e0 l&rsquo;heure. J&rsquo;esp\u00e9rais voir le pasteur aujourd&rsquo;hui. Pas venu ! Je me renseignerai demain pour savoir s&rsquo;il est venu \u00e0 Fresnes. Il m&rsquo;aurait apport\u00e9 de &hellip; <a href=\"https:\/\/monperejeanmamy.fr\/?page_id=2855\">Continuer la lecture <span class=\"meta-nav\">&rarr;<\/span><\/a><\/p>\n","protected":false},"author":2,"featured_media":11,"parent":0,"menu_order":0,"comment_status":"closed","ping_status":"closed","template":"","meta":[],"folder":[],"_links":{"self":[{"href":"https:\/\/monperejeanmamy.fr\/index.php?rest_route=\/wp\/v2\/pages\/2855"}],"collection":[{"href":"https:\/\/monperejeanmamy.fr\/index.php?rest_route=\/wp\/v2\/pages"}],"about":[{"href":"https:\/\/monperejeanmamy.fr\/index.php?rest_route=\/wp\/v2\/types\/page"}],"author":[{"embeddable":true,"href":"https:\/\/monperejeanmamy.fr\/index.php?rest_route=\/wp\/v2\/users\/2"}],"replies":[{"embeddable":true,"href":"https:\/\/monperejeanmamy.fr\/index.php?rest_route=%2Fwp%2Fv2%2Fcomments&post=2855"}],"version-history":[{"count":5,"href":"https:\/\/monperejeanmamy.fr\/index.php?rest_route=\/wp\/v2\/pages\/2855\/revisions"}],"predecessor-version":[{"id":3367,"href":"https:\/\/monperejeanmamy.fr\/index.php?rest_route=\/wp\/v2\/pages\/2855\/revisions\/3367"}],"wp:featuredmedia":[{"embeddable":true,"href":"https:\/\/monperejeanmamy.fr\/index.php?rest_route=\/wp\/v2\/media\/11"}],"wp:attachment":[{"href":"https:\/\/monperejeanmamy.fr\/index.php?rest_route=%2Fwp%2Fv2%2Fmedia&parent=2855"}],"wp:term":[{"taxonomy":"folder","embeddable":true,"href":"https:\/\/monperejeanmamy.fr\/index.php?rest_route=%2Fwp%2Fv2%2Ffolder&post=2855"}],"curies":[{"name":"wp","href":"https:\/\/api.w.org\/{rel}","templated":true}]}}