{"id":2927,"date":"2021-05-22T15:46:28","date_gmt":"2021-05-22T13:46:28","guid":{"rendered":"http:\/\/monperejeanmamy.fr\/?page_id=2927"},"modified":"2021-05-22T16:11:09","modified_gmt":"2021-05-22T14:11:09","slug":"jm-a-jr-fresnes-49-03-22","status":"publish","type":"page","link":"https:\/\/monperejeanmamy.fr\/?page_id=2927","title":{"rendered":"JM \u00e0 JR (Fresnes 49\/03\/22)"},"content":{"rendered":"<p><strong>\u00a0<\/strong><a href=\"http:\/\/monperejeanmamy.fr\/?page_id=2923\"><img loading=\"lazy\" class=\"wp-image-1352 alignleft\" src=\"http:\/\/monperejeanmamy.fr\/wp-content\/uploads\/2021\/03\/Lettre-precedente.jpg\" alt=\"\" width=\"143\" height=\"78\" \/><\/a><a href=\"http:\/\/monperejeanmamy.fr\/?page_id=2934\"><img loading=\"lazy\" class=\"alignright wp-image-1353\" src=\"http:\/\/monperejeanmamy.fr\/wp-content\/uploads\/2021\/03\/Lettre-suivante.jpg\" alt=\"\" width=\"139\" height=\"76\" \/><\/a><\/p>\n<p style=\"text-align: center;\"><strong>Mardi 22 mars 1949<br \/>\n<\/strong><\/p>\n<p style=\"text-align: center;\">Ma ch\u00e9rie,<\/p>\n<p style=\"text-align: justify;\">Je re\u00e7ois tes bonnes lettres et tes pneus r\u00e9guli\u00e8rement. Et c\u2019est tr\u00e8s bien. Je voudrais savoir (c\u2019est ce que je t\u00e2che de deviner \u00e0 travers les mots affectueux que tu me dis) si ta conviction est b\u00e2tie sur un espoir personnel ou sur des indications pr\u00e9cises que t\u2019auraient donn\u00e9es certaines personnes. Tu sais que je suis un grand gar\u00e7on, qu\u2019on peut me parler ouvertement. De plus, voici quel est mon \u00e9tat d\u2019esprit\u00a0: la vie n\u2019a d\u2019importance que sur un certain plan. Gr\u00e2ce ou ex\u00e9cution, c\u2019est tout un si on reste sur le plan d\u2019en bas. Ce mieux de durer dans un r\u00eave de plaisir que de vivre un moment tragique dans un autre r\u00eave de violence. La vie humaine (qui n\u2019est pas la vie) essaie toujours de vous s\u00e9duire ou de vous tourmenter. Quelle que soit la solution que les hommes pr\u00e9tendent ordonner (et personne ne peut d\u00e9pendre d\u2019un autre), nous sommes toujours, si nous le comprenons, dans la <u>gr\u00e2ce<\/u> la plus haute, qui ne saurait jamais \u00eatre interrompue. Ce n\u2019est pas dimanche que je chante victoire, moi\u00a0; c\u2019est aujourd\u2019hui, si j\u2019ai vaincu beaucoup de violence ou d\u2019inqui\u00e9tude en moi\u00a0: tous vieux oripeaux. La gr\u00e2ce qui nous est accord\u00e9e, c\u2019est de comprendre la vie, de la vivre, de la d\u00e9monter dans la paix, de briser en nous et autour de nous tout r\u00eave de mal. Et pour ce, il nous faut monter tr\u00e8s haut dans la vision des choses r\u00e9elles.<\/p>\n<p style=\"text-align: justify;\">Tu n\u2019as pas peur du tout, mais moi non plus, comme tu vois.<\/p>\n<p style=\"text-align: justify;\">J\u2019ai relu toutes tes lettres depuis deux mois. Il y en a qui donnent certaines pr\u00e9cisions. Je comprends que tu ne puisses pas \u00e9crire tout ce que tu sais. Mais entre <u>l\u2019espoir<\/u> et <u>l\u2019indication nette<\/u>, il y a une nuance. Veuille donc me confirmer certaines appr\u00e9ciations que tu me donnais il y a deux mois.<\/p>\n<p style=\"text-align: justify;\">A part cela, tout va le mieux du monde. J\u2019ai dormi fort bien cette nuit, sachant depuis hier soir le report des visites, et j\u2019attends avec confiance, puisque tu me dis tant de bonnes choses.<\/p>\n<p style=\"text-align: justify;\">\u00c9cris-moi tous les jours. J\u2019ai besoin de pattes de mouche r\u00e9guli\u00e8rement pour \u00eatre au courant de tout.<\/p>\n<p style=\"text-align: justify;\">Et je t\u2019embrasse comme tu peux le penser. Avec une affection tranquille, un flot de bonheur, la joie de savoir que tu es apais\u00e9e. L\u2019avenir est gros d\u2019immenses possibilit\u00e9s. Un cycle nouveau d\u2019exp\u00e9riences s\u2019ouvre devant moi. Ce que tu viens de taper est d\u00e9j\u00e0 du pass\u00e9, tr\u00e8s vieux. Je l\u2019adoucirai. Je le modifierai dans le sens qu\u2019il faut pour que l\u2019exp\u00e9rience soit b\u00e9n\u00e9fique pour tous (car il faut s\u2019expliquer toujours \u2014les autres le font bien\u2014 ou bien ils mentent. C\u2019est le devoir de chacun de r\u00e9tablir toujours la v\u00e9rit\u00e9 \u2014m\u00eame choquante). Mais pour les \u0153uvres \u00e0 venir, quelle douceur, quelle aspiration id\u00e9aliste. J\u2019\u00e9crirai (ou j\u2019essayerai d\u2019\u00e9crire) comme peignaient Fra Angelico ou Boticelli, avec un amour tendre, une joie irr\u00e9sistible, sans qu\u2019il n\u2019y ait aucune trace de mondanit\u00e9s.<\/p>\n<p style=\"text-align: justify;\">Je t\u2019embrasse infiniment. Tu es ma joie.<\/p>\n<p style=\"text-align: justify;\">J.<\/p>\n","protected":false},"excerpt":{"rendered":"<p>\u00a0 Mardi 22 mars 1949 Ma ch\u00e9rie, Je re\u00e7ois tes bonnes lettres et tes pneus r\u00e9guli\u00e8rement. Et c\u2019est tr\u00e8s bien. Je voudrais savoir (c\u2019est ce que je t\u00e2che de deviner \u00e0 travers les mots affectueux que tu me dis) si &hellip; <a href=\"https:\/\/monperejeanmamy.fr\/?page_id=2927\">Continuer la lecture <span class=\"meta-nav\">&rarr;<\/span><\/a><\/p>\n","protected":false},"author":2,"featured_media":11,"parent":0,"menu_order":0,"comment_status":"closed","ping_status":"closed","template":"","meta":[],"folder":[],"_links":{"self":[{"href":"https:\/\/monperejeanmamy.fr\/index.php?rest_route=\/wp\/v2\/pages\/2927"}],"collection":[{"href":"https:\/\/monperejeanmamy.fr\/index.php?rest_route=\/wp\/v2\/pages"}],"about":[{"href":"https:\/\/monperejeanmamy.fr\/index.php?rest_route=\/wp\/v2\/types\/page"}],"author":[{"embeddable":true,"href":"https:\/\/monperejeanmamy.fr\/index.php?rest_route=\/wp\/v2\/users\/2"}],"replies":[{"embeddable":true,"href":"https:\/\/monperejeanmamy.fr\/index.php?rest_route=%2Fwp%2Fv2%2Fcomments&post=2927"}],"version-history":[{"count":3,"href":"https:\/\/monperejeanmamy.fr\/index.php?rest_route=\/wp\/v2\/pages\/2927\/revisions"}],"predecessor-version":[{"id":2937,"href":"https:\/\/monperejeanmamy.fr\/index.php?rest_route=\/wp\/v2\/pages\/2927\/revisions\/2937"}],"wp:featuredmedia":[{"embeddable":true,"href":"https:\/\/monperejeanmamy.fr\/index.php?rest_route=\/wp\/v2\/media\/11"}],"wp:attachment":[{"href":"https:\/\/monperejeanmamy.fr\/index.php?rest_route=%2Fwp%2Fv2%2Fmedia&parent=2927"}],"wp:term":[{"taxonomy":"folder","embeddable":true,"href":"https:\/\/monperejeanmamy.fr\/index.php?rest_route=%2Fwp%2Fv2%2Ffolder&post=2927"}],"curies":[{"name":"wp","href":"https:\/\/api.w.org\/{rel}","templated":true}]}}