{"id":294,"date":"2021-02-18T17:09:16","date_gmt":"2021-02-18T16:09:16","guid":{"rendered":"http:\/\/monperejeanmamy.fr\/?page_id=294"},"modified":"2021-03-07T18:43:05","modified_gmt":"2021-03-07T17:43:05","slug":"jean-mamy-dessinateur-et-caricaturiste","status":"publish","type":"page","link":"https:\/\/monperejeanmamy.fr\/?page_id=294","title":{"rendered":"Jean Mamy, peintre et dessinateur"},"content":{"rendered":"<h1>Costumes de th\u00e9\u00e2tre<\/h1>\n<p><img loading=\"lazy\" class=\"aligncenter size-large wp-image-304\" src=\"http:\/\/monperejeanmamy.fr\/wp-content\/uploads\/2021\/02\/Personnage-masculin-04-780x1024.jpg\" alt=\"\" width=\"584\" height=\"767\" srcset=\"https:\/\/monperejeanmamy.fr\/wp-content\/uploads\/2021\/02\/Personnage-masculin-04-780x1024.jpg 780w, https:\/\/monperejeanmamy.fr\/wp-content\/uploads\/2021\/02\/Personnage-masculin-04-228x300.jpg 228w, https:\/\/monperejeanmamy.fr\/wp-content\/uploads\/2021\/02\/Personnage-masculin-04-768x1009.jpg 768w, https:\/\/monperejeanmamy.fr\/wp-content\/uploads\/2021\/02\/Personnage-masculin-04-1170x1536.jpg 1170w, https:\/\/monperejeanmamy.fr\/wp-content\/uploads\/2021\/02\/Personnage-masculin-04-1560x2048.jpg 1560w, https:\/\/monperejeanmamy.fr\/wp-content\/uploads\/2021\/02\/Personnage-masculin-04.jpg 1603w\" sizes=\"(max-width: 584px) 100vw, 584px\" \/><\/p>\n<p><img loading=\"lazy\" class=\"aligncenter size-large wp-image-303\" src=\"http:\/\/monperejeanmamy.fr\/wp-content\/uploads\/2021\/02\/Personnage-masculin-03-780x1024.jpg\" alt=\"\" width=\"584\" height=\"767\" srcset=\"https:\/\/monperejeanmamy.fr\/wp-content\/uploads\/2021\/02\/Personnage-masculin-03-780x1024.jpg 780w, https:\/\/monperejeanmamy.fr\/wp-content\/uploads\/2021\/02\/Personnage-masculin-03-229x300.jpg 229w, https:\/\/monperejeanmamy.fr\/wp-content\/uploads\/2021\/02\/Personnage-masculin-03-768x1008.jpg 768w, https:\/\/monperejeanmamy.fr\/wp-content\/uploads\/2021\/02\/Personnage-masculin-03-1170x1536.jpg 1170w, https:\/\/monperejeanmamy.fr\/wp-content\/uploads\/2021\/02\/Personnage-masculin-03-1560x2048.jpg 1560w, https:\/\/monperejeanmamy.fr\/wp-content\/uploads\/2021\/02\/Personnage-masculin-03.jpg 1597w\" sizes=\"(max-width: 584px) 100vw, 584px\" \/><\/p>\n<p><img loading=\"lazy\" class=\"aligncenter size-large wp-image-302\" src=\"http:\/\/monperejeanmamy.fr\/wp-content\/uploads\/2021\/02\/Personnage-masculin-02-779x1024.jpg\" alt=\"\" width=\"584\" height=\"768\" srcset=\"https:\/\/monperejeanmamy.fr\/wp-content\/uploads\/2021\/02\/Personnage-masculin-02-779x1024.jpg 779w, https:\/\/monperejeanmamy.fr\/wp-content\/uploads\/2021\/02\/Personnage-masculin-02-228x300.jpg 228w, https:\/\/monperejeanmamy.fr\/wp-content\/uploads\/2021\/02\/Personnage-masculin-02-768x1009.jpg 768w, https:\/\/monperejeanmamy.fr\/wp-content\/uploads\/2021\/02\/Personnage-masculin-02-1169x1536.jpg 1169w, https:\/\/monperejeanmamy.fr\/wp-content\/uploads\/2021\/02\/Personnage-masculin-02-1559x2048.jpg 1559w, https:\/\/monperejeanmamy.fr\/wp-content\/uploads\/2021\/02\/Personnage-masculin-02.jpg 1613w\" sizes=\"(max-width: 584px) 100vw, 584px\" \/><\/p>\n<p><img loading=\"lazy\" class=\"aligncenter size-large wp-image-301\" src=\"http:\/\/monperejeanmamy.fr\/wp-content\/uploads\/2021\/02\/Personnage-masculin-01-763x1024.jpg\" alt=\"\" width=\"584\" height=\"784\" srcset=\"https:\/\/monperejeanmamy.fr\/wp-content\/uploads\/2021\/02\/Personnage-masculin-01-763x1024.jpg 763w, https:\/\/monperejeanmamy.fr\/wp-content\/uploads\/2021\/02\/Personnage-masculin-01-224x300.jpg 224w, https:\/\/monperejeanmamy.fr\/wp-content\/uploads\/2021\/02\/Personnage-masculin-01-768x1031.jpg 768w, https:\/\/monperejeanmamy.fr\/wp-content\/uploads\/2021\/02\/Personnage-masculin-01-1145x1536.jpg 1145w, https:\/\/monperejeanmamy.fr\/wp-content\/uploads\/2021\/02\/Personnage-masculin-01-1526x2048.jpg 1526w, https:\/\/monperejeanmamy.fr\/wp-content\/uploads\/2021\/02\/Personnage-masculin-01.jpg 1574w\" sizes=\"(max-width: 584px) 100vw, 584px\" \/><\/p>\n<p><img loading=\"lazy\" class=\"aligncenter size-large wp-image-300\" src=\"http:\/\/monperejeanmamy.fr\/wp-content\/uploads\/2021\/02\/Personnage-feminin-03-707x1024.jpg\" alt=\"\" width=\"584\" height=\"846\" srcset=\"https:\/\/monperejeanmamy.fr\/wp-content\/uploads\/2021\/02\/Personnage-feminin-03-707x1024.jpg 707w, https:\/\/monperejeanmamy.fr\/wp-content\/uploads\/2021\/02\/Personnage-feminin-03-207x300.jpg 207w, https:\/\/monperejeanmamy.fr\/wp-content\/uploads\/2021\/02\/Personnage-feminin-03-768x1112.jpg 768w, https:\/\/monperejeanmamy.fr\/wp-content\/uploads\/2021\/02\/Personnage-feminin-03-1061x1536.jpg 1061w, https:\/\/monperejeanmamy.fr\/wp-content\/uploads\/2021\/02\/Personnage-feminin-03-1415x2048.jpg 1415w, https:\/\/monperejeanmamy.fr\/wp-content\/uploads\/2021\/02\/Personnage-feminin-03.jpg 1457w\" sizes=\"(max-width: 584px) 100vw, 584px\" \/><\/p>\n<p><img loading=\"lazy\" class=\"aligncenter size-large wp-image-299\" src=\"http:\/\/monperejeanmamy.fr\/wp-content\/uploads\/2021\/02\/Personnage-feminin-02-770x1024.jpg\" alt=\"\" width=\"584\" height=\"777\" srcset=\"https:\/\/monperejeanmamy.fr\/wp-content\/uploads\/2021\/02\/Personnage-feminin-02-770x1024.jpg 770w, https:\/\/monperejeanmamy.fr\/wp-content\/uploads\/2021\/02\/Personnage-feminin-02-225x300.jpg 225w, https:\/\/monperejeanmamy.fr\/wp-content\/uploads\/2021\/02\/Personnage-feminin-02-768x1022.jpg 768w, https:\/\/monperejeanmamy.fr\/wp-content\/uploads\/2021\/02\/Personnage-feminin-02-1154x1536.jpg 1154w, https:\/\/monperejeanmamy.fr\/wp-content\/uploads\/2021\/02\/Personnage-feminin-02-1539x2048.jpg 1539w, https:\/\/monperejeanmamy.fr\/wp-content\/uploads\/2021\/02\/Personnage-feminin-02.jpg 1591w\" sizes=\"(max-width: 584px) 100vw, 584px\" \/><\/p>\n<p><img loading=\"lazy\" class=\"aligncenter size-large wp-image-298\" src=\"http:\/\/monperejeanmamy.fr\/wp-content\/uploads\/2021\/02\/Personnage-feminin-01-772x1024.jpg\" alt=\"\" width=\"584\" height=\"775\" srcset=\"https:\/\/monperejeanmamy.fr\/wp-content\/uploads\/2021\/02\/Personnage-feminin-01-772x1024.jpg 772w, https:\/\/monperejeanmamy.fr\/wp-content\/uploads\/2021\/02\/Personnage-feminin-01-226x300.jpg 226w, https:\/\/monperejeanmamy.fr\/wp-content\/uploads\/2021\/02\/Personnage-feminin-01-768x1019.jpg 768w, https:\/\/monperejeanmamy.fr\/wp-content\/uploads\/2021\/02\/Personnage-feminin-01-1158x1536.jpg 1158w, https:\/\/monperejeanmamy.fr\/wp-content\/uploads\/2021\/02\/Personnage-feminin-01-1544x2048.jpg 1544w, https:\/\/monperejeanmamy.fr\/wp-content\/uploads\/2021\/02\/Personnage-feminin-01.jpg 1585w\" sizes=\"(max-width: 584px) 100vw, 584px\" \/><\/p>\n<h1>Caricatures \u00e0 la symbolique caustique<\/h1>\n<p style=\"text-align: justify;\">L\u2019officier, dur et entra\u00eenant vers la mort repr\u00e9sente bien le c\u00f4t\u00e9 \u00e0 la fois pacifiste et peu militariste que Jean Mamy exprime d\u2019abord dans <em>L\u2019enfance sous les armes<\/em> (guerre de 14-18) puis dans <em>Le monde dans la nuit<\/em> (la dr\u00f4le de guerre 39-40).<\/p>\n<p><img loading=\"lazy\" class=\"aligncenter size-large wp-image-305\" src=\"http:\/\/monperejeanmamy.fr\/wp-content\/uploads\/2021\/02\/Personnage-01-Dictateurr-751x1024.jpg\" alt=\"\" width=\"584\" height=\"796\" srcset=\"https:\/\/monperejeanmamy.fr\/wp-content\/uploads\/2021\/02\/Personnage-01-Dictateurr-751x1024.jpg 751w, https:\/\/monperejeanmamy.fr\/wp-content\/uploads\/2021\/02\/Personnage-01-Dictateurr-220x300.jpg 220w, https:\/\/monperejeanmamy.fr\/wp-content\/uploads\/2021\/02\/Personnage-01-Dictateurr-768x1047.jpg 768w, https:\/\/monperejeanmamy.fr\/wp-content\/uploads\/2021\/02\/Personnage-01-Dictateurr-1126x1536.jpg 1126w, https:\/\/monperejeanmamy.fr\/wp-content\/uploads\/2021\/02\/Personnage-01-Dictateurr-1502x2048.jpg 1502w, https:\/\/monperejeanmamy.fr\/wp-content\/uploads\/2021\/02\/Personnage-01-Dictateurr.jpg 1656w\" sizes=\"(max-width: 584px) 100vw, 584px\" \/><\/p>\n<p style=\"text-align: justify;\">Le juge a lui aussi le regard dur et il enferme le condamn\u00e9 derri\u00e8re des barreaux o\u00f9 seuls le r\u00eave et l\u2019illusion permettent d\u2019entrevoir un peu de libert\u00e9, quelques oiseaux dans le ciel et une chemin\u00e9e d\u2019usine.<\/p>\n<p><img loading=\"lazy\" class=\"aligncenter size-large wp-image-307\" src=\"http:\/\/monperejeanmamy.fr\/wp-content\/uploads\/2021\/02\/Personnage-03-Juge-737x1024.jpg\" alt=\"\" width=\"584\" height=\"811\" srcset=\"https:\/\/monperejeanmamy.fr\/wp-content\/uploads\/2021\/02\/Personnage-03-Juge-737x1024.jpg 737w, https:\/\/monperejeanmamy.fr\/wp-content\/uploads\/2021\/02\/Personnage-03-Juge-216x300.jpg 216w, https:\/\/monperejeanmamy.fr\/wp-content\/uploads\/2021\/02\/Personnage-03-Juge-768x1067.jpg 768w, https:\/\/monperejeanmamy.fr\/wp-content\/uploads\/2021\/02\/Personnage-03-Juge-1105x1536.jpg 1105w, https:\/\/monperejeanmamy.fr\/wp-content\/uploads\/2021\/02\/Personnage-03-Juge-1473x2048.jpg 1473w, https:\/\/monperejeanmamy.fr\/wp-content\/uploads\/2021\/02\/Personnage-03-Juge.jpg 1644w\" sizes=\"(max-width: 584px) 100vw, 584px\" \/><\/p>\n<p style=\"text-align: justify;\">Le militant fran\u00e7ais, qu\u2019il soit r\u00e9publicain bleu-blanc-rouge, royaliste ou fasciste, ou encore communiste (et rouge) est avin\u00e9 (cf. <em>Le Monde dans la nuit<\/em>) et \u00ab\u00a0croqu\u00e9\u00a0comme un beauf\u00a0\u00bb.<\/p>\n<p><img loading=\"lazy\" class=\"aligncenter size-large wp-image-306\" src=\"http:\/\/monperejeanmamy.fr\/wp-content\/uploads\/2021\/02\/Personnage-02-Militant-752x1024.jpg\" alt=\"\" width=\"584\" height=\"795\" srcset=\"https:\/\/monperejeanmamy.fr\/wp-content\/uploads\/2021\/02\/Personnage-02-Militant-752x1024.jpg 752w, https:\/\/monperejeanmamy.fr\/wp-content\/uploads\/2021\/02\/Personnage-02-Militant-220x300.jpg 220w, https:\/\/monperejeanmamy.fr\/wp-content\/uploads\/2021\/02\/Personnage-02-Militant-768x1046.jpg 768w, https:\/\/monperejeanmamy.fr\/wp-content\/uploads\/2021\/02\/Personnage-02-Militant-1127x1536.jpg 1127w, https:\/\/monperejeanmamy.fr\/wp-content\/uploads\/2021\/02\/Personnage-02-Militant-1503x2048.jpg 1503w, https:\/\/monperejeanmamy.fr\/wp-content\/uploads\/2021\/02\/Personnage-02-Militant.jpg 1652w\" sizes=\"(max-width: 584px) 100vw, 584px\" \/><\/p>\n<p style=\"text-align: justify;\">La \u00ab\u00a0R\u00e9publique de Mamy\u00a0\u00bb, la III<sup>\u00e8me<\/sup>, celle qui a conduit la France \u00e0 la guerre et \u00e0 la d\u00e9faite, ou la IV<sup>\u00e8me<\/sup> qui vient de na\u00eetre bolch\u00e9vique, n\u2019est qu\u2019un glaive prot\u00e9geant les parmentaires r\u00e9fugi\u00e9s dans la Chambre des d\u00e9put\u00e9s, sur laquelle il est simplement interdit d\u2019uriner.<\/p>\n<p><img loading=\"lazy\" class=\"aligncenter size-large wp-image-309\" src=\"http:\/\/monperejeanmamy.fr\/wp-content\/uploads\/2021\/02\/Personnage-05-Republique-764x1024.jpg\" alt=\"\" width=\"584\" height=\"783\" srcset=\"https:\/\/monperejeanmamy.fr\/wp-content\/uploads\/2021\/02\/Personnage-05-Republique-764x1024.jpg 764w, https:\/\/monperejeanmamy.fr\/wp-content\/uploads\/2021\/02\/Personnage-05-Republique-224x300.jpg 224w, https:\/\/monperejeanmamy.fr\/wp-content\/uploads\/2021\/02\/Personnage-05-Republique-768x1029.jpg 768w, https:\/\/monperejeanmamy.fr\/wp-content\/uploads\/2021\/02\/Personnage-05-Republique-1147x1536.jpg 1147w, https:\/\/monperejeanmamy.fr\/wp-content\/uploads\/2021\/02\/Personnage-05-Republique-1529x2048.jpg 1529w, https:\/\/monperejeanmamy.fr\/wp-content\/uploads\/2021\/02\/Personnage-05-Republique.jpg 1690w\" sizes=\"(max-width: 584px) 100vw, 584px\" \/><\/p>\n<p style=\"text-align: justify;\">L\u2019\u00c9glise (c\u2019est l\u2019\u00c9glise catholique et ses r\u00eetes que vise Mamy car \u00e0 cette \u00e9poque il est devenu tr\u00e8s croyant de tendance protestante, <em>Christian Science<\/em>). triste et noire, repr\u00e9sent\u00e9e par un pr\u00eatre en soutane, est un \u00e9cran qui masque la Terre et la nature, laissant \u00e0 peine deviner l\u2019existence et la beaut\u00e9 des fleurs et la libert\u00e9 des oiseaux dans le ciel.<\/p>\n<p><img loading=\"lazy\" class=\"aligncenter size-large wp-image-310\" src=\"http:\/\/monperejeanmamy.fr\/wp-content\/uploads\/2021\/02\/Personnage-06-Cure-781x1024.jpg\" alt=\"\" width=\"584\" height=\"766\" srcset=\"https:\/\/monperejeanmamy.fr\/wp-content\/uploads\/2021\/02\/Personnage-06-Cure-781x1024.jpg 781w, https:\/\/monperejeanmamy.fr\/wp-content\/uploads\/2021\/02\/Personnage-06-Cure-229x300.jpg 229w, https:\/\/monperejeanmamy.fr\/wp-content\/uploads\/2021\/02\/Personnage-06-Cure-768x1007.jpg 768w, https:\/\/monperejeanmamy.fr\/wp-content\/uploads\/2021\/02\/Personnage-06-Cure-1172x1536.jpg 1172w, https:\/\/monperejeanmamy.fr\/wp-content\/uploads\/2021\/02\/Personnage-06-Cure-1563x2048.jpg 1563w, https:\/\/monperejeanmamy.fr\/wp-content\/uploads\/2021\/02\/Personnage-06-Cure.jpg 1671w\" sizes=\"(max-width: 584px) 100vw, 584px\" \/><\/p>\n<p style=\"text-align: justify;\">Enfin, le tribun qui fait \u0153uvre de m\u00e9moire en rappelant les morts au champ d\u2019honneur (l\u00e0 encore il faut relire <em>L\u2019enfance sous les armes<\/em>) a tout simplement perdu la t\u00eate, \u00e0 moins qu\u2019elle ne soit dans les nuages.<\/p>\n<p><img loading=\"lazy\" class=\"aligncenter size-large wp-image-308\" src=\"http:\/\/monperejeanmamy.fr\/wp-content\/uploads\/2021\/02\/Personnage-04-Orateur-755x1024.jpg\" alt=\"\" width=\"584\" height=\"792\" srcset=\"https:\/\/monperejeanmamy.fr\/wp-content\/uploads\/2021\/02\/Personnage-04-Orateur-755x1024.jpg 755w, https:\/\/monperejeanmamy.fr\/wp-content\/uploads\/2021\/02\/Personnage-04-Orateur-221x300.jpg 221w, https:\/\/monperejeanmamy.fr\/wp-content\/uploads\/2021\/02\/Personnage-04-Orateur-768x1042.jpg 768w, https:\/\/monperejeanmamy.fr\/wp-content\/uploads\/2021\/02\/Personnage-04-Orateur-1132x1536.jpg 1132w, https:\/\/monperejeanmamy.fr\/wp-content\/uploads\/2021\/02\/Personnage-04-Orateur-1510x2048.jpg 1510w, https:\/\/monperejeanmamy.fr\/wp-content\/uploads\/2021\/02\/Personnage-04-Orateur.jpg 1667w\" sizes=\"(max-width: 584px) 100vw, 584px\" \/><\/p>\n<p style=\"text-align: justify;\">\n","protected":false},"excerpt":{"rendered":"<p>Costumes de th\u00e9\u00e2tre Caricatures \u00e0 la symbolique caustique L\u2019officier, dur et entra\u00eenant vers la mort repr\u00e9sente bien le c\u00f4t\u00e9 \u00e0 la fois pacifiste et peu militariste que Jean Mamy exprime d\u2019abord dans L\u2019enfance sous les armes (guerre de 14-18) puis &hellip; <a href=\"https:\/\/monperejeanmamy.fr\/?page_id=294\">Continuer la lecture <span class=\"meta-nav\">&rarr;<\/span><\/a><\/p>\n","protected":false},"author":1,"featured_media":1143,"parent":0,"menu_order":0,"comment_status":"closed","ping_status":"closed","template":"","meta":[],"folder":[],"_links":{"self":[{"href":"https:\/\/monperejeanmamy.fr\/index.php?rest_route=\/wp\/v2\/pages\/294"}],"collection":[{"href":"https:\/\/monperejeanmamy.fr\/index.php?rest_route=\/wp\/v2\/pages"}],"about":[{"href":"https:\/\/monperejeanmamy.fr\/index.php?rest_route=\/wp\/v2\/types\/page"}],"author":[{"embeddable":true,"href":"https:\/\/monperejeanmamy.fr\/index.php?rest_route=\/wp\/v2\/users\/1"}],"replies":[{"embeddable":true,"href":"https:\/\/monperejeanmamy.fr\/index.php?rest_route=%2Fwp%2Fv2%2Fcomments&post=294"}],"version-history":[{"count":6,"href":"https:\/\/monperejeanmamy.fr\/index.php?rest_route=\/wp\/v2\/pages\/294\/revisions"}],"predecessor-version":[{"id":316,"href":"https:\/\/monperejeanmamy.fr\/index.php?rest_route=\/wp\/v2\/pages\/294\/revisions\/316"}],"wp:featuredmedia":[{"embeddable":true,"href":"https:\/\/monperejeanmamy.fr\/index.php?rest_route=\/wp\/v2\/media\/1143"}],"wp:attachment":[{"href":"https:\/\/monperejeanmamy.fr\/index.php?rest_route=%2Fwp%2Fv2%2Fmedia&parent=294"}],"wp:term":[{"taxonomy":"folder","embeddable":true,"href":"https:\/\/monperejeanmamy.fr\/index.php?rest_route=%2Fwp%2Fv2%2Ffolder&post=294"}],"curies":[{"name":"wp","href":"https:\/\/api.w.org\/{rel}","templated":true}]}}