{"id":2946,"date":"2021-05-22T16:26:15","date_gmt":"2021-05-22T14:26:15","guid":{"rendered":"http:\/\/monperejeanmamy.fr\/?page_id=2946"},"modified":"2024-06-16T11:06:57","modified_gmt":"2024-06-16T09:06:57","slug":"2946-2","status":"publish","type":"page","link":"https:\/\/monperejeanmamy.fr\/?page_id=2946","title":{"rendered":"JM \u00e0 JR (Fresnes 49\/03\/28 derni\u00e8re lettre \u00e0 ma m\u00e8re)"},"content":{"rendered":"<p><strong>\u00a0<\/strong><a href=\"http:\/\/monperejeanmamy.fr\/?page_id=2938\"><img loading=\"lazy\" class=\"wp-image-1352 alignleft\" src=\"http:\/\/monperejeanmamy.fr\/wp-content\/uploads\/2021\/03\/Lettre-precedente.jpg\" alt=\"\" width=\"143\" height=\"78\" \/><\/a><\/p>\n<p style=\"text-align: center;\"><strong>Lundi 28 mars 1949 (sa derni\u00e8re lettre \u00e0 ma m\u00e8re)<br \/>\n<\/strong><\/p>\n<p style=\"text-align: center;\">Ma ch\u00e9rie, Jeannette,<\/p>\n<p style=\"text-align: justify;\">Au cas o\u00f9&#8230; je te donne les derni\u00e8res recommandations :<\/p>\n<ol>\n<li style=\"text-align: justify;\">Je te r\u00e9p\u00e8te ici trop bri\u00e8vement, mais il faut le savoir que tu es ma femme, ma compagne, la seule qui m&rsquo;ait aid\u00e9 et compris, et celle avec qui je serais rest\u00e9 toujours. N\u00e9anmoins tu ne pleureras pas, parce que je ne le veux pas. Un d\u00e9part n&rsquo;est pas triste quand on pense \u00e0 l&rsquo;arriv\u00e9e, \u00e0 la r\u00e9union prochaine. Tu \u00e9l\u00e8veras Fr\u00e9d\u00e9ric selon les id\u00e9es les plus hautes. Je voudrais pour toi et pour lui que tu entres en contact avec ceux qui te montreront la voie de la consolation : mes amis de <em>Christian Science<\/em>. Mais tu es libre. Fais le si tu le sens, si tu le veux. Ne t&rsquo;y oblige en rien.<br \/>\nAime cet enfant, conduis-le, dirige-le. Qu&rsquo;il devienne un homme pur, int\u00e8gre, fort. Qu&rsquo;il soit habile dans un m\u00e9tier s\u00fbr. Qu&rsquo;il se discipline int\u00e9rieurement. Qu&rsquo;il refl\u00e8te la loi d&rsquo;Amour. Refais ta vie s&rsquo;il le faut. Tu ne dois rien n\u00e9gliger pour trouver le calme, l&rsquo;aisance, la paix. Je suis toujours avec toi.<img loading=\"lazy\" class=\"aligncenter size-full wp-image-2954\" src=\"http:\/\/monperejeanmamy.fr\/wp-content\/uploads\/2021\/05\/1949-03-28-JM-a-JR.jpg\" alt=\"\" width=\"1318\" height=\"279\" srcset=\"https:\/\/monperejeanmamy.fr\/wp-content\/uploads\/2021\/05\/1949-03-28-JM-a-JR.jpg 1318w, https:\/\/monperejeanmamy.fr\/wp-content\/uploads\/2021\/05\/1949-03-28-JM-a-JR-300x64.jpg 300w, https:\/\/monperejeanmamy.fr\/wp-content\/uploads\/2021\/05\/1949-03-28-JM-a-JR-1024x217.jpg 1024w, https:\/\/monperejeanmamy.fr\/wp-content\/uploads\/2021\/05\/1949-03-28-JM-a-JR-768x163.jpg 768w, https:\/\/monperejeanmamy.fr\/wp-content\/uploads\/2021\/05\/1949-03-28-JM-a-JR-500x106.jpg 500w\" sizes=\"(max-width: 1318px) 100vw, 1318px\" \/><\/li>\n<li style=\"text-align: justify;\">Pour ce que je laisse, tu verras Leroy \u00e0 qui j&rsquo;ai donn\u00e9 toutes indications. Publiez tout. Je crois que tout est \u00e0 peu pr\u00e8s au point \u2014sauf \u00e9videmment mon journal qu&rsquo;il faudrait r\u00e9\u00e9crire. Avant de le donner \u00e0 Leroy et Creyssel, tu le reliras soigneusement. Tu le taperas, et tu expurgeras toutes les phrases qui peuvent \u00eatre blessantes pour quelques gens de Fresnes (je compte sur toi pour expurger avec tact ce qui pourrait atteindre des camarades sur qui j&rsquo;avais not\u00e9 des petites b\u00eatises). Par contre laisse les attaques sur ceux du dehors.<br \/>\nPour les pi\u00e8ces, elles sont toutes jouables. Il faudra les \u00e9diter, puis les placer. Ce sera le travail de tous ceux qui s&rsquo;int\u00e9ressent \u00e0 ce que j&rsquo;ai pu \u00e9crire.<\/li>\n<li style=\"text-align: justify;\">Tu t&rsquo;occuperas de ma m\u00e8re le plus possible, pour qu&rsquo;elle puisse aller jusqu&rsquo;au bout de son exp\u00e9rience dignement et simplement.<\/li>\n<\/ol>\n<p style=\"text-align: justify;\">Je ne puis te dire plus de tendresses que ce que je t&rsquo;ai \u00e9crit depuis quatre ans. Mais l&rsquo;Amour ne cesse pas, il devient plus pur et plus puissant. D&rsquo;o\u00f9 je serai, je t&rsquo;aimerai encore davantage. Et je ne serai pas loin, tout pr\u00e8s, plus pr\u00e8s encore peut-\u00eatre que tu crois, dans ton c\u0153ur, tout entier, tranquille.<\/p>\n<p style=\"text-align: justify;\">Il faut que tu vives avec moi toute heureuse. C&rsquo;est un grand soleil que d&rsquo;avoir un amour si complet qui remplisse tout. Tu vois que je ne m&rsquo;en vais pas.<\/p>\n<p style=\"text-align: justify;\">Donc je t&#8217;embrasse. Encore une fois. Comme si le train partait. Et nous nous retrouverons \u00e0 l&rsquo;arriv\u00e9e avec un bonheur mille fois multipli\u00e9.<\/p>\n<p style=\"text-align: justify;\">Jean<\/p>\n<p style=\"text-align: justify;\">PS : Je te laisse quelques lettres pour des amis. Tu les feras parvenir.<\/p>\n","protected":false},"excerpt":{"rendered":"<p>\u00a0 Lundi 28 mars 1949 (sa derni\u00e8re lettre \u00e0 ma m\u00e8re) Ma ch\u00e9rie, Jeannette, Au cas o\u00f9&#8230; je te donne les derni\u00e8res recommandations : Je te r\u00e9p\u00e8te ici trop bri\u00e8vement, mais il faut le savoir que tu es ma femme, &hellip; <a href=\"https:\/\/monperejeanmamy.fr\/?page_id=2946\">Continuer la lecture <span class=\"meta-nav\">&rarr;<\/span><\/a><\/p>\n","protected":false},"author":2,"featured_media":11,"parent":0,"menu_order":0,"comment_status":"closed","ping_status":"closed","template":"","meta":[],"folder":[],"_links":{"self":[{"href":"https:\/\/monperejeanmamy.fr\/index.php?rest_route=\/wp\/v2\/pages\/2946"}],"collection":[{"href":"https:\/\/monperejeanmamy.fr\/index.php?rest_route=\/wp\/v2\/pages"}],"about":[{"href":"https:\/\/monperejeanmamy.fr\/index.php?rest_route=\/wp\/v2\/types\/page"}],"author":[{"embeddable":true,"href":"https:\/\/monperejeanmamy.fr\/index.php?rest_route=\/wp\/v2\/users\/2"}],"replies":[{"embeddable":true,"href":"https:\/\/monperejeanmamy.fr\/index.php?rest_route=%2Fwp%2Fv2%2Fcomments&post=2946"}],"version-history":[{"count":7,"href":"https:\/\/monperejeanmamy.fr\/index.php?rest_route=\/wp\/v2\/pages\/2946\/revisions"}],"predecessor-version":[{"id":3344,"href":"https:\/\/monperejeanmamy.fr\/index.php?rest_route=\/wp\/v2\/pages\/2946\/revisions\/3344"}],"wp:featuredmedia":[{"embeddable":true,"href":"https:\/\/monperejeanmamy.fr\/index.php?rest_route=\/wp\/v2\/media\/11"}],"wp:attachment":[{"href":"https:\/\/monperejeanmamy.fr\/index.php?rest_route=%2Fwp%2Fv2%2Fmedia&parent=2946"}],"wp:term":[{"taxonomy":"folder","embeddable":true,"href":"https:\/\/monperejeanmamy.fr\/index.php?rest_route=%2Fwp%2Fv2%2Ffolder&post=2946"}],"curies":[{"name":"wp","href":"https:\/\/api.w.org\/{rel}","templated":true}]}}