{"id":2959,"date":"2021-05-22T17:39:43","date_gmt":"2021-05-22T15:39:43","guid":{"rendered":"http:\/\/monperejeanmamy.fr\/?page_id=2959"},"modified":"2021-05-23T09:39:57","modified_gmt":"2021-05-23T07:39:57","slug":"arguments-a-faire-valoir-pour-le-recours-en-grace","status":"publish","type":"page","link":"https:\/\/monperejeanmamy.fr\/?page_id=2959","title":{"rendered":"Arguments \u00e0 faire valoir pour le recours en gr\u00e2ce"},"content":{"rendered":"<h1 style=\"text-align: justify;\"><u>Arguments psychologiques<\/u><\/h1>\n<ul>\n<li style=\"text-align: justify;\">Jeunesse de M., son h\u00e9r\u00e9dit\u00e9. Rapport des psychiatres. Insister sur le choc psychologique de la d\u00e9couverte du vice de son p\u00e8re (\u00e0 16 ans il est oblig\u00e9 de chasser lui-m\u00eame son p\u00e8re du domicile familial). D\u00e8s lors, il est seul dans la vie.<\/li>\n<li style=\"text-align: justify;\">Insister sur un 2<sup>\u00e8me<\/sup> choc psychologique : amour bris\u00e9 \u00e0 23 ans, sur les continuelles d\u00e9ceptions dans son travail, Id. Sur son mariage qui est en fait la cons\u00e9quence de la reconnaissance d&rsquo;un fruit., Id. Sur la s\u00e9paration brutale, \u00e0 son profit, d&rsquo;avec sa femme en 1936.<\/li>\n<li style=\"text-align: justify;\">Son enthousiasme irraisonn\u00e9 pour toutes les causes etc&#8230;<\/li>\n<li style=\"text-align: justify;\">Le choc \u00e9pouvantable de la d\u00e9faite. Le retour \u00e0 Paris. La trahison communiste (sous le signe du pacte germano-sovi\u00e9tique les Allemands prot\u00e9geaient ouvertement ceux qui avaient aid\u00e9 la Wehrmacht \u00e0 p\u00e9n\u00e9trer en France). La collaboration du Grand Orient et de l&rsquo;Ambassade allemande etc&#8230;<\/li>\n<\/ul>\n<h1 style=\"text-align: justify;\"><u>Rectification des faits<\/u> (affaire Grandmaison)<\/h1>\n<p>Rencontre avec Richard de Grandmaison. L\u00e0, pr\u00e9ciser tous les points suivants qui n&rsquo;ont jamais \u00e9t\u00e9 \u00e9tablis \u00e0 l&rsquo;instruction mais \u00e0 l&rsquo;audience :<\/p>\n<ol>\n<li style=\"text-align: justify;\">C&rsquo;est R. de G., officier du 2<sup>\u00e8me<\/sup> bureau, de son aveu officier de l&rsquo;ORA, et de plusieurs autres services qui, en mission \u00e0 Paris en 1940 apr\u00e8s la d\u00e9faite et charg\u00e9 de recruter des agents propose \u00e0 Mamy, qu&rsquo;il connaissait depuis 1939, de travailler sous ses ordres. (M. avait \u00e9crit en collaboration avec G. en 1939 un sc\u00e9nario antihitl\u00e9rien, <em>Carlotta espionne nazie<\/em>, d\u00e9pos\u00e9e aux deux noms \u00e0 la St\u00e9 des Auteurs de films).<\/li>\n<li style=\"text-align: justify;\">R\u00e9dacteur en chef \u00e0 <em>Au Pilori<\/em>, sous le nom de Bruneau, Grandmaison fait entrer M. \u00e0 <em>Au Pilori<\/em> et lui confie le soin de campagnes grossi\u00e8res contre la ma\u00e7&#8230; collaborationniste pour g\u00eaner l&rsquo;action de l&rsquo;Ambassade qui patronnait le G\u00a0:. O\u00a0:.<\/li>\n<li style=\"text-align: justify;\">Grandmaison introduit M. dans les milieux collaborationnistes. C&rsquo;est ainsi qu&rsquo;ils suivent attentivement tous les deux le capitaine SS (<em>haupstrumf\u00fchrer<\/em>) From\u00e8s dans les r\u00e9unions bi-hebdomadaires se tenant dans les caf\u00e9s parisiens o\u00f9 G. et M. viennent prendre des directives. Grandmaison fait l\u00e0 son travail d&rsquo;officier du 2\u00e8me bureau. Mamy suit docilement, en observateur.<\/li>\n<li style=\"text-align: justify;\">Grandmaison p\u00e9n\u00e8tre dans les services allemands par la Comtesse Seckendorff <a href=\"#_ftn1\" name=\"_ftnref1\">[1]<\/a>, agent sp\u00e9cial d&rsquo;Hitler et devient rapidement l&rsquo;homme de confiance le mieux appoint\u00e9 du bd Flandrin, travaillant directement avec le Ct Borjo, adjoint du Colonel Knocken <a href=\"#_ftn2\" name=\"_ftnref2\">[2]<\/a>. Il fait entrer plusieurs de ses hommes dans le service.<\/li>\n<li style=\"text-align: justify;\">De son c\u00f4t\u00e9 Mamy est pressenti par Gueydan de Roussel qui l&rsquo;am\u00e8ne \u00e0 Bernard Fay et au lieutenant SS Moritz, chef des services antima\u00e7onniques de l&rsquo;avenue Foch. Grandmaison se r\u00e9jouit de ce contact, ordonne \u00e0 M. de rentrer dans les services, lui disant qu&rsquo;ils vont faire \u00e9quipe, mais qu&rsquo;il convient que les Allemands ne soup\u00e7onnent pas trop leur liaison. Le mot d&rsquo;ordre de Grandmaison est formel : <em><u>Nous pourrons nous compl\u00e9ter<\/u><\/em>\u00a0! Il ne s&rsquo;agit pour l&rsquo;instant que d&rsquo;enqu\u00eates politiques.<br \/>\nMamy travaillera dans les services de renseignement inf\u00e9rieurs. Grandmaison et ses hommes travaillent dans les services ex\u00e9cutifs. Grandmaison dit \u00e0 Mamy <em>\u00ab Je vois tous vos rapports<\/em>\u00bb. Mamy se pr\u00eate au jeu. Comme il s&rsquo;agit de gagner la confiance des SS, il faut surench\u00e9rir, devenir un <u>nazi 120%<\/u> (expression des services berlinois \u00e0 propos de certains collaborateurs parisiens).<br \/>\nLe contact entre Grandmaison et Mamy est permanent. Leur intimit\u00e9 s&rsquo;est accrue. Ils se tutoient. M. fait toutes ses confidences \u00e0 Grandmaison qui le pousse \u00e0 toujours plus d&rsquo;activit\u00e9. \u00c0 ce moment, Mamy d\u00e9couvre dans ses enqu\u00eates des d\u00e9p\u00f4ts d&rsquo;armes et groupes de combat. Il en fait part \u00e0 son chef qui l&rsquo;autorise \u00e0 les signaler.<\/li>\n<li style=\"text-align: justify;\">D\u00e8s 1942, pour plus de s\u00e9curit\u00e9, Mamy se fait couvrir officiellement par l&rsquo;Amiral Platon \u00e0 qui l&rsquo;a adress\u00e9 le Dr M\u00e9n\u00e9trel. Celui lui confirme son accord. D\u00e8s lors, Mamy s&rsquo;estime absolument couvert par\n<ol>\n<li style=\"text-align: justify;\">l&rsquo;Amiral Platon, secr\u00e9taire d&rsquo;\u00c9tat \u00e0 Vichy<\/li>\n<li style=\"text-align: justify;\">Richard de Grandmaison, officier du 2<sup>\u00e8me<\/sup> bureau des SS bd Flandrin (et par d&rsquo;autres agents qui sont dans le m\u00eame service sous la direction de Grandmaison)<\/li>\n<li style=\"text-align: justify;\">Bernard Fay, conservateur de la Bbl Nat (pour toutes enqu\u00eates ma\u00e7 :. seul).<\/li>\n<li style=\"text-align: justify;\">Gueydan de Roussel, secr\u00e9taire du pr\u00e9c\u00e9dent &#8230; qui est dans le service Wentzel, v\u00e9rifiant Mamy dans ses voyages et s&rsquo;occupant absolument des m\u00eames enqu\u00eates et d\u00e9tections polici\u00e8res.<\/li>\n<li style=\"text-align: justify;\">le Commissaire Richard, agent du Cabinet du Mar\u00e9chal \u00e0 Paris, \u00e0 qui Mamy passe toutes fiches sur les activit\u00e9s allemandes.<\/li>\n<li style=\"text-align: justify;\">la pr\u00e9sence dans le service Wentzel d&rsquo;autres fonctionnaires fran\u00e7ais, entre autres Jean Marqu\u00e8s Rivi\u00e8re est \u00e9galement un apaisement pour M. qui ne se voit entour\u00e9 que d&rsquo;hommes de valeur, accr\u00e9dit\u00e9s et puissants, poss\u00e9dant des fonctions importantes dans les services de Vichy.<\/li>\n<li style=\"text-align: justify;\">dans les milieux collaborationnistes, Mamy ne rencontrait que d&rsquo;anciens officiers de 14.18, tous as de guerre, brillamment d\u00e9cor\u00e9s et connus, qui le f\u00e9licitaient pour toute son activit\u00e9. Entre autres, le Commandant Costantini, aviateur, croix de guerre, qui fut son directeur \u00e0 <em>l&rsquo;Appel<\/em>, le Colonel Bocher, le Colonel Bael, autre as de guerre, le Colonel Bordage -id, le G\u00e9n\u00e9ral Lavigne-Delville, l&rsquo;\u00e9quipe aristocratique du <em>Pilori<\/em> (trois des plus grands noms de la noblesse fran\u00e7aise). etc&#8230; etc&#8230;<br \/>\nMamy ne se sentait donc pas dans un milieu de tra\u00eetres, mais parmi des militaires et de toute une \u00e9lite intellectuelle qui pr\u00e9tendait renverser la conception p\u00e9rim\u00e9e d&rsquo;une Europe d\u00e9chir\u00e9e par les nationalismes.<\/li>\n<\/ol>\n<\/li>\n<li style=\"text-align: justify;\">Vers 1942, Grandmaison confie \u00e0 Mamy quelques uns de ses dossiers pour \u00e9viter \u2014dit-il\u2014 une perquisition allemande. Grandmaison se m\u00e9fie des services de contre-espionnage allemand. Il est certain que les services se combattent entre eux. Un anonyme accuse G. de faire partie du 2<sup>\u00e8me<\/sup> bureau. Mamy lit les dossiers. Ils contiennent des renseignements g\u00e9n\u00e9raux et de nombreux noms avec des activit\u00e9s particuli\u00e8res (r\u00e9sistantes ou autres). Mamy \u00e9tablit les siens dans le m\u00eame sens. De m\u00eame, il mod\u00e9lise son activit\u00e9 polici\u00e8re sur celle de Grandmaison.<\/li>\n<li style=\"text-align: justify;\">Mamy ne s&rsquo;inqui\u00e8te nullement des cons\u00e9quences des renseignements fournis. Il s&rsquo;estime couvert par celui qui travaille secr\u00e8tement au-dessus de lui.<br \/>\nD&rsquo;autre part (Vichy et G.) on demande \u00e0 M. beaucoup de besognes utiles :<\/p>\n<ol>\n<li>Diviser les partis parisiens<\/li>\n<li>Brouiller Doriot-D\u00e9at<\/li>\n<li>Faire \u00e9clater le projet de marche sur Vichy<\/li>\n<li>Brouiller les rapports des SS et de l&rsquo;ambassade<\/li>\n<li>R\u00e9v\u00e9ler le scandale synarchique.<\/li>\n<\/ol>\n<\/li>\n<li style=\"text-align: justify;\">En ce qui concerne les affaires polici\u00e8res, les accords pass\u00e9s entre Vichy et les SS pr\u00e9voient l&rsquo;utilisation par les Allemands des services et des agents fran\u00e7ais \u2014ceci dans le but d&rsquo;\u00e9viter les repr\u00e9sailles sur les populations civiles ou sur les otages et de limiter l&rsquo;action polici\u00e8re \u00e0 la recherche des coupables\u2014 Grandmaison d&rsquo;une part, Gueydan de Roussel de l&rsquo;autre signifient \u00e0 M. cette d\u00e9cision. Ils sont tous trois agents d&rsquo;un double jeu qui op\u00e8re \u00e0 la fois contre les activit\u00e9s communistes dans la R\u00e9sistance et contre les Allemands.<\/li>\n<li style=\"text-align: justify;\">En 1942, Mamy voit Grandmaison charg\u00e9 des missions les plus importantes par les All : (Voyages en Afrique du Nord aupr\u00e8s du Gal Weygand, voyage au Portugal, missions \u00e0 Vichy chez l&rsquo;Amiral Vahy etc&#8230; l&rsquo;autorit\u00e9 d\u00e9g[ag\u00e9e] sur M. s&rsquo;en trouve accrue.<\/li>\n<li style=\"text-align: justify;\">G, apr\u00e8s un nouveau pseudonyme est devenu le beau Nosco Il fait passer \u00e0 Mamy des papiers pour <em>l&rsquo;Appel<\/em>. Mamy, qui est r\u00e9dacteur en chef du journal (pendant quelques mois) les publie <u>sur ordre de Grandmaison. <\/u>Ces papiers sont des trucs parait-il \u00e0 communiquer certains renseignements politiques de haute importance aux Alli\u00e9s.<br \/>\nGrandmaison, toujours sous le nom du beau Nosco passe au <em>Matin<\/em> o\u00f9 il devient le coadjuteur de Mr Brunau Vouill\u00e9. Son service aux SS du bd Flandrin est toujours aussi actif.<br \/>\nMamy est de son c\u00f4t\u00e9 charg\u00e9 par les Allemands des diff\u00e9rentes missions contenues au dossier.<\/li>\n<li style=\"text-align: justify;\">Mamy en 1944 est un des Administrat du Cercle Aryen (secret. Gal Gueydan de Roussel). A une conf\u00e9rence sur la synarchie, Grandmaison vient accompagn\u00e9 du commissaire Berger, de la S\u00fbret\u00e9 Nationale de Vichy. Il pr\u00e9sente M. en termes absolument probants. Mamy est f\u00e9licit\u00e9. Plus tard, \u00e0 la lib\u00e9ration, le commissaire Berger se r\u00e9v\u00e9lera comme \u00e9tant celui qui couvrira Grandmaison et son \u00e9quipe du bd Flandrin.<\/li>\n<li style=\"text-align: justify;\">Jusqu&rsquo;en mai 1944, les rapports entre les deux hommes resteront aussi \u00e9troits. Les \u00e9v\u00e9nements se pr\u00e9cipitant, Mamy demande RV personnel \u00e0 G pour prendre les ordres. G le re\u00e7oit \u00e0 son domicile particulier rue de l&rsquo;abb\u00e9 Patureau XVIII\u00e8. Il esquive la demande de M. pr\u00e9texte un voyage urgent et dit \u00e0 M. qu&rsquo;il le reverra dans une huitaine de jours, avec ordre de continuer la m\u00eame activit\u00e9.<br \/>\nR de G. n&rsquo;est jamais revenu.<\/li>\n<li style=\"text-align: justify;\">D\u00e8s lors, Mamy est livr\u00e9 \u00e0 lui-m\u00eame. Une v\u00e9ritable guerre civile s\u00e9vit en province, sous la pression de l&rsquo;occupant. Les Fran\u00e7ais s&rsquo;entretuent. Mamy, d\u00e8s ce moment jet\u00e9 sans contr\u00f4le dans les services allemands, essaye de s&rsquo;accrocher au commissaire Richard qui suit les directives de Vichy. Il s&rsquo;engage, en dehors de Wentzel, dans une entreprise de liaison avec les Am\u00e9ricains que tente d&rsquo;\u00e9tablir le capitaine Skorzini (aujourd&rsquo;hui lib\u00e9r\u00e9 et agent sp\u00e9cial des am\u00e9ricains). Richard donne ordre \u00e0 Mamy de maintenir le contact le plus possible avec tous les services allemands, car on ne sait s&rsquo;il faudra suivre les Allemands dans leur retraite \u2014auquel cas, Mamy continuerait \u00e0 renseigner Vichy par services sp\u00e9ciaux\u2014, ou bien si l&rsquo;on restera en France pour s&rsquo;appuyer sur la R\u00e9sistance de droite et tenter d&rsquo;enrayer la manoeuvre communiste qui pr\u00e9tend s&#8217;emparer \u00e0 la lib\u00e9ration de tous les leviers de commande.<\/li>\n<li style=\"text-align: justify;\">Peu de jours auparavant, Richard et Mamy avaient les premiers signal\u00e9 de toute urgence \u00e0 Vichy (pour transmettre \u00e0 qui de droit) le d\u00e9part tr\u00e8s secret d&rsquo;une commission sp\u00e9ciale \u00e0 Stockholm (man\u0153uvre personnelle de Mr Laval ignor\u00e9e du Cabinet du Mar\u00e9chal) pour observer le rapprochement subit entre l&rsquo;Allemagne et l&rsquo;URSS. Quelques jours plus tard D\u00e9at lui-m\u00eame l&rsquo;annon\u00e7ait \u00e0 ses sections. Mais le coup \u00e9tait \u00e9vent\u00e9, et pour la cinqui\u00e8me fois, les Am\u00e9ricains purent \u00e9viter le renouveau du pacte germano-sovi\u00e9tique.<\/li>\n<li style=\"text-align: justify;\">En principe, Richard de Grandmaison a cyniquement abandonn\u00e9 Mamy \u00e0 Paris. Il dirige un magasin \u00e0 Vaudenesse (Allier). Mamy se confie \u00e0 l&rsquo;un des agents de G. rest\u00e9 en place Bd Flandrin. Pas d&rsquo;ordres pr\u00e9cis. Il semble qu&rsquo;il faut continuer \u00e0 jouer le jeu jusqu&rsquo;au bout.<\/li>\n<li style=\"text-align: justify;\">C&rsquo;est alors que le service Wentzel passe du renseignement \u00e0 l&rsquo;ex\u00e9cutif. Mamy se pr\u00eate \u00e0 des initiatives dangereuses (arrestation du jeune No\u00ebl, chef des jeunesses communistes qui entra\u00eene celle de Borel, se pr\u00e9tendant chef de trois mille terroristes sur Paris, puis arrestation du jeune Guichamon possesseur d&rsquo;un poste clandestin que Mamy situe mal \u00e0 cause de son d\u00e9guisement tr\u00e8s prol\u00e9taire. Ce service allemand commet de lourdes fautes (arrestation du Gal Marchand sur un rapport futile datant de deux ans, o\u00f9 Mamy \u00e9tait largement couvert par Grandmaison, arrestation de Golandin, chef de R\u00e9sistance Sud de la R\u00e9gion Parisienne, d\u00e9j\u00e0 d\u00e9tect\u00e9 par les services allemands et o\u00f9 Mamy n&rsquo;a qu&rsquo;un r\u00f4le de comparse). Malheureusement ces arrestations suivies de d\u00e9portations entra\u00eeneront des d\u00e9c\u00e8s dont Mamy n&rsquo;est pas directement responsable.<\/li>\n<li style=\"text-align: justify;\">Sur les dix affaires reproch\u00e9es \u00e0 Mamy, seules celles dont l&rsquo;ex\u00e9cution fut post\u00e9rieure \u00e0 mai 1944 peuvent en r\u00e9alit\u00e9 lui \u00eatre compl\u00e8tement imputables. Pour toutes les autres la responsabilit\u00e9 de Grandmaison appara\u00eet engag\u00e9e puisque, selon ses dires, il avait la possibilit\u00e9 de les v\u00e9rifier. En tous cas, Mamy lui faisait suffisamment de confidences pour que, s&rsquo;il le jugeait utile, Grandmaison puisse pr\u00e9venir les personnes vis\u00e9es. Cet officier du 2\u00e8me bureau avait pour t\u00e2che de sauver les Fran\u00e7ais de la r\u00e9pression. Il \u00e9tait particuli\u00e8rement bien plac\u00e9 pour le faire. Mamy n&rsquo;avait qu&rsquo;un r\u00f4le secondaire. Contraint d&rsquo;ob\u00e9ir, il ex\u00e9cutait sans comprendre.<\/li>\n<li style=\"text-align: justify;\">Un cas est typique entre autres : l&rsquo;affaire Dufour \u00e0 Bordeaux. D\u00e9j\u00e0 signal\u00e9 par un autre allemand Dufour r\u00e9v\u00e8le \u00e0 Mamy une quantit\u00e9 \u00e9norme de possibilit\u00e9s d&rsquo;actions polici\u00e8res. Un agent v\u00e9ritablement allemand aurait conserv\u00e9 le contact avec Dufour pendant des mois, et aurait r\u00e9ussi une rafle monstre. Mamy sentant le danger et observant strictement les ordres a r\u00e9duit l&rsquo;affaire au minimum.<\/li>\n<li style=\"text-align: justify;\">L\u00e0 o\u00f9 la responsabilit\u00e9 de Grandmaison appara\u00eet \u00e9clatante, c&rsquo;est de n&rsquo;avoir pas, en avril 44, \u00f4t\u00e9 Mamy des services allemands, l&rsquo;incitant au contraire de continuer son activit\u00e9. Mamy, de bonne foi, s&rsquo;est lanc\u00e9 \u00e0 corps perdu dans une s\u00e9rie d&rsquo;actions de r\u00e9pression (dont Grandmaison lui aurait donn\u00e9 l&rsquo;exemple) et qui aurait pu \u00eatre facilement \u00e9vit\u00e9e. Mamy n&rsquo;a jamais n\u00e9glig\u00e9 un conseil de Granmaison qui pouvait le man\u0153uvrer \u00e0 son gr\u00e9.<\/li>\n<li style=\"text-align: justify;\">Grandmaison l&rsquo;a reconnu \u00e0 l&rsquo;audience et \u00e0 l&rsquo;instruction. \u00ab <em>Je l&rsquo;ai bluff\u00e9, roul\u00e9<\/em> \u00bb. Le commissaire du gouvernement dont le r\u00e9quisitoire a \u00e9t\u00e9 mod\u00e9r\u00e9 vu l&rsquo;importance de fait, a convenu ainsi que Mamy n&rsquo;avait \u00e9t\u00e9 souvent qu&rsquo;un instrument. Mr le Pr\u00e9sident Didier a d\u00e9marqu\u00e9 avec une autorit\u00e9 implacable Richard de Grandmaison hier agent principal du SD parisien, aujourd&rsquo;hui couvert par des chefs \u00e9minents de l&rsquo;arm\u00e9e fran\u00e7aise qui, avec cynisme, ni conscience et peut-\u00eatre plus encore, volont\u00e9 secr\u00e8te de nuire \u2014\u00e0 qui ? (il faudrait sur ce point ouvrir une enqu\u00eate sur ses agissements louches)\u2014 a pouss\u00e9 Mamy dans des actions insens\u00e9es qui l&rsquo;ont conduit \u00e0 la condamnation capitale.<\/li>\n<li style=\"text-align: justify;\">Aujourd&rsquo;hui Richard de Grandmaison, principal coupable, est libre, encore en fonction, b\u00e9n\u00e9ficiant d&rsquo;appuis scandaleux (Mamy aurait \u00e0 ce sujet des r\u00e9v\u00e9lations \u00e0 faire). Mamy ex\u00e9cutant se d\u00e9bat p\u00e9niblement contre les charges qui p\u00e8sent sur lui et t\u00e2che contre une presse d\u00e9cha\u00een\u00e9e d&rsquo;\u00e9tablir la v\u00e9rit\u00e9.<\/li>\n<li style=\"text-align: justify;\">Rappeler la sinc\u00e9rit\u00e9 de Mamy : constitu\u00e9 prisonnier, ses aveux, sa franchise, sa d\u00e9fense.<\/li>\n<\/ol>\n<h1 style=\"text-align: justify;\"><u>Responsabilit\u00e9 de Vichy dans les ordres donn\u00e9s \u00e0 Mamy<\/u><\/h1>\n<p style=\"text-align: justify;\">Mamy n&rsquo;a jamais agi de sa seule initiative. Il a toujours \u00e9t\u00e9 dirig\u00e9 et couvert.<\/p>\n<p style=\"text-align: justify;\">Quelles sont les directives qui lui ont \u00e9t\u00e9 donn\u00e9es.<\/p>\n<ul>\n<li style=\"text-align: justify;\">De 1940 \u00e0 1941 : lutter contre les collaborateurs parisiens (communistes et franc ma\u00e7onnerie). \u00c9viter tout parti unique, toute menace de bloc politique contre le gouvernement du Mar\u00e9chal (qui jouait ouvertement le double jeu : europ\u00e9en d&rsquo;un c\u00f4t\u00e9, am\u00e9ricain de l&rsquo;autre)<\/li>\n<li style=\"text-align: justify;\">\u00c0 partir de 1941 : maintenir \u00e0 Paris la m\u00eame politique de lutte contre l&rsquo;ambassade (Mamy est l&rsquo;artisan de la brouille Doriot-D\u00e9at qui a r\u00e9duit \u00e0 n\u00e9ant les chances du parti unique).<\/li>\n<li style=\"text-align: justify;\">D\u00e9tecter dans la coalition dite \u00ab R\u00e9sistance \u00bb l&#8217;emprise des communistes et des partis de la d\u00e9faite qui voulaient revenir au pouvoir. Prot\u00e9ger l&rsquo;Arm\u00e9e secr\u00e8te, toute la R\u00e9sistance \u00ab Nationale \u00bb. C&rsquo;est pourquoi jusqu&rsquo;au bout Mamy sera engag\u00e9 dans l&rsquo;action par le cabinet du Mar\u00e9chal (Amiral Platon, commissaire Richard etc&#8230;).<\/li>\n<li style=\"text-align: justify;\">Jusqu&rsquo;en ao\u00fbt 44 l&rsquo;ordre est donn\u00e9 de maintenir la m\u00eame politique. Mamy est m\u00eal\u00e9 \u00e0 l&rsquo;essai de remettre Mr H\u00e9riot au pouvoir (c&rsquo;est Richard qui a \u00e9t\u00e9 chercher l&rsquo;ancien pr\u00e9sident du conseil et l&rsquo;a ramen\u00e9 \u00e0 Paris). Il fait partie d&rsquo;un groupe qui coop\u00e8re directement avec les Am\u00e9ricains (groupe Skozini. Richard Skozini est aujourd&rsquo;hui agent de renseignement tr\u00e8s important en Am\u00e9rique) . Il attend la d\u00e9cision r\u00e9sultant de l&rsquo;entrevue des chefs de Vichy et du G\u00e9n\u00e9ral de Gaulle (par l&rsquo;interm\u00e9diaire de l&rsquo;attach\u00e9 chez le pr\u00eatre des \u00c9quipes du Mar\u00e9chal). Il passe aux Am\u00e9ricains par le Cabinet du Mar\u00e9chal tous renseignements pour pr\u00e9venir la r\u00e9\u00e9dition tr\u00e8s secr\u00e8te du pacte germano-sovi\u00e9tique, etc&#8230;<\/li>\n<\/ul>\n<p style=\"text-align: justify;\">Mamy n&rsquo;a donc eu \u00e0 l&rsquo;int\u00e9rieur des services allemands qu&rsquo;une activit\u00e9 fran\u00e7aise, contr\u00f4l\u00e9e, et dirig\u00e9e par Vichy. Il ne s&rsquo;est pr\u00eat\u00e9 \u00e0 la r\u00e9pression que lors des derniers mois lorsque le sang coulait dans toute la France, et qu&rsquo;\u00e0 c\u00f4t\u00e9 de lui des camarades tombaient, frapp\u00e9 par des adversaires acharn\u00e9s. Il appara\u00eet aujourd&rsquo;hui que sous l&rsquo;occupation la France a v\u00e9cu les affres d&rsquo;une guerre civile. Mamy qui rayonnait sur tout le territoire a vu tant de choses horribles \u2014qu&rsquo;il ne veut pas d\u00e9peindre\u2014 que son sens de l&rsquo;action s&rsquo;est trouv\u00e9 d\u00e9vi\u00e9.<\/p>\n<p style=\"text-align: justify;\">De plus, d\u00e8s 1943, la confusion politique \u00e9tait \u00e0 son comble. Les communistes avaient v\u00e9ritablement pris tous les leviers de commande du C.N.R. Mamy aurait suivi le g\u00e9n\u00e9ral Giraud, si d\u00e8s l&rsquo;ex\u00e9cution de Mr Pucheu, les militants p\u00e9tainistes ne s&rsquo;\u00e9taient pas sentis implacablement rejet\u00e9s dans la lutte de l&rsquo;autre c\u00f4t\u00e9. Jusqu&rsquo;au bout Mamy a cru que l&rsquo;int\u00e9r\u00eat fran\u00e7ais \u00e9tait dans la jonction P\u00e9tain-De Gaulle. Il a agi en cons\u00e9quence.<\/p>\n<h1 style=\"text-align: justify;\"><u>Arguments politiques<\/u><\/h1>\n<ul>\n<li style=\"text-align: justify;\">Voir si on peut dire que l&rsquo;anticommunisme de Mamy, sa conception de l&rsquo;Europe, son go\u00fbt d&rsquo;un r\u00e9gime fort ne sont pas plut\u00f4t le raisonnement d&rsquo;un pr\u00e9curseur, que celui d&rsquo;un homme abus\u00e9 par la propagande ennemie.<\/li>\n<li style=\"text-align: justify;\">Dire aussi que l&rsquo;\u00e9poque tend \u00e0 la cl\u00e9mence, \u00e0 la r\u00e9vision des proc\u00e8s politiques. etc&#8230;<\/li>\n<li style=\"text-align: justify;\">Insister sur l&rsquo;absence totale d&rsquo;argent dans cette affaire. Id\u00e9aliste absolument d\u00e9sint\u00e9ress\u00e9.<\/li>\n<\/ul>\n<h1 style=\"text-align: justify;\"><u>Arguments litt\u00e9raires<\/u><\/h1>\n<ul>\n<li style=\"text-align: justify;\">Voir comment pr\u00e9senter l&rsquo;affaire sous l&rsquo;angle suivant :<\/li>\n<li style=\"text-align: justify;\">Si Mamy est fusill\u00e9, on le reprochera \u00e0 ses bourreaux presque dans un avenir impossible \u00e0 limiter. Que laisse-t-il\u00a0? Des in\u00e9dits soit, mais de valeur certaine puisque&#8230; (et l\u00e0 il faut des t\u00e9moignages \u2014voir Creyssel). In\u00e9dits nombreux : po\u00e8mes, 4 pi\u00e8ces de th\u00e9\u00e2tre, un recueil d&rsquo;essais, des pamphlets etc&#8230;<\/li>\n<li style=\"text-align: justify;\">Rappeler les pr\u00e9c\u00e9dents [Ch\u00e9nier, Brasillach] : Un po\u00e8te assassin\u00e9 a toujours raison. Du reste etc&#8230;<\/li>\n<\/ul>\n<p style=\"text-align: justify;\"><a href=\"#_ftnref1\" name=\"_ftn1\">[1]<\/a> la comtesse Seckendorff,\u00a0autrichienne et agent double connu sous le nom de Mercedes, r\u00e9ussira myst\u00e9rieusement \u00e0 \u00e9chapper \u00e0 la justice fran\u00e7aise et finira dans la peau d&rsquo;une pairesse d&rsquo;\u00c9cosse (note de FGR)<br \/>\n<a href=\"#_ftnref2\" name=\"_ftn2\">[2]<\/a> Allemands et Parisiens relevaient de l&rsquo;autorit\u00e9 du chef de la Kommandantur de Paris, log\u00e9e \u00e0 l&rsquo;H\u00f4tel Meurice, qui couvrait le territoire du \u00ab\u00a0Gross Paris\u00a0\u00bb (Seine, Seine-et-Oise, Seine-et-Marne). Arriv\u00e9s d\u00e8s les premiers jours, une vingtaine d&rsquo;hommes du bureau de la s\u00e9curit\u00e9 du Reich constitu\u00e8rent un service regroupant la police criminelle, la police secr\u00e8te d&rsquo;\u00c9tat et le service de renseignement : ce sera, pour les occup\u00e9s, la \u00ab\u00a0Gestapo\u00a0\u00bb. En octobre, ils seront deux cents SS, command\u00e9s par Helmut Knocken, qui deviendra le second de la Gestapo.<\/p>\n<p>&nbsp;<\/p>\n","protected":false},"excerpt":{"rendered":"<p>Arguments psychologiques Jeunesse de M., son h\u00e9r\u00e9dit\u00e9. Rapport des psychiatres. Insister sur le choc psychologique de la d\u00e9couverte du vice de son p\u00e8re (\u00e0 16 ans il est oblig\u00e9 de chasser lui-m\u00eame son p\u00e8re du domicile familial). D\u00e8s lors, il &hellip; <a href=\"https:\/\/monperejeanmamy.fr\/?page_id=2959\">Continuer la lecture <span class=\"meta-nav\">&rarr;<\/span><\/a><\/p>\n","protected":false},"author":2,"featured_media":897,"parent":0,"menu_order":0,"comment_status":"closed","ping_status":"closed","template":"","meta":[],"folder":[],"_links":{"self":[{"href":"https:\/\/monperejeanmamy.fr\/index.php?rest_route=\/wp\/v2\/pages\/2959"}],"collection":[{"href":"https:\/\/monperejeanmamy.fr\/index.php?rest_route=\/wp\/v2\/pages"}],"about":[{"href":"https:\/\/monperejeanmamy.fr\/index.php?rest_route=\/wp\/v2\/types\/page"}],"author":[{"embeddable":true,"href":"https:\/\/monperejeanmamy.fr\/index.php?rest_route=\/wp\/v2\/users\/2"}],"replies":[{"embeddable":true,"href":"https:\/\/monperejeanmamy.fr\/index.php?rest_route=%2Fwp%2Fv2%2Fcomments&post=2959"}],"version-history":[{"count":5,"href":"https:\/\/monperejeanmamy.fr\/index.php?rest_route=\/wp\/v2\/pages\/2959\/revisions"}],"predecessor-version":[{"id":2969,"href":"https:\/\/monperejeanmamy.fr\/index.php?rest_route=\/wp\/v2\/pages\/2959\/revisions\/2969"}],"wp:featuredmedia":[{"embeddable":true,"href":"https:\/\/monperejeanmamy.fr\/index.php?rest_route=\/wp\/v2\/media\/897"}],"wp:attachment":[{"href":"https:\/\/monperejeanmamy.fr\/index.php?rest_route=%2Fwp%2Fv2%2Fmedia&parent=2959"}],"wp:term":[{"taxonomy":"folder","embeddable":true,"href":"https:\/\/monperejeanmamy.fr\/index.php?rest_route=%2Fwp%2Fv2%2Ffolder&post=2959"}],"curies":[{"name":"wp","href":"https:\/\/api.w.org\/{rel}","templated":true}]}}