{"id":2997,"date":"2021-05-23T11:07:47","date_gmt":"2021-05-23T09:07:47","guid":{"rendered":"http:\/\/monperejeanmamy.fr\/?page_id=2997"},"modified":"2024-01-27T19:06:53","modified_gmt":"2024-01-27T18:06:53","slug":"jm-a-pierre-leroy-fresnes-49-03-23","status":"publish","type":"page","link":"https:\/\/monperejeanmamy.fr\/?page_id=2997","title":{"rendered":"JM \u00e0 Pierre Leroy (Fresnes 49\/03\/23)"},"content":{"rendered":"<p>Mon cher ma\u00eetre,<\/p>\n<p style=\"text-align: justify;\">J\u2019ai bien re\u00e7u votre mot m\u2019annon\u00e7ant la convocation pour le 24.<\/p>\n<p>J\u2019ai appris ici tout \u00e0 l\u2019heure quelques petites choses sur le dossier. Ces renseignements vous seront utiles. Vers le mois de janvier on nous a pr\u00e9cipit\u00e9s, sous pression <u>d\u2019un certain parti politique<\/u>, puis la situation a \u00e9t\u00e9 r\u00e9tablie par des amis. Et le dossier arrive tout juste dans des d\u00e9lais normaux. L\u2019affaire est consid\u00e9r\u00e9e comme uniquement <u>politique<\/u>. Il s\u2019agit de savoir si l\u2019on est <u>pro<\/u> ou <u>anti<\/u>, et <u>je serai marqu\u00e9<\/u>, aux dires de mes informations, comme un anti, tr\u00e8s agissant et habile (sic)\u2026 (<u>l\u2019affaire SD ne compte pas, ni les non-rentrants. Seule la qualit\u00e9 d\u2019a<\/u>nti (sic)).<\/p>\n<p style=\"text-align: justify;\">C\u2019est sur ce terrain qu\u2019il faut se placer (non pas pour plaider la cause, mais pour montrer qu\u2019on conna\u00eet les dessous de l\u2019affaire). Il s\u2019agit de savoir si le monsieur penchera \u00e0 droite ou \u00e0 gauche. C\u2019est tout.<\/p>\n<p style=\"text-align: justify;\">Les \u00e9lections sont bonnes. Les d\u00e9marches sont influentes. T\u00e2chez de savoir s\u2019il y a Conseil de la Magistrature d\u00e8s vendredi (apr\u00e8s-demain) ou la semaine prochaine seulement. (Je vous donne tous ces tuyaux en vrac, mais ils sont tr\u00e8s s\u00fbrs. Je sais aussi que la Commission a laiss\u00e9 <u>au Pr\u00e9s. Toutes ses responsabilit\u00e9s sans vouloir prendre parti. C\u2019est tout ce qu\u2019elle pouvait faire<\/u>).<\/p>\n<p style=\"text-align: justify;\">Peut-\u00eatre \u2014puisqu\u2019il y est tr\u00e8s sensible\u2014 pouvez-vous dire que l\u2019ex\u00e9cution aurait un retentissement consid\u00e9rable dans la Presse \u2014de droite\u2014 alors que la non-ex\u00e9cution ne provoquera aucun remous de l\u2019autre c\u00f4t\u00e9 (ils sont enfonc\u00e9s).<\/p>\n<p style=\"text-align: justify;\">Je vous sugg\u00e8re tout cela. Vous savez mieux que moi ce qu\u2019il faut dire.<\/p>\n<p style=\"text-align: justify;\">Peut-\u00eatre voulez-vous simplement plaider la d\u00e9faillance et attirer la g\u00e9n\u00e9rosit\u00e9. Vous verrez s\u2019il est mieux de rester sur le plan sentimental, ou d\u2019aborder franchement les contours politiques de l\u2019affaire. Je vous ai donn\u00e9 tous les tuyaux que je pouvais avoir de mon c\u00f4t\u00e9.<\/p>\n<p style=\"text-align: justify;\">Il me semble que chaque jour gagn\u00e9 est bon, et que c\u2019est uniquement une question d\u2019influences, d\u2019opportunit\u00e9, d\u2019examen des cons\u00e9quences etc\u2026<\/p>\n<p style=\"text-align: justify;\">Mettez-le en face de ses responsabilit\u00e9s. Moi j\u2019ai pris les miennes. Demain (et m\u00eame d\u00e9j\u00e0 aujourd\u2019hui) politiquement, c\u2019est nous qui avons raisons devant la foule.<\/p>\n<p style=\"text-align: justify;\"><u>Veut-il que ce soit mon fils qui explique le dossier au public\u00a0? Et les conditions dans lesquelles son p\u00e8re a \u00e9t\u00e9 condamn\u00e9<\/u>\u00a0? Le temps est pass\u00e9 o\u00f9 l\u2019on ne pouvait rien emp\u00eacher. <u>Il fallait me fusiller plus r\u00f4t. Hier, c\u2019\u00e9tait la Justice r\u00e9publicaine. Aujourd\u2019hui ce serait brutalit\u00e9. La semaine prochaine\u00a0: assassinat.<\/u><\/p>\n<p style=\"text-align: justify;\">M\u00e9fiez-vous qu\u2019il ne prenne, rageur, une d\u00e9cision d\u00e9favorable et pr\u00e9cipite les choses pour mardi. Il faudrait (et on me dit de tous c\u00f4t\u00e9s que ce doit \u00eatre ainsi) que la d\u00e9cision puisse \u00eatre prise dans le calme en Conseil de la Mag. Mercredi prochain.<\/p>\n<p style=\"text-align: justify;\">Donc prudence. Il passe pour l\u00e2che, hypocrite et but\u00e9. Je crois qu\u2019on exag\u00e8re et qu\u2019il est simplement faible.<\/p>\n<p style=\"text-align: justify;\">Moi, je fais tout cela pour lutter jusqu\u2019au bout. Non pour moi, mais pour tous. De toutes fa\u00e7ons je servirai \u2014et j\u2019aurai servi. Ce que je vous laisse sera une arme. Si je reste, ce sera pour combattre. Je n\u2019ai pas attendu quatre ans et \u00bd pour m\u2019esquiver \u00e0 l\u2019heure H. Nous vaincrons contre le mensonge. Il faut d\u00e9livrer ce pays et le monde d\u2019un effroyable danger. Et nous sommes, nous, les militants d\u2019un certain ordre, les mieux entra\u00een\u00e9s pour la lutte.<\/p>\n<p style=\"text-align: justify;\">Vous savez tout cela. Je puis, \u00e0 l\u2019heure d\u2019une \u00e9preuve, atteindre pour moi les hauteurs m\u00e9taphysiques qui me permettent de la surmonter\u00a0; mais, s\u2019il s\u2019agit d\u2019un combat politique \u00e0 mener o\u00f9 les int\u00e9r\u00eats de notre communaut\u00e9 sont en jeu, il convient de ne pas perdre pied. Profitez de la d\u00e9faillance de l\u2019adversaire\u00a0: il chancelle. Il a besoin de nous pour ne pas \u00eatre entra\u00een\u00e9 dans une d\u00e9b\u00e2cle inutile pour la nation. Il est <u>qu\u00e9mandeur<\/u>. Nous avons barre sur lui. Depuis trois jours la situation a \u00e9volu\u00e9 compl\u00e8tement.<\/p>\n<p style=\"text-align: justify;\">Je vous dis tout cela avec ma foi. M\u00ealez-y la v\u00f4tre, temp\u00e9r\u00e9e par l\u2019exp\u00e9rience, l\u2019habilet\u00e9 et le talent. Mon cher ma\u00eetre et grand ami, je ne vous demande pas de sauver une carcasse mat\u00e9rielle qu\u2019il n\u2019est qu\u2019une ombre. Je vous demande de plaider la v\u00e9rit\u00e9 d\u2019une attitude. M\u00eame si l\u2019adversaire (que l\u2019opinion publique r\u00e9prouve aujourd\u2019hui, alors qu\u2019elle nous approuve d\u00e9j\u00e0) n\u2019admet pas cette attitude, il doit la respecter.<\/p>\n<p style=\"text-align: justify;\">Croyez-moi votre tout reconnaissant et d\u00e9vou\u00e9.<\/p>\n<p>J. Mamy<\/p>\n","protected":false},"excerpt":{"rendered":"<p>Mon cher ma\u00eetre, J\u2019ai bien re\u00e7u votre mot m\u2019annon\u00e7ant la convocation pour le 24. J\u2019ai appris ici tout \u00e0 l\u2019heure quelques petites choses sur le dossier. Ces renseignements vous seront utiles. Vers le mois de janvier on nous a pr\u00e9cipit\u00e9s, &hellip; <a href=\"https:\/\/monperejeanmamy.fr\/?page_id=2997\">Continuer la lecture <span class=\"meta-nav\">&rarr;<\/span><\/a><\/p>\n","protected":false},"author":2,"featured_media":897,"parent":0,"menu_order":0,"comment_status":"closed","ping_status":"closed","template":"","meta":[],"folder":[],"_links":{"self":[{"href":"https:\/\/monperejeanmamy.fr\/index.php?rest_route=\/wp\/v2\/pages\/2997"}],"collection":[{"href":"https:\/\/monperejeanmamy.fr\/index.php?rest_route=\/wp\/v2\/pages"}],"about":[{"href":"https:\/\/monperejeanmamy.fr\/index.php?rest_route=\/wp\/v2\/types\/page"}],"author":[{"embeddable":true,"href":"https:\/\/monperejeanmamy.fr\/index.php?rest_route=\/wp\/v2\/users\/2"}],"replies":[{"embeddable":true,"href":"https:\/\/monperejeanmamy.fr\/index.php?rest_route=%2Fwp%2Fv2%2Fcomments&post=2997"}],"version-history":[{"count":2,"href":"https:\/\/monperejeanmamy.fr\/index.php?rest_route=\/wp\/v2\/pages\/2997\/revisions"}],"predecessor-version":[{"id":3340,"href":"https:\/\/monperejeanmamy.fr\/index.php?rest_route=\/wp\/v2\/pages\/2997\/revisions\/3340"}],"wp:featuredmedia":[{"embeddable":true,"href":"https:\/\/monperejeanmamy.fr\/index.php?rest_route=\/wp\/v2\/media\/897"}],"wp:attachment":[{"href":"https:\/\/monperejeanmamy.fr\/index.php?rest_route=%2Fwp%2Fv2%2Fmedia&parent=2997"}],"wp:term":[{"taxonomy":"folder","embeddable":true,"href":"https:\/\/monperejeanmamy.fr\/index.php?rest_route=%2Fwp%2Fv2%2Ffolder&post=2997"}],"curies":[{"name":"wp","href":"https:\/\/api.w.org\/{rel}","templated":true}]}}