{"id":3077,"date":"2021-05-30T18:34:58","date_gmt":"2021-05-30T16:34:58","guid":{"rendered":"http:\/\/monperejeanmamy.fr\/?page_id=3077"},"modified":"2024-01-27T11:30:08","modified_gmt":"2024-01-27T10:30:08","slug":"jr-a-jm-49-01-27","status":"publish","type":"page","link":"https:\/\/monperejeanmamy.fr\/?page_id=3077","title":{"rendered":"JR \u00e0 JM (49\/01\/27)"},"content":{"rendered":"<p><strong>\u00a0<\/strong><a href=\"http:\/\/monperejeanmamy.fr\/?page_id=3071\"><img loading=\"lazy\" class=\"wp-image-1352 alignleft\" src=\"http:\/\/monperejeanmamy.fr\/wp-content\/uploads\/2021\/03\/Lettre-precedente.jpg\" alt=\"\" width=\"143\" height=\"78\" \/><\/a><a href=\"http:\/\/monperejeanmamy.fr\/?page_id=3082\"><img loading=\"lazy\" class=\"alignright wp-image-1353\" src=\"http:\/\/monperejeanmamy.fr\/wp-content\/uploads\/2021\/03\/Lettre-suivante.jpg\" alt=\"\" width=\"139\" height=\"76\" \/><\/a><\/p>\n<p style=\"text-align: center;\"><strong>Jeudi 27 janvier 1949<br \/>\n<\/strong><\/p>\n<p style=\"text-align: center;\">Mon ch\u00e9ri,<\/p>\n<p style=\"text-align: justify;\">Un mot seulement pour te dire l&rsquo;excellente impression qu&rsquo;on a rapport\u00e9e de la visite dont je t&rsquo;ai parl\u00e9 hier. J&rsquo;en ai eu tout \u00e0 l&rsquo;heure l&rsquo;\u00e9cho, et je m&rsquo;en r\u00e9jouis. Je ne puis te r\u00e9p\u00e9ter textuellement l&rsquo;entretien \u2014qui n&rsquo;a pas dur\u00e9 moins de vingt-cinq minutes\u2014, mais sache que l&rsquo;accueil a \u00e9t\u00e9 des meilleurs.<\/p>\n<p style=\"text-align: justify;\">J&rsquo;ai tenu Me Leroy au courant, et comme justement il voyait Cha. <a href=\"#_ftn1\" name=\"_ftnref1\">[1]<\/a> ce soir, il se sentira plus fort pour plaider ta cause. Sois tranquille. \u00c7a s&rsquo;annonce bien.<\/p>\n<p style=\"text-align: justify;\">Je ne crains qu&rsquo;une chose, moi. C&rsquo;est qu&rsquo;un de ces jours \u2014o\u00f9 tu trouveras encore \u00ab\u00a0<em>que la vie humaine ne t&rsquo;offre pas de c\u00f4t\u00e9s riants, ne t&rsquo;en a jamais beaucoup offert<\/em> \u00bb\u2014 tu me reproches de ne pas t&rsquo;avoir laiss\u00e9 fusiller. Si tu me fais \u00e7a, tu sais, alors je me f\u00e2che, et plus jamais je ne m&rsquo;occuperai de toi.<\/p>\n<p style=\"text-align: justify;\">Mais je crois plut\u00f4t, je suis certaine, que tu m&rsquo;en remercieras, et qu&rsquo;ensemble nous go\u00fbterons \u2014nous ne go\u00fbterons\u2014 que tous les c\u00f4t\u00e9s riants de la vie. Il y en a pour tous ceux qui en veulent, des c\u00f4t\u00e9s riants. Je suis tr\u00e8s heureuse ce soir.<\/p>\n<p style=\"text-align: justify;\">Je t&#8217;embrasse. Vite te lire.<\/p>\n<p style=\"text-align: justify;\">JR<\/p>\n<p style=\"text-align: justify;\">Me Leroy me dit qu&rsquo;il ira te voir fin de semaine.<\/p>\n<p style=\"text-align: justify;\"><a href=\"#_ftnref1\" name=\"_ftn1\">[1]<\/a> Probablement Me Jean Chaumanet (\u00ab\u00a0mon jeune patron\u00a0\u00bb). Jeanne Roux a \u00e9t\u00e9 d\u2019abord la secr\u00e9taire de son p\u00e8re, puis du fils (note de FGR)<\/p>\n","protected":false},"excerpt":{"rendered":"<p>\u00a0 Jeudi 27 janvier 1949 Mon ch\u00e9ri, Un mot seulement pour te dire l&rsquo;excellente impression qu&rsquo;on a rapport\u00e9e de la visite dont je t&rsquo;ai parl\u00e9 hier. J&rsquo;en ai eu tout \u00e0 l&rsquo;heure l&rsquo;\u00e9cho, et je m&rsquo;en r\u00e9jouis. Je ne puis &hellip; <a href=\"https:\/\/monperejeanmamy.fr\/?page_id=3077\">Continuer la lecture <span class=\"meta-nav\">&rarr;<\/span><\/a><\/p>\n","protected":false},"author":2,"featured_media":11,"parent":0,"menu_order":0,"comment_status":"closed","ping_status":"closed","template":"","meta":[],"folder":[],"_links":{"self":[{"href":"https:\/\/monperejeanmamy.fr\/index.php?rest_route=\/wp\/v2\/pages\/3077"}],"collection":[{"href":"https:\/\/monperejeanmamy.fr\/index.php?rest_route=\/wp\/v2\/pages"}],"about":[{"href":"https:\/\/monperejeanmamy.fr\/index.php?rest_route=\/wp\/v2\/types\/page"}],"author":[{"embeddable":true,"href":"https:\/\/monperejeanmamy.fr\/index.php?rest_route=\/wp\/v2\/users\/2"}],"replies":[{"embeddable":true,"href":"https:\/\/monperejeanmamy.fr\/index.php?rest_route=%2Fwp%2Fv2%2Fcomments&post=3077"}],"version-history":[{"count":4,"href":"https:\/\/monperejeanmamy.fr\/index.php?rest_route=\/wp\/v2\/pages\/3077\/revisions"}],"predecessor-version":[{"id":3301,"href":"https:\/\/monperejeanmamy.fr\/index.php?rest_route=\/wp\/v2\/pages\/3077\/revisions\/3301"}],"wp:featuredmedia":[{"embeddable":true,"href":"https:\/\/monperejeanmamy.fr\/index.php?rest_route=\/wp\/v2\/media\/11"}],"wp:attachment":[{"href":"https:\/\/monperejeanmamy.fr\/index.php?rest_route=%2Fwp%2Fv2%2Fmedia&parent=3077"}],"wp:term":[{"taxonomy":"folder","embeddable":true,"href":"https:\/\/monperejeanmamy.fr\/index.php?rest_route=%2Fwp%2Fv2%2Ffolder&post=3077"}],"curies":[{"name":"wp","href":"https:\/\/api.w.org\/{rel}","templated":true}]}}