{"id":3087,"date":"2021-05-31T18:40:09","date_gmt":"2021-05-31T16:40:09","guid":{"rendered":"http:\/\/monperejeanmamy.fr\/?page_id=3087"},"modified":"2024-01-27T11:37:48","modified_gmt":"2024-01-27T10:37:48","slug":"jr-a-jm-49-02-02","status":"publish","type":"page","link":"https:\/\/monperejeanmamy.fr\/?page_id=3087","title":{"rendered":"JR \u00e0 JM (49\/02\/02)"},"content":{"rendered":"<p><strong>\u00a0<\/strong><a href=\"http:\/\/monperejeanmamy.fr\/?page_id=3082\"><img loading=\"lazy\" class=\"wp-image-1352 alignleft\" src=\"http:\/\/monperejeanmamy.fr\/wp-content\/uploads\/2021\/03\/Lettre-precedente.jpg\" alt=\"\" width=\"143\" height=\"78\" \/><\/a><a href=\"http:\/\/monperejeanmamy.fr\/?page_id=3091\"><img loading=\"lazy\" class=\"alignright wp-image-1353\" src=\"http:\/\/monperejeanmamy.fr\/wp-content\/uploads\/2021\/03\/Lettre-suivante.jpg\" alt=\"\" width=\"139\" height=\"76\" \/><\/a><\/p>\n<p style=\"text-align: center;\"><strong>Mercredi 2 F\u00e9vrier 1949<br \/>\n<\/strong><\/p>\n<p style=\"text-align: center;\">Mon ch\u00e9ri,<\/p>\n<p style=\"text-align: justify;\">J&rsquo;esp\u00e8re que ces 6 petites photos <a href=\"#_ftn1\" name=\"_ftnref1\">[1]<\/a> parviendront jusqu&rsquo;\u00e0 toi et te feront plaisir : 3 d&rsquo;entre elles datent des derni\u00e8res vacances (elles sont ensoleill\u00e9es) ; les 3 autres ont \u00e9t\u00e9 prises tout r\u00e9cemment, pour liquider le rouleau de pellicule (le d\u00e9cor est choisi par Fr\u00e9d\u00e9ric : une voiture de pompiers \u00e0 la caserne Chaligny <a href=\"#_ftn2\" name=\"_ftnref2\">[2]<\/a>). Fr\u00e9d\u00e9ric est particuli\u00e8rement ressemblant sur la photo o\u00f9 il a les pieds coup\u00e9s.<\/p>\n<p style=\"text-align: justify;\">Si tu cherches bien, tu le verras aussi sur la photo de l&rsquo;Eglise d&rsquo;Uchizy (mais l\u00e0, la ressemblance est moins frappante).<\/p>\n<p style=\"text-align: justify;\">Je pense que tu auras re\u00e7u ma lettre d&rsquo;hier, et surtout que tu auras eu aujourd&rsquo;hui la visite de Me Leroy, et qu&rsquo;en cons\u00e9quence, la pr\u00e9sente te trouvera en meilleure forme.<\/p>\n<p style=\"text-align: justify;\">Voici d\u00e9j\u00e0 que les beaux jours reviennent. Je suis s\u00fbre que le printemps nous sera favorable.<\/p>\n<p style=\"text-align: justify;\">Je t&#8217;embrasse, Mon ch\u00e9ri. J&rsquo;esp\u00e8re te lire bient\u00f4t.<\/p>\n<p style=\"text-align: justify;\">JR<\/p>\n<p style=\"text-align: justify;\"><a href=\"#_ftnref1\" name=\"_ftn1\">[1]<\/a> La \u00ab\u00a0Censure de la Prison de Fresnes\u00a0\u00bb (cachet) a ajout\u00e9 \u00e0 la main au crayon rouge la mention \u00ab\u00a06 photos\u00a0\u00bb. Celles-ci ont \u00e9t\u00e9 restitu\u00e9es \u00e0 Jeanne Roux avec au dos le cachet de la Censure (note de FGR)<br \/>\n<a href=\"#_ftnref2\" name=\"_ftn2\">[2]<\/a> Chaligny\u00a0: caserne des sapeurs pompiers de Paris situ\u00e9e au carrefour du Boulevard Diderot et de la rue de Chaligny, Paris XII\u00e8 (note de FGR)<\/p>\n<p>&nbsp;<\/p>\n<p>&nbsp;<\/p>\n","protected":false},"excerpt":{"rendered":"<p>\u00a0 Mercredi 2 F\u00e9vrier 1949 Mon ch\u00e9ri, J&rsquo;esp\u00e8re que ces 6 petites photos [1] parviendront jusqu&rsquo;\u00e0 toi et te feront plaisir : 3 d&rsquo;entre elles datent des derni\u00e8res vacances (elles sont ensoleill\u00e9es) ; les 3 autres ont \u00e9t\u00e9 prises tout &hellip; <a href=\"https:\/\/monperejeanmamy.fr\/?page_id=3087\">Continuer la lecture <span class=\"meta-nav\">&rarr;<\/span><\/a><\/p>\n","protected":false},"author":2,"featured_media":11,"parent":0,"menu_order":0,"comment_status":"closed","ping_status":"closed","template":"","meta":[],"folder":[],"_links":{"self":[{"href":"https:\/\/monperejeanmamy.fr\/index.php?rest_route=\/wp\/v2\/pages\/3087"}],"collection":[{"href":"https:\/\/monperejeanmamy.fr\/index.php?rest_route=\/wp\/v2\/pages"}],"about":[{"href":"https:\/\/monperejeanmamy.fr\/index.php?rest_route=\/wp\/v2\/types\/page"}],"author":[{"embeddable":true,"href":"https:\/\/monperejeanmamy.fr\/index.php?rest_route=\/wp\/v2\/users\/2"}],"replies":[{"embeddable":true,"href":"https:\/\/monperejeanmamy.fr\/index.php?rest_route=%2Fwp%2Fv2%2Fcomments&post=3087"}],"version-history":[{"count":3,"href":"https:\/\/monperejeanmamy.fr\/index.php?rest_route=\/wp\/v2\/pages\/3087\/revisions"}],"predecessor-version":[{"id":3304,"href":"https:\/\/monperejeanmamy.fr\/index.php?rest_route=\/wp\/v2\/pages\/3087\/revisions\/3304"}],"wp:featuredmedia":[{"embeddable":true,"href":"https:\/\/monperejeanmamy.fr\/index.php?rest_route=\/wp\/v2\/media\/11"}],"wp:attachment":[{"href":"https:\/\/monperejeanmamy.fr\/index.php?rest_route=%2Fwp%2Fv2%2Fmedia&parent=3087"}],"wp:term":[{"taxonomy":"folder","embeddable":true,"href":"https:\/\/monperejeanmamy.fr\/index.php?rest_route=%2Fwp%2Fv2%2Ffolder&post=3087"}],"curies":[{"name":"wp","href":"https:\/\/api.w.org\/{rel}","templated":true}]}}