{"id":3097,"date":"2021-06-02T09:27:53","date_gmt":"2021-06-02T07:27:53","guid":{"rendered":"http:\/\/monperejeanmamy.fr\/?page_id=3097"},"modified":"2021-06-02T09:32:05","modified_gmt":"2021-06-02T07:32:05","slug":"jr-a-jm-49-02-08","status":"publish","type":"page","link":"https:\/\/monperejeanmamy.fr\/?page_id=3097","title":{"rendered":"JR \u00e0 JM (49\/02\/08)"},"content":{"rendered":"<p><strong>\u00a0<\/strong><a href=\"http:\/\/monperejeanmamy.fr\/?page_id=3094\"><img loading=\"lazy\" class=\"wp-image-1352 alignleft\" src=\"http:\/\/monperejeanmamy.fr\/wp-content\/uploads\/2021\/03\/Lettre-precedente.jpg\" alt=\"\" width=\"143\" height=\"78\" \/><\/a><a href=\"http:\/\/monperejeanmamy.fr\/?page_id=3101\"><img loading=\"lazy\" class=\"alignright wp-image-1353\" src=\"http:\/\/monperejeanmamy.fr\/wp-content\/uploads\/2021\/03\/Lettre-suivante.jpg\" alt=\"\" width=\"139\" height=\"76\" \/><\/a><\/p>\n<p style=\"text-align: center;\"><strong>Mardi 8 F\u00e9vrier 1949<br \/>\n<\/strong><\/p>\n<p style=\"text-align: center;\">Mon ch\u00e9ri,<\/p>\n<p style=\"text-align: justify;\">Toute la journ\u00e9e, je me suis efforc\u00e9e de sourire, parce que ta lettre de ce matin me disait : \u00ab\u00a0<em>que le sourire rend la mer plus bleue,.. enl\u00e8ve les cha\u00eenes des hommes \u2014gu\u00e9rit les c\u0153urs bless\u00e9s&#8230; calme l&rsquo;attente&#8230;r\u00e9conforte l&rsquo;espoir&#8230;<\/em>\u00a0\u00bb. Tout \u00e7a, c&rsquo;est tr\u00e8s joli, mais \u00e7a ne m&rsquo;a pas emp\u00each\u00e9 de voir ce soir sur le journal que \u00ab\u00a0<em>deux espions, d\u00e9j\u00e0 condamn\u00e9s \u00e0 mort en France, \u00e9taient jug\u00e9s en Suisse&#8230; etc&#8230; etc&#8230;<\/em>\u00a0\u00bb\u00a0\u00bb.<\/p>\n<p style=\"text-align: justify;\">Ce n&rsquo;est pas que je craigne le verdict des juges helv\u00e9tiques. Je sais bien qu&rsquo;on ne te fusillera pas deux fois. Mais tout de m\u00eame, j&rsquo;aurais pr\u00e9f\u00e9r\u00e9 obtenir d&rsquo;abord ta gr\u00e2ce. Tu finiras par me d\u00e9courager avec ce dossier \u00e0 surprises ! Mais peut-\u00eatre ne s&rsquo;agit-il l\u00e0 que d&rsquo;une toute petite chose sans gravit\u00e9, ne pouvant en rien influencer la d\u00e9cision que nous attendons\u00a0? Je le souhaite, et je l&rsquo;esp\u00e8re, et je le crois. Je vais me renseigner l\u00e0-dessus. Je vais aussi en parler \u00e0 Leroy. Je crois, au fond, qu&rsquo;il n&rsquo;y a pas du tout \u00e0 s&rsquo;alarmer de cet incident (d&rsquo;ailleurs pr\u00e9vu. Nous en avions d\u00e9j\u00e0 parl\u00e9. Et c&rsquo;est tout \u00e0 fait ind\u00e9pendant du proc\u00e8s fran\u00e7ais).<\/p>\n<p style=\"text-align: justify;\">Donc, rien ne s&rsquo;oppose \u00e0 ce que nous continuions \u00e0 sourire.<\/p>\n<p style=\"text-align: justify;\">\u00ab\u00a0<em>Le sourire traverse les murs&#8230; atteint les cheveux sur l&rsquo;oreiller&#8230; sait baiser les yeux doucement&#8230;<\/em>\u00a0\u00bb.<\/p>\n<p style=\"text-align: justify;\">Vite que les nuages fondent. J&rsquo;ai h\u00e2te de revoir le beau temps. Je t&#8217;embrasse fort. Mon ch\u00e9ri.<\/p>\n<p style=\"text-align: justify;\">JR<\/p>\n","protected":false},"excerpt":{"rendered":"<p>\u00a0 Mardi 8 F\u00e9vrier 1949 Mon ch\u00e9ri, Toute la journ\u00e9e, je me suis efforc\u00e9e de sourire, parce que ta lettre de ce matin me disait : \u00ab\u00a0que le sourire rend la mer plus bleue,.. enl\u00e8ve les cha\u00eenes des hommes \u2014gu\u00e9rit &hellip; <a href=\"https:\/\/monperejeanmamy.fr\/?page_id=3097\">Continuer la lecture <span class=\"meta-nav\">&rarr;<\/span><\/a><\/p>\n","protected":false},"author":2,"featured_media":11,"parent":0,"menu_order":0,"comment_status":"closed","ping_status":"closed","template":"","meta":[],"folder":[],"_links":{"self":[{"href":"https:\/\/monperejeanmamy.fr\/index.php?rest_route=\/wp\/v2\/pages\/3097"}],"collection":[{"href":"https:\/\/monperejeanmamy.fr\/index.php?rest_route=\/wp\/v2\/pages"}],"about":[{"href":"https:\/\/monperejeanmamy.fr\/index.php?rest_route=\/wp\/v2\/types\/page"}],"author":[{"embeddable":true,"href":"https:\/\/monperejeanmamy.fr\/index.php?rest_route=\/wp\/v2\/users\/2"}],"replies":[{"embeddable":true,"href":"https:\/\/monperejeanmamy.fr\/index.php?rest_route=%2Fwp%2Fv2%2Fcomments&post=3097"}],"version-history":[{"count":2,"href":"https:\/\/monperejeanmamy.fr\/index.php?rest_route=\/wp\/v2\/pages\/3097\/revisions"}],"predecessor-version":[{"id":3103,"href":"https:\/\/monperejeanmamy.fr\/index.php?rest_route=\/wp\/v2\/pages\/3097\/revisions\/3103"}],"wp:featuredmedia":[{"embeddable":true,"href":"https:\/\/monperejeanmamy.fr\/index.php?rest_route=\/wp\/v2\/media\/11"}],"wp:attachment":[{"href":"https:\/\/monperejeanmamy.fr\/index.php?rest_route=%2Fwp%2Fv2%2Fmedia&parent=3097"}],"wp:term":[{"taxonomy":"folder","embeddable":true,"href":"https:\/\/monperejeanmamy.fr\/index.php?rest_route=%2Fwp%2Fv2%2Ffolder&post=3097"}],"curies":[{"name":"wp","href":"https:\/\/api.w.org\/{rel}","templated":true}]}}