{"id":3115,"date":"2021-06-02T10:23:10","date_gmt":"2021-06-02T08:23:10","guid":{"rendered":"http:\/\/monperejeanmamy.fr\/?page_id=3115"},"modified":"2024-01-27T11:55:12","modified_gmt":"2024-01-27T10:55:12","slug":"jr-a-jm-49-02-25","status":"publish","type":"page","link":"https:\/\/monperejeanmamy.fr\/?page_id=3115","title":{"rendered":"JR \u00e0 JM (49\/02\/25)"},"content":{"rendered":"<p><strong>\u00a0<\/strong><a href=\"http:\/\/monperejeanmamy.fr\/?page_id=3112\"><img loading=\"lazy\" class=\"wp-image-1352 alignleft\" src=\"http:\/\/monperejeanmamy.fr\/wp-content\/uploads\/2021\/03\/Lettre-precedente.jpg\" alt=\"\" width=\"143\" height=\"78\" \/><\/a><a href=\"http:\/\/monperejeanmamy.fr\/?page_id=3118\"><img loading=\"lazy\" class=\"alignright wp-image-1353\" src=\"http:\/\/monperejeanmamy.fr\/wp-content\/uploads\/2021\/03\/Lettre-suivante.jpg\" alt=\"\" width=\"139\" height=\"76\" \/><\/a><\/p>\n<p style=\"text-align: center;\"><strong>Vendredi 25 F\u00e9vrier 1949<br \/>\n<\/strong><\/p>\n<p style=\"text-align: center;\">Mon ch\u00e9ri,<\/p>\n<p style=\"text-align: justify;\">J&rsquo;ai re\u00e7u tout \u00e0 l&rsquo;heure un coup de t\u00e9l\u00e9phone de cet excellent petit homme qui, avant de partir, a voulu me donner de tes bonnes nouvelles. Il s&#8217;embarque demain matin, et me dit vous avoir fait hier une longue visite. J&rsquo;imagine qu&rsquo;il doit laisser de grands regrets parmi vous tous. Il est d&rsquo;une bont\u00e9 et d&rsquo;une bonne humeur r\u00e9confortante. Moi-m\u00eame, depuis son coup de t\u00e9l\u00e9phone d&rsquo;adieu, j&rsquo;ai l&rsquo;impression de me trouver un peu plus abandonn\u00e9e encore.<\/p>\n<p style=\"text-align: justify;\">Je m&rsquo;ennuie. Non pas que les nouvelles soient plus mauvaises. Au contraire. Je sais qu&rsquo;on veille sur toi comme il convient. J&rsquo;ai m\u00eame si confiance dans le r\u00e9sultat final que je souhaiterais \u2014si je ne savais que ton d\u00e9sir est diff\u00e9rent\u2014 que la d\u00e9cision soit tout de suite prise.<\/p>\n<p style=\"text-align: justify;\">Je n&rsquo;ai pas peur du tout. Mais je m&rsquo;ennuie quand m\u00eame. Et je voudrais surtout que tu n&rsquo;en paraisses pas surpris.<\/p>\n<p style=\"text-align: justify;\">Tu m&rsquo;as \u00e9crit une tr\u00e8s jolie lettre cette semaine. Mais \u00e7a ne me console pas. Et je suis triste parce que mes cheveux vont blanchir trop vite. Et tu tardes trop \u00e0 rentrer. Tu n&rsquo;as rien d\u00fb comprendre \u00e0 ma derni\u00e8re lettre. Je t&rsquo;accusais \u00e0 tort. Je n&rsquo;ai su que tout \u00e0 l&rsquo;heure qu&rsquo;il y avait eu un retard de 7 jours.<\/p>\n<p style=\"text-align: justify;\">Quelles nouvelles pourrais-je te donner ? Je ne sais pas grand chose&#8230; qu&rsquo;on parle de supprimer, en juin, les Cours de Justice ?&#8230; Voil\u00e0 qui ne nous int\u00e9resse plus gu\u00e8re.<\/p>\n<p style=\"text-align: justify;\">J&rsquo;ai su que tu \u00e9tais actuellement chez le Garde des Sceaux. J&rsquo;en ai aussit\u00f4t inform\u00e9 Leroy, afin qu&rsquo;il fasse les d\u00e9marches n\u00e9cessaires. Je continuerai \u00e0 lui t\u00e9l\u00e9phoner de temps en temps. Mais, sois tranquille, il ne te perd pas de vue.<\/p>\n<p style=\"text-align: justify;\">Je viens de penser pour toi un tas de choses aimables. Mais&#8230;censur\u00e9es. Veux-tu bien les deviner. Et en ressentir tout le bonheur dont je voudrais t&rsquo;entourer.<\/p>\n<p style=\"text-align: justify;\">Gros baisers, Mon Ch\u00e9ri.<\/p>\n<p style=\"text-align: justify;\">JR<\/p>\n","protected":false},"excerpt":{"rendered":"<p>\u00a0 Vendredi 25 F\u00e9vrier 1949 Mon ch\u00e9ri, J&rsquo;ai re\u00e7u tout \u00e0 l&rsquo;heure un coup de t\u00e9l\u00e9phone de cet excellent petit homme qui, avant de partir, a voulu me donner de tes bonnes nouvelles. Il s&#8217;embarque demain matin, et me dit &hellip; <a href=\"https:\/\/monperejeanmamy.fr\/?page_id=3115\">Continuer la lecture <span class=\"meta-nav\">&rarr;<\/span><\/a><\/p>\n","protected":false},"author":2,"featured_media":11,"parent":0,"menu_order":0,"comment_status":"closed","ping_status":"closed","template":"","meta":[],"folder":[],"_links":{"self":[{"href":"https:\/\/monperejeanmamy.fr\/index.php?rest_route=\/wp\/v2\/pages\/3115"}],"collection":[{"href":"https:\/\/monperejeanmamy.fr\/index.php?rest_route=\/wp\/v2\/pages"}],"about":[{"href":"https:\/\/monperejeanmamy.fr\/index.php?rest_route=\/wp\/v2\/types\/page"}],"author":[{"embeddable":true,"href":"https:\/\/monperejeanmamy.fr\/index.php?rest_route=\/wp\/v2\/users\/2"}],"replies":[{"embeddable":true,"href":"https:\/\/monperejeanmamy.fr\/index.php?rest_route=%2Fwp%2Fv2%2Fcomments&post=3115"}],"version-history":[{"count":4,"href":"https:\/\/monperejeanmamy.fr\/index.php?rest_route=\/wp\/v2\/pages\/3115\/revisions"}],"predecessor-version":[{"id":3309,"href":"https:\/\/monperejeanmamy.fr\/index.php?rest_route=\/wp\/v2\/pages\/3115\/revisions\/3309"}],"wp:featuredmedia":[{"embeddable":true,"href":"https:\/\/monperejeanmamy.fr\/index.php?rest_route=\/wp\/v2\/media\/11"}],"wp:attachment":[{"href":"https:\/\/monperejeanmamy.fr\/index.php?rest_route=%2Fwp%2Fv2%2Fmedia&parent=3115"}],"wp:term":[{"taxonomy":"folder","embeddable":true,"href":"https:\/\/monperejeanmamy.fr\/index.php?rest_route=%2Fwp%2Fv2%2Ffolder&post=3115"}],"curies":[{"name":"wp","href":"https:\/\/api.w.org\/{rel}","templated":true}]}}