{"id":3148,"date":"2021-06-02T17:37:19","date_gmt":"2021-06-02T15:37:19","guid":{"rendered":"http:\/\/monperejeanmamy.fr\/?page_id=3148"},"modified":"2024-01-27T15:25:57","modified_gmt":"2024-01-27T14:25:57","slug":"jr-a-jm-49-03-20-lettre-n1","status":"publish","type":"page","link":"https:\/\/monperejeanmamy.fr\/?page_id=3148","title":{"rendered":"JR \u00e0 JM (49\/03\/20)"},"content":{"rendered":"<p><a href=\"http:\/\/monperejeanmamy.fr\/?page_id=3145\"><img loading=\"lazy\" class=\"wp-image-1352 alignleft\" src=\"http:\/\/monperejeanmamy.fr\/wp-content\/uploads\/2021\/03\/Lettre-precedente.jpg\" alt=\"\" width=\"143\" height=\"78\" \/><\/a><a href=\"http:\/\/monperejeanmamy.fr\/?page_id=3151\"><img loading=\"lazy\" class=\"alignright wp-image-1353\" src=\"http:\/\/monperejeanmamy.fr\/wp-content\/uploads\/2021\/03\/Lettre-suivante.jpg\" alt=\"\" width=\"139\" height=\"76\" \/><\/a><\/p>\n<p>&nbsp;<\/p>\n<p style=\"text-align: center;\"><strong>Dimanche 20 Mars 1949<br \/>\n<\/strong><\/p>\n<p style=\"text-align: center;\">Mon ch\u00e9ri,<\/p>\n<p style=\"text-align: justify;\">Depuis le mois de Novembre, j&rsquo;avais deux pr\u00e9occupations\u00a0:<\/p>\n<ol style=\"text-align: justify;\">\n<li>la menace qui pesait sur toi ;<\/li>\n<li>et la t\u00e9nacit\u00e9 de l&rsquo;animal qui d\u00e9vorait Fr\u00e9d\u00e9ric <a href=\"#_ftn1\" name=\"_ftnref1\">[1]<\/a> (je t&rsquo;accorde que la 1<sup>\u00e8re<\/sup> \u00e9tait plus s\u00e9rieuse \u2014encore que son issue me paraissait plus s\u00fbrement favorable).<\/li>\n<\/ol>\n<p style=\"text-align: justify;\">Nous avons, aujourd&rsquo;hui, eu raison de cette m\u00e9chante b\u00eate. Et je trouve que c&rsquo;est de bon augure. Voil\u00e0 une semaine qui commence bien ! Ta m\u00e8re, que j&rsquo;avais invit\u00e9e \u00e0 venir passer l&rsquo;apr\u00e8s-midi \u00e0 la maison, s&rsquo;en est r\u00e9jouie avec moi. Et nous nous promettons, pour dimanche prochain, une bien plus grande joie. Mais ce ne sera pas une surprise. Je n&rsquo;y crois pas, moi, \u00e0 une ex\u00e9cution.<\/p>\n<p style=\"text-align: justify;\">Autant je sentais, du 1<sup>er<\/sup> au dernier jour, la condamnation. Autant, je suis s\u00fbre de la gr\u00e2ce.<\/p>\n<p style=\"text-align: justify;\">Je sens ta t\u00eate tr\u00e8s solide sur tes \u00e9paules. Et tes \u00e9paules tr\u00e8s solides pour accueillir bient\u00f4t une petite frimousse toute ruisselante de larmes, mais de larmes de joie.<\/p>\n<p style=\"text-align: justify;\">Il te faudra peut-\u00eatre, entre-temps, aller, pendant quelques mois, casser des cailloux \u00e0 Biribi <a href=\"#_ftn2\" name=\"_ftnref2\">[2]<\/a> \u2014(c&rsquo;est une image. On essaiera de limiter le voyage \u00e0 Fontevraul t<a href=\"#_ftn3\" name=\"_ftnref3\">[3]<\/a>)\u2014 Mais j&rsquo;ai l&rsquo;impression que ton s\u00e9jour y sera bref.<\/p>\n<p style=\"text-align: justify;\">On va voir ce qu&rsquo;auront donn\u00e9 les \u00e9lections d&rsquo;aujourd&rsquo;hui : certainement pas une victoire communiste (quand ma lettre te parviendra tu auras sans doute d\u00e9j\u00e0 tous d\u00e9tails sur la question).<\/p>\n<p style=\"text-align: justify;\">Ainsi, tu r\u00e9clames qu&rsquo;on t&rsquo;\u00e9crive tous les jours !!! Je te trouve bien exigeant !<\/p>\n<p style=\"text-align: justify;\">Je veux bien faire cet effort pendant quelques jours, mais sit\u00f4t le nuage pass\u00e9, et le beau temps revenu, ne vas pas t&rsquo;y habituer. \u00c0 nouveau, je t&rsquo;\u00e9crirai des petits bouts de lettres de rien du tout, et pas plus d&rsquo;une par semaine. Mais je t&#8217;embrasserai chaque soir avant de m&rsquo;endormir.<\/p>\n<p style=\"text-align: justify;\">Gros baiser, Mon ch\u00e9ri.<\/p>\n<p style=\"text-align: justify;\">JR<\/p>\n<p style=\"text-align: justify;\"><a href=\"#_ftnref1\" name=\"_ftn1\">[1]<\/a> De m\u00e9moire, j\u2019avais attrap\u00e9 un \u00ab\u00a0ver solitaire\u00a0\u00bb (note de FGR)<br \/>\n<a href=\"#_ftnref2\" name=\"_ftn2\">[2]<\/a> Le terme \u00ab\u00a0Biribi\u00a0\u00bb d\u00e9signe, non un lieu r\u00e9el, mais l&rsquo;ensemble des bataillons disciplinaires stationn\u00e9s en Afrique du Nord et destin\u00e9s \u00e0 recevoir les militaires r\u00e9fractaires ou indisciplin\u00e9s jusqu&rsquo;au d\u00e9but du vingti\u00e8me si\u00e8cle. Dans ces v\u00e9ritables bagnes, les soldats effectuaient divers travaux de force soumis \u00e0 un r\u00e9gime tr\u00e8s dur.<br \/>\n<a href=\"#_ftnref3\" name=\"_ftn3\">[3]<\/a> Abbaye de Fontevrault (Maine &amp; Loire)\u00a0: transform\u00e9e en \u00e9tablissement de d\u00e9tention par Napol\u00e9on 1<sup>er<\/sup> (d\u00e9cret du 18 octobre 1804) ainsi que Clairvaux et le Mont Saint-Michel. La prison sera ferm\u00e9e le 1<sup>er<\/sup> juillet 1963. Con\u00e7ue pour recevoir 700 prisonniers, la centrale en a re\u00e7u jusqu&rsquo;\u00e0 1600 en 1942 et 1200 en 1943. Fontevrault fut consid\u00e9r\u00e9e comme la centrale p\u00e9nitentiaire la plus dure de France, avec celle de Clairvaux, comparable au bagne. On y comptait, en moyenne, deux d\u00e9c\u00e8s par semaine.<br \/>\nPour m\u00e9moire, j\u2019ai \u00e9t\u00e9, de 1951 \u00e0 1957, r\u00e9guli\u00e8rement en colonie de vacances au Ch\u00e2teau de Turquant (propri\u00e9t\u00e9 du Minist\u00e8re de la Justice situ\u00e9e \u00e0 quelques kilom\u00e8tres de Fontevrault) o\u00f9 nous \u00e9tions \u00ab servis \u00bb (cuisines, r\u00e9fectoires, ateliers\u2026) par des d\u00e9tenus \u00ab politiques \u00bb, en costume de bure, dont une partie rejoignait la centrale de Fontevrault tous les soirs pour y passer la nuit ; les autres, sans doute \u00ab plus sages \u00bb dormant dans des salles du ch\u00e2teau am\u00e9nag\u00e9es en cellules. Une fois, l\u2019un d\u2019eux s\u2019est \u00e9chapp\u00e9 par une des fen\u00eatres de mon dortoir et j\u2019ai assist\u00e9 \u00e0 sa recherche par les gendarmes et les chiens policiers.<br \/>\nSi mon p\u00e8re avait \u00e9t\u00e9 graci\u00e9, il est fort possible qu&rsquo;il ait \u00e9t\u00e9 alors un de ces d\u00e9tenus qui m&rsquo;aurait ainsi vu tous les jours pendant mes mois de vacances !!! (note de FGR)<\/p>\n","protected":false},"excerpt":{"rendered":"<p>&nbsp; Dimanche 20 Mars 1949 Mon ch\u00e9ri, Depuis le mois de Novembre, j&rsquo;avais deux pr\u00e9occupations\u00a0: la menace qui pesait sur toi ; et la t\u00e9nacit\u00e9 de l&rsquo;animal qui d\u00e9vorait Fr\u00e9d\u00e9ric [1] (je t&rsquo;accorde que la 1\u00e8re \u00e9tait plus s\u00e9rieuse \u2014encore &hellip; <a href=\"https:\/\/monperejeanmamy.fr\/?page_id=3148\">Continuer la lecture <span class=\"meta-nav\">&rarr;<\/span><\/a><\/p>\n","protected":false},"author":2,"featured_media":0,"parent":0,"menu_order":0,"comment_status":"closed","ping_status":"closed","template":"","meta":[],"folder":[],"_links":{"self":[{"href":"https:\/\/monperejeanmamy.fr\/index.php?rest_route=\/wp\/v2\/pages\/3148"}],"collection":[{"href":"https:\/\/monperejeanmamy.fr\/index.php?rest_route=\/wp\/v2\/pages"}],"about":[{"href":"https:\/\/monperejeanmamy.fr\/index.php?rest_route=\/wp\/v2\/types\/page"}],"author":[{"embeddable":true,"href":"https:\/\/monperejeanmamy.fr\/index.php?rest_route=\/wp\/v2\/users\/2"}],"replies":[{"embeddable":true,"href":"https:\/\/monperejeanmamy.fr\/index.php?rest_route=%2Fwp%2Fv2%2Fcomments&post=3148"}],"version-history":[{"count":8,"href":"https:\/\/monperejeanmamy.fr\/index.php?rest_route=\/wp\/v2\/pages\/3148\/revisions"}],"predecessor-version":[{"id":3318,"href":"https:\/\/monperejeanmamy.fr\/index.php?rest_route=\/wp\/v2\/pages\/3148\/revisions\/3318"}],"wp:attachment":[{"href":"https:\/\/monperejeanmamy.fr\/index.php?rest_route=%2Fwp%2Fv2%2Fmedia&parent=3148"}],"wp:term":[{"taxonomy":"folder","embeddable":true,"href":"https:\/\/monperejeanmamy.fr\/index.php?rest_route=%2Fwp%2Fv2%2Ffolder&post=3148"}],"curies":[{"name":"wp","href":"https:\/\/api.w.org\/{rel}","templated":true}]}}