{"id":3151,"date":"2021-06-02T17:46:31","date_gmt":"2021-06-02T15:46:31","guid":{"rendered":"http:\/\/monperejeanmamy.fr\/?page_id=3151"},"modified":"2021-06-02T17:55:22","modified_gmt":"2021-06-02T15:55:22","slug":"jr-a-jm-49-03-20-lettre-de-frederic-a-son-papa","status":"publish","type":"page","link":"https:\/\/monperejeanmamy.fr\/?page_id=3151","title":{"rendered":"JR \u00e0 JM (49\/03\/20) Lettre de Fr\u00e9d\u00e9ric \u00e0 son papa"},"content":{"rendered":"<p><a href=\"http:\/\/monperejeanmamy.fr\/?page_id=3148\"><img loading=\"lazy\" class=\"wp-image-1352 alignleft\" src=\"http:\/\/monperejeanmamy.fr\/wp-content\/uploads\/2021\/03\/Lettre-precedente.jpg\" alt=\"\" width=\"143\" height=\"78\" \/><\/a><a href=\"http:\/\/monperejeanmamy.fr\/?page_id=3154\"><img loading=\"lazy\" class=\"alignright wp-image-1353\" src=\"http:\/\/monperejeanmamy.fr\/wp-content\/uploads\/2021\/03\/Lettre-suivante.jpg\" alt=\"\" width=\"139\" height=\"76\" \/><\/a><\/p>\n<p style=\"text-align: center;\"><strong>Dimanche 20 Mars 1949<br \/>\n<\/strong>C\u2019est le printemps<br \/>\nPapa ch\u00e9ri,<\/p>\n<p style=\"text-align: justify;\">Je t\u2019envoie un gros baiser et puis quand ce s\u2019ra tes \u00e9trennes on t\u2019enverra une belle rose avec une petite s\u0153ur.<br \/>\nJe te remercie de m\u2019avoir envoy\u00e9 un si joli chien et je te fais un deuxi\u00e8me bibi.<br \/>\nJe t\u2019attends bient\u00f4t pour jouer avec toi, et puis, quand tu viendras tu nous \u00e9criras.<br \/>\nJ\u2019ai un trop joli tablier. Je vais aller \u00e0 l\u2019\u00e9cole apr\u00e8s les vacances de P\u00e2ques.<br \/>\nEt je t\u2019envoie un troisi\u00e8me baiser et je suis sage.<br \/>\nEt puis apr\u00e8s, point, signature en bas.<\/p>\n<p style=\"text-align: justify;\">Fr\u00e9d\u00e9ric<\/p>\n<p style=\"text-align: justify;\">NB\u00a0: Le texte est du signataire. La main a seulement \u00e9t\u00e9 tenue. Le \u00ab\u00a0joli chien\u00a0\u00bb dont il est parl\u00e9 ci-dessus est un chien en peluche que Mita lui a donn\u00e9 de ta part \u00e0 ses 1<sup>\u00e8res<\/sup> \u00e9trennes. Il tr\u00f4ne toujours s\/ la chemin\u00e9e de la chambre.<\/p>\n","protected":false},"excerpt":{"rendered":"<p>Dimanche 20 Mars 1949 C\u2019est le printemps Papa ch\u00e9ri, Je t\u2019envoie un gros baiser et puis quand ce s\u2019ra tes \u00e9trennes on t\u2019enverra une belle rose avec une petite s\u0153ur. Je te remercie de m\u2019avoir envoy\u00e9 un si joli chien &hellip; <a href=\"https:\/\/monperejeanmamy.fr\/?page_id=3151\">Continuer la lecture <span class=\"meta-nav\">&rarr;<\/span><\/a><\/p>\n","protected":false},"author":2,"featured_media":11,"parent":0,"menu_order":0,"comment_status":"closed","ping_status":"closed","template":"","meta":[],"folder":[],"_links":{"self":[{"href":"https:\/\/monperejeanmamy.fr\/index.php?rest_route=\/wp\/v2\/pages\/3151"}],"collection":[{"href":"https:\/\/monperejeanmamy.fr\/index.php?rest_route=\/wp\/v2\/pages"}],"about":[{"href":"https:\/\/monperejeanmamy.fr\/index.php?rest_route=\/wp\/v2\/types\/page"}],"author":[{"embeddable":true,"href":"https:\/\/monperejeanmamy.fr\/index.php?rest_route=\/wp\/v2\/users\/2"}],"replies":[{"embeddable":true,"href":"https:\/\/monperejeanmamy.fr\/index.php?rest_route=%2Fwp%2Fv2%2Fcomments&post=3151"}],"version-history":[{"count":2,"href":"https:\/\/monperejeanmamy.fr\/index.php?rest_route=\/wp\/v2\/pages\/3151\/revisions"}],"predecessor-version":[{"id":3158,"href":"https:\/\/monperejeanmamy.fr\/index.php?rest_route=\/wp\/v2\/pages\/3151\/revisions\/3158"}],"wp:featuredmedia":[{"embeddable":true,"href":"https:\/\/monperejeanmamy.fr\/index.php?rest_route=\/wp\/v2\/media\/11"}],"wp:attachment":[{"href":"https:\/\/monperejeanmamy.fr\/index.php?rest_route=%2Fwp%2Fv2%2Fmedia&parent=3151"}],"wp:term":[{"taxonomy":"folder","embeddable":true,"href":"https:\/\/monperejeanmamy.fr\/index.php?rest_route=%2Fwp%2Fv2%2Ffolder&post=3151"}],"curies":[{"name":"wp","href":"https:\/\/api.w.org\/{rel}","templated":true}]}}